216.244.66.238 - - [29/Jan/2020:13:09:31 +0100] "GET /home-9/?action=yith-woocompare-add-product&id=193 HTTP/1.1" 200 49 "-" "Mozilla/5.0 (compatible; DotBot/1.1; http://www.opensiteexplorer.org/dotbot, help@moz.com)"
216.244.66.238 - - [29/Jan/2020:14:23:46 +0100] "GET /product-tag/jewelry/7uptheme.com HTTP/1.1" 200 49 "-" "Mozilla/5.0 (compatible; DotBot/1.1; http://www.opensiteexplorer.org/dotbot, help@moz.com)"
216.244.66.238 - - [29/Jan/2020:14:47:31 +0100] "GET /product/lipzor-light/7uptheme.com HTTP/1.1" 200 49 "-" "Mozilla/5.0 (compatible; DotBot/1.1; http://www.opensiteexplorer.org/dotbot, help@moz.com)"
157.55.39.51 - - [29/Jan/2020:14:57:01 +0100] "GET /robots.txt HTTP/1.1" 200 49 "-" "Mozilla/5.0 (compatible; bingbot/2.0; +http://www.bing.com/bingbot.htm)"
216.244.66.238 - - [29/Jan/2020:15:28:56 +0100] "GET /product-tag/fashion/?add-to-cart=107 HTTP/1.1" 200 49 "-" "Mozilla/5.0 (compatible; DotBot/1.1; http://www.opensiteexplorer.org/dotbot, help@moz.com)"
31.13.115.19 - - [29/Jan/2020:15:40:57 +0100] "GET /contact HTTP/1.1" 206 49 "-" "facebookexternalhit/1.1 (+http://www.facebook.com/externalhit_uatext.php)"
31.13.115.15 - - [29/Jan/2020:15:40:57 +0100] "GET /about HTTP/1.1" 206 49 "-" "facebookexternalhit/1.1 (+http://www.facebook.com/externalhit_uatext.php)"
216.244.66.238 - - [29/Jan/2020:16:47:03 +0100] "GET /product-tag/food/?type=grid HTTP/1.1" 200 49 "-" "Mozilla/5.0 (compatible; DotBot/1.1; http://www.opensiteexplorer.org/dotbot, help@moz.com)"
216.244.66.238 - - [29/Jan/2020:16:54:53 +0100] "GET /product/raymond-weil/7uptheme.com HTTP/1.1" 200 49 "-" "Mozilla/5.0 (compatible; DotBot/1.1; http://www.opensiteexplorer.org/dotbot, help@moz.com)"
216.244.66.238 - - [29/Jan/2020:17:28:35 +0100] "GET /product-category/mobile/7uptheme.com HTTP/1.1" 200 49 "-" "Mozilla/5.0 (compatible; DotBot/1.1; http://www.opensiteexplorer.org/dotbot, help@moz.com)"
216.244.66.238 - - [29/Jan/2020:17:32:52 +0100] "GET /product-tag/food/?number=9 HTTP/1.1" 200 49 "-" "Mozilla/5.0 (compatible; DotBot/1.1; http://www.opensiteexplorer.org/dotbot, help@moz.com)"
216.244.66.238 - - [29/Jan/2020:17:32:54 +0100] "GET /product-tag/watch/?number=6 HTTP/1.1" 200 49 "-" "Mozilla/5.0 (compatible; DotBot/1.1; http://www.opensiteexplorer.org/dotbot, help@moz.com)"
216.244.66.238 - - [29/Jan/2020:18:21:59 +0100] "GET /product-tag/watch/?pa_color=yellow HTTP/1.1" 200 49 "-" "Mozilla/5.0 (compatible; DotBot/1.1; http://www.opensiteexplorer.org/dotbot, help@moz.com)"
216.244.66.238 - - [29/Jan/2020:18:37:44 +0100] "GET /product-category/fashion/feed/ HTTP/1.1" 200 49 "-" "Mozilla/5.0 (compatible; DotBot/1.1; http://www.opensiteexplorer.org/dotbot, help@moz.com)"
216.244.66.238 - - [29/Jan/2020:18:55:08 +0100] "GET /product-tag/fashion/?number=6 HTTP/1.1" 200 49 "-" "Mozilla/5.0 (compatible; DotBot/1.1; http://www.opensiteexplorer.org/dotbot, help@moz.com)"
216.244.66.238 - - [29/Jan/2020:18:55:11 +0100] "GET /product-tag/men/?number=6 HTTP/1.1" 200 49 "-" "Mozilla/5.0 (compatible; DotBot/1.1; http://www.opensiteexplorer.org/dotbot, help@moz.com)"
216.244.66.238 - - [29/Jan/2020:18:55:51 +0100] "GET /product-tag/men/?number=12 HTTP/1.1" 200 49 "-" "Mozilla/5.0 (compatible; DotBot/1.1; http://www.opensiteexplorer.org/dotbot, help@moz.com)"
216.244.66.238 - - [29/Jan/2020:18:58:45 +0100] "GET /product-tag/watch/?pa_color=cyan HTTP/1.1" 200 49 "-" "Mozilla/5.0 (compatible; DotBot/1.1; http://www.opensiteexplorer.org/dotbot, help@moz.com)"
144.168.162.250 - - [29/Jan/2020:19:56:05 +0100] "GET / HTTP/1.1" 200 49 "-" "Mozilla/5.0 (Windows NT 6.1; WOW64) AppleWebKit/537.36 (KHTML, like Gecko) Chrome/34.0.1847.131 Safari/537.36"
115.29.227.230 - - [29/Jan/2020:20:04:35 +0100] "GET /statics/js/admin_common.js HTTP/1.1" 200 49 "-" "Mozilla/5.0 (Windows NT 10.0; WOW64; rv:48.0) Gecko/20100101 Firefox/48.0"
216.244.66.238 - - [29/Jan/2020:20:24:14 +0100] "GET /product-tag/jewelry/?pa_size=s HTTP/1.1" 200 49 "-" "Mozilla/5.0 (compatible; DotBot/1.1; http://www.opensiteexplorer.org/dotbot, help@moz.com)"
216.244.66.238 - - [29/Jan/2020:22:32:38 +0100] "GET /product-tag/watch/?type=grid HTTP/1.1" 200 49 "-" "Mozilla/5.0 (compatible; DotBot/1.1; http://www.opensiteexplorer.org/dotbot, help@moz.com)"
216.244.66.238 - - [29/Jan/2020:22:32:42 +0100] "GET /product-tag/fashion/?pa_size=m HTTP/1.1" 200 49 "-" "Mozilla/5.0 (compatible; DotBot/1.1; http://www.opensiteexplorer.org/dotbot, help@moz.com)"
216.244.66.238 - - [29/Jan/2020:22:36:20 +0100] "GET /product-tag/jewelry/?pa_color=green HTTP/1.1" 200 49 "-" "Mozilla/5.0 (compatible; DotBot/1.1; http://www.opensiteexplorer.org/dotbot, help@moz.com)"
216.244.66.238 - - [29/Jan/2020:23:13:02 +0100] "GET /product-tag/fashion/?type=grid HTTP/1.1" 200 49 "-" "Mozilla/5.0 (compatible; DotBot/1.1; http://www.opensiteexplorer.org/dotbot, help@moz.com)"
216.244.66.238 - - [29/Jan/2020:23:13:39 +0100] "GET /product-tag/watch/?pa_size=xl HTTP/1.1" 200 49 "-" "Mozilla/5.0 (compatible; DotBot/1.1; http://www.opensiteexplorer.org/dotbot, help@moz.com)"
216.244.66.238 - - [29/Jan/2020:23:14:52 +0100] "GET /product-tag/men/?pa_color=blue HTTP/1.1" 200 49 "-" "Mozilla/5.0 (compatible; DotBot/1.1; http://www.opensiteexplorer.org/dotbot, help@moz.com)"
216.244.66.238 - - [29/Jan/2020:23:18:45 +0100] "GET /product-tag/jewelry/?pa_color=yellow HTTP/1.1" 200 49 "-" "Mozilla/5.0 (compatible; DotBot/1.1; http://www.opensiteexplorer.org/dotbot, help@moz.com)"
216.244.66.238 - - [29/Jan/2020:23:55:44 +0100] "GET /product-tag/jewelry/?number=48 HTTP/1.1" 200 49 "-" "Mozilla/5.0 (compatible; DotBot/1.1; http://www.opensiteexplorer.org/dotbot, help@moz.com)"
216.244.66.238 - - [29/Jan/2020:23:56:10 +0100] "GET /product-tag/mobile/ HTTP/1.1" 200 49 "-" "Mozilla/5.0 (compatible; DotBot/1.1; http://www.opensiteexplorer.org/dotbot, help@moz.com)"
216.244.66.238 - - [29/Jan/2020:23:59:09 +0100] "GET /product-tag/jewelry/?add-to-cart=107 HTTP/1.1" 200 49 "-" "Mozilla/5.0 (compatible; DotBot/1.1; http://www.opensiteexplorer.org/dotbot, help@moz.com)"
157.55.39.51 - - [30/Jan/2020:00:15:12 +0100] "GET /robots.txt HTTP/1.1" 200 49 "-" "Mozilla/5.0 (compatible; bingbot/2.0; +http://www.bing.com/bingbot.htm)"
157.55.39.211 - - [30/Jan/2020:00:29:42 +0100] "GET / HTTP/1.1" 200 49 "-" "Mozilla/5.0 (compatible; bingbot/2.0; +http://www.bing.com/bingbot.htm)"
216.244.66.238 - - [30/Jan/2020:00:37:16 +0100] "GET /product-category/electronics/7uptheme.com HTTP/1.1" 200 49 "-" "Mozilla/5.0 (compatible; DotBot/1.1; http://www.opensiteexplorer.org/dotbot, help@moz.com)"
216.244.66.238 - - [30/Jan/2020:00:44:06 +0100] "GET /product-tag/food/?add-to-cart=193 HTTP/1.1" 200 49 "-" "Mozilla/5.0 (compatible; DotBot/1.1; http://www.opensiteexplorer.org/dotbot, help@moz.com)"
157.55.39.44 - - [30/Jan/2020:00:50:58 +0100] "GET /robots.txt HTTP/1.1" 200 49 "-" "Mozilla/5.0 (compatible; bingbot/2.0; +http://www.bing.com/bingbot.htm)"
216.244.66.238 - - [30/Jan/2020:01:02:28 +0100] "GET /product-tag/men/7uptheme.com HTTP/1.1" 200 49 "-" "Mozilla/5.0 (compatible; DotBot/1.1; http://www.opensiteexplorer.org/dotbot, help@moz.com)"
216.244.66.238 - - [30/Jan/2020:01:21:02 +0100] "GET /product-tag/men/?number=18 HTTP/1.1" 200 49 "-" "Mozilla/5.0 (compatible; DotBot/1.1; http://www.opensiteexplorer.org/dotbot, help@moz.com)"
216.244.66.238 - - [30/Jan/2020:01:28:52 +0100] "GET /product-tag/watch/?add_to_wishlist=193 HTTP/1.1" 200 49 "-" "Mozilla/5.0 (compatible; DotBot/1.1; http://www.opensiteexplorer.org/dotbot, help@moz.com)"
216.244.66.238 - - [30/Jan/2020:01:28:53 +0100] "GET /product-tag/watch/?product_cat=jewelry HTTP/1.1" 200 49 "-" "Mozilla/5.0 (compatible; DotBot/1.1; http://www.opensiteexplorer.org/dotbot, help@moz.com)"
216.244.66.238 - - [30/Jan/2020:02:09:56 +0100] "GET /product-category/furniture/7uptheme.com HTTP/1.1" 200 49 "-" "Mozilla/5.0 (compatible; DotBot/1.1; http://www.opensiteexplorer.org/dotbot, help@moz.com)"
216.244.66.238 - - [30/Jan/2020:02:45:37 +0100] "GET /product-tag/jewelry/?number=9 HTTP/1.1" 200 49 "-" "Mozilla/5.0 (compatible; DotBot/1.1; http://www.opensiteexplorer.org/dotbot, help@moz.com)"
216.244.66.238 - - [30/Jan/2020:02:51:49 +0100] "GET /product-tag/men/?add-to-cart=105 HTTP/1.1" 200 49 "-" "Mozilla/5.0 (compatible; DotBot/1.1; http://www.opensiteexplorer.org/dotbot, help@moz.com)"
216.244.66.238 - - [30/Jan/2020:02:52:48 +0100] "GET /product-tag/jewelry/?product_cat=mobile HTTP/1.1" 200 49 "-" "Mozilla/5.0 (compatible; DotBot/1.1; http://www.opensiteexplorer.org/dotbot, help@moz.com)"
216.244.66.238 - - [30/Jan/2020:03:36:49 +0100] "GET /product-tag/fashion/?pa_color=red HTTP/1.1" 200 49 "-" "Mozilla/5.0 (compatible; DotBot/1.1; http://www.opensiteexplorer.org/dotbot, help@moz.com)"
216.244.66.238 - - [30/Jan/2020:03:36:51 +0100] "GET /product-tag/fashion/?add-to-cart=105 HTTP/1.1" 200 49 "-" "Mozilla/5.0 (compatible; DotBot/1.1; http://www.opensiteexplorer.org/dotbot, help@moz.com)"
216.244.66.238 - - [30/Jan/2020:05:46:23 +0100] "GET /product-category/mobile/samsung/ HTTP/1.1" 200 49 "-" "Mozilla/5.0 (compatible; DotBot/1.1; http://www.opensiteexplorer.org/dotbot, help@moz.com)"
216.244.66.238 - - [30/Jan/2020:05:46:51 +0100] "GET /product-tag/jewelry/?number=12 HTTP/1.1" 200 49 "-" "Mozilla/5.0 (compatible; DotBot/1.1; http://www.opensiteexplorer.org/dotbot, help@moz.com)"
216.244.66.238 - - [30/Jan/2020:05:46:52 +0100] "GET /product-tag/jewelry/?pa_size=l HTTP/1.1" 200 49 "-" "Mozilla/5.0 (compatible; DotBot/1.1; http://www.opensiteexplorer.org/dotbot, help@moz.com)"
216.244.66.238 - - [30/Jan/2020:06:29:33 +0100] "GET /product-tag/watch/?type=list HTTP/1.1" 200 49 "-" "Mozilla/5.0 (compatible; DotBot/1.1; http://www.opensiteexplorer.org/dotbot, help@moz.com)"
101.21.149.240 - - [30/Jan/2020:06:44:58 +0100] "GET /index.php?s=index/%5Cthink%5Capp/invokefunction&function=call_user_func_array&vars%5B0%5D=phpinfo&vars%5B1%5D%5B%5D=1 HTTP/1.1" 200 49 "-" "Mozilla/5.0 (Windows NT 10.0; WOW64; rv:48.0) Gecko/20100101 Firefox/48.0"
216.244.66.238 - - [30/Jan/2020:07:16:26 +0100] "GET /product-tag/watch/?number=18 HTTP/1.1" 200 49 "-" "Mozilla/5.0 (compatible; DotBot/1.1; http://www.opensiteexplorer.org/dotbot, help@moz.com)"
115.29.227.230 - - [30/Jan/2020:07:30:02 +0100] "GET /statics/js/admin_common.js HTTP/1.1" 200 49 "-" "Mozilla/5.0 (Windows NT 10.0; WOW64; rv:48.0) Gecko/20100101 Firefox/48.0"
216.244.66.238 - - [30/Jan/2020:07:58:01 +0100] "GET /product-tag/food/?pa_size=xl HTTP/1.1" 200 49 "-" "Mozilla/5.0 (compatible; DotBot/1.1; http://www.opensiteexplorer.org/dotbot, help@moz.com)"
216.244.66.238 - - [30/Jan/2020:08:41:42 +0100] "GET /product-tag/fashion/?pa_size=s HTTP/1.1" 200 49 "-" "Mozilla/5.0 (compatible; DotBot/1.1; http://www.opensiteexplorer.org/dotbot, help@moz.com)"
216.244.66.238 - - [30/Jan/2020:08:42:58 +0100] "GET /product-tag/watch/?pa_color=red HTTP/1.1" 200 49 "-" "Mozilla/5.0 (compatible; DotBot/1.1; http://www.opensiteexplorer.org/dotbot, help@moz.com)"
216.244.66.238 - - [30/Jan/2020:09:25:12 +0100] "GET /product-tag/food/?number=12 HTTP/1.1" 200 49 "-" "Mozilla/5.0 (compatible; DotBot/1.1; http://www.opensiteexplorer.org/dotbot, help@moz.com)"
216.244.66.238 - - [30/Jan/2020:09:26:28 +0100] "GET /product-tag/jewelry/?pa_size=xl HTTP/1.1" 200 49 "-" "Mozilla/5.0 (compatible; DotBot/1.1; http://www.opensiteexplorer.org/dotbot, help@moz.com)"
216.244.66.238 - - [30/Jan/2020:09:29:08 +0100] "GET /product-tag/jewelry/?add-to-cart=335 HTTP/1.1" 200 49 "-" "Mozilla/5.0 (compatible; DotBot/1.1; http://www.opensiteexplorer.org/dotbot, help@moz.com)"
103.131.71.20 - - [30/Jan/2020:09:53:49 +0100] "GET /robots.txt HTTP/1.1" 200 49 "-" "Mozilla/5.0 (compatible; coccocbot-image/1.0; +http://help.coccoc.com/searchengine)"
216.244.66.238 - - [30/Jan/2020:10:13:07 +0100] "GET /robots.txt HTTP/1.1" 200 49 "-" "Mozilla/5.0 (compatible; DotBot/1.1; http://www.opensiteexplorer.org/dotbot, help@moz.com)"
216.244.66.238 - - [30/Jan/2020:11:12:06 +0100] "GET /product-tag/watch/7uptheme.com HTTP/1.1" 200 49 "-" "Mozilla/5.0 (compatible; DotBot/1.1; http://www.opensiteexplorer.org/dotbot, help@moz.com)"
216.244.66.238 - - [30/Jan/2020:12:17:58 +0100] "GET /product-tag/food/?pa_size=m HTTP/1.1" 200 49 "-" "Mozilla/5.0 (compatible; DotBot/1.1; http://www.opensiteexplorer.org/dotbot, help@moz.com)"
216.244.66.238 - - [30/Jan/2020:13:45:46 +0100] "GET /product-tag/jewelry/?pa_color=red HTTP/1.1" 200 49 "-" "Mozilla/5.0 (compatible; DotBot/1.1; http://www.opensiteexplorer.org/dotbot, help@moz.com)"
181.15.219.155 - - [30/Jan/2020:13:50:56 +0100] "GET / HTTP/1.1" 200 49 "http://progressive-seo.com" "Mozilla/5.0 (Windows NT 10.0; Win64; x64) AppleWebKit/537.36 (KHTML, like Gecko) Chrome/74.0.3729.169 Safari/537.36"
216.244.66.238 - - [30/Jan/2020:14:28:01 +0100] "GET /product-tag/men/?pa_size=s HTTP/1.1" 200 49 "-" "Mozilla/5.0 (compatible; DotBot/1.1; http://www.opensiteexplorer.org/dotbot, help@moz.com)"
216.244.66.238 - - [30/Jan/2020:14:51:38 +0100] "GET /product-category/furniture/feed/ HTTP/1.1" 200 49 "-" "Mozilla/5.0 (compatible; DotBot/1.1; http://www.opensiteexplorer.org/dotbot, help@moz.com)"
64.225.17.86 - - [30/Jan/2020:14:59:52 +0100] "GET / HTTP/1.0" 200 49 "-" "Mozilla/5.0 (compatible; NetcraftSurveyAgent/1.0; +info@netcraft.com)"
216.244.66.238 - - [30/Jan/2020:16:58:49 +0100] "GET /product-tag/watch/feed/ HTTP/1.1" 200 49 "-" "Mozilla/5.0 (compatible; DotBot/1.1; http://www.opensiteexplorer.org/dotbot, help@moz.com)"
216.244.66.238 - - [30/Jan/2020:18:39:32 +0100] "GET /product-tag/fashion/?type=list HTTP/1.1" 200 49 "-" "Mozilla/5.0 (compatible; DotBot/1.1; http://www.opensiteexplorer.org/dotbot, help@moz.com)"
216.244.66.238 - - [30/Jan/2020:20:07:56 +0100] "GET /product-tag/jewelry/?type=list HTTP/1.1" 200 49 "-" "Mozilla/5.0 (compatible; DotBot/1.1; http://www.opensiteexplorer.org/dotbot, help@moz.com)"
216.244.66.238 - - [30/Jan/2020:20:49:43 +0100] "GET /product-tag/men/?number=9 HTTP/1.1" 200 49 "-" "Mozilla/5.0 (compatible; DotBot/1.1; http://www.opensiteexplorer.org/dotbot, help@moz.com)"
216.244.66.238 - - [30/Jan/2020:22:18:03 +0100] "GET /product-tag/men/?number=24 HTTP/1.1" 200 49 "-" "Mozilla/5.0 (compatible; DotBot/1.1; http://www.opensiteexplorer.org/dotbot, help@moz.com)"
103.131.71.25 - - [31/Jan/2020:01:27:04 +0100] "GET /robots.txt HTTP/1.1" 200 49 "-" "Mozilla/5.0 (compatible; coccocbot-image/1.0; +http://help.coccoc.com/searchengine)"
216.244.66.238 - - [31/Jan/2020:02:53:15 +0100] "GET /product-tag/mobile/?number=9 HTTP/1.1" 200 49 "-" "Mozilla/5.0 (compatible; DotBot/1.1; http://www.opensiteexplorer.org/dotbot, help@moz.com)"
216.244.66.238 - - [31/Jan/2020:04:12:30 +0100] "GET /product-tag/mobile/?pa_size=l HTTP/1.1" 200 49 "-" "Mozilla/5.0 (compatible; DotBot/1.1; http://www.opensiteexplorer.org/dotbot, help@moz.com)"
124.43.12.215 - - [31/Jan/2020:05:17:59 +0100] "GET / HTTP/1.1" 200 49 "http://progressive-seo.com" "Mozilla/5.0 (Windows NT 10.0; Win64; x64) AppleWebKit/537.36 (KHTML, like Gecko) Chrome/74.0.3729.169 Safari/537.36"
207.46.13.96 - - [31/Jan/2020:07:58:37 +0100] "GET / HTTP/1.1" 200 49 "-" "Mozilla/5.0 (compatible; bingbot/2.0; +http://www.bing.com/bingbot.htm)"
216.244.66.238 - - [31/Jan/2020:09:58:55 +0100] "GET /product-tag/mobile/?pa_color=yellow HTTP/1.1" 200 49 "-" "Mozilla/5.0 (compatible; DotBot/1.1; http://www.opensiteexplorer.org/dotbot, help@moz.com)"
216.244.66.238 - - [31/Jan/2020:10:38:48 +0100] "GET /product-tag/mobile/?type=grid HTTP/1.1" 200 49 "-" "Mozilla/5.0 (compatible; DotBot/1.1; http://www.opensiteexplorer.org/dotbot, help@moz.com)"
216.244.66.238 - - [31/Jan/2020:10:50:01 +0100] "GET /robots.txt HTTP/1.1" 200 49 "-" "Mozilla/5.0 (compatible; DotBot/1.1; http://www.opensiteexplorer.org/dotbot, help@moz.com)"
216.244.66.238 - - [31/Jan/2020:12:06:21 +0100] "GET /product-tag/mobile/?pa_color=green HTTP/1.1" 200 49 "-" "Mozilla/5.0 (compatible; DotBot/1.1; http://www.opensiteexplorer.org/dotbot, help@moz.com)"
216.244.66.238 - - [31/Jan/2020:12:07:54 +0100] "GET /shop-right-sidebar/page/4/ HTTP/1.1" 200 49 "-" "Mozilla/5.0 (compatible; DotBot/1.1; http://www.opensiteexplorer.org/dotbot, help@moz.com)"
216.244.66.238 - - [31/Jan/2020:12:52:45 +0100] "GET /product-tag/watch/?pa_color=blue HTTP/1.1" 200 49 "-" "Mozilla/5.0 (compatible; DotBot/1.1; http://www.opensiteexplorer.org/dotbot, help@moz.com)"
216.244.66.238 - - [31/Jan/2020:14:15:37 +0100] "GET /product-tag/mobile/?number=48 HTTP/1.1" 200 49 "-" "Mozilla/5.0 (compatible; DotBot/1.1; http://www.opensiteexplorer.org/dotbot, help@moz.com)"
216.244.66.238 - - [31/Jan/2020:17:06:55 +0100] "GET /product-tag/mobile/?pa_size=xl HTTP/1.1" 200 49 "-" "Mozilla/5.0 (compatible; DotBot/1.1; http://www.opensiteexplorer.org/dotbot, help@moz.com)"
207.46.13.97 - - [31/Jan/2020:17:32:07 +0100] "GET /robots.txt HTTP/1.1" 200 49 "-" "msnbot/2.0b (+http://search.msn.com/msnbot.htm)"
109.70.100.22 - - [31/Jan/2020:20:33:44 +0100] "GET / HTTP/1.1" 200 49 "http://canticle.best/" "Mozilla/5.0 (Windows NT 10.0; rv:68.0) Gecko/20100101 Firefox/68.0"
216.244.66.238 - - [31/Jan/2020:22:49:10 +0100] "GET /product-tag/mobile/?type=list HTTP/1.1" 200 49 "-" "Mozilla/5.0 (compatible; DotBot/1.1; http://www.opensiteexplorer.org/dotbot, help@moz.com)"
216.244.66.238 - - [31/Jan/2020:23:38:48 +0100] "GET /product-tag/watch/?add-to-cart=105 HTTP/1.1" 200 49 "-" "Mozilla/5.0 (compatible; DotBot/1.1; http://www.opensiteexplorer.org/dotbot, help@moz.com)"
207.46.13.97 - - [01/Feb/2020:00:15:08 +0100] "GET /robots.txt HTTP/1.1" 200 49 "-" "msnbot/2.0b (+http://search.msn.com/msnbot.htm)"
216.244.66.238 - - [01/Feb/2020:00:16:36 +0100] "GET /product-tag/mobile/?pa_size=s HTTP/1.1" 200 49 "-" "Mozilla/5.0 (compatible; DotBot/1.1; http://www.opensiteexplorer.org/dotbot, help@moz.com)"
216.244.66.238 - - [01/Feb/2020:00:21:31 +0100] "GET /product-tag/men/?pa_color=yellow HTTP/1.1" 200 49 "-" "Mozilla/5.0 (compatible; DotBot/1.1; http://www.opensiteexplorer.org/dotbot, help@moz.com)"
216.244.66.238 - - [01/Feb/2020:01:02:45 +0100] "GET /product-tag/mobile/?number=6 HTTP/1.1" 200 49 "-" "Mozilla/5.0 (compatible; DotBot/1.1; http://www.opensiteexplorer.org/dotbot, help@moz.com)"
216.244.66.238 - - [01/Feb/2020:02:34:02 +0100] "GET /shop/page/3/7uptheme.com HTTP/1.1" 200 49 "-" "Mozilla/5.0 (compatible; DotBot/1.1; http://www.opensiteexplorer.org/dotbot, help@moz.com)"
216.244.66.238 - - [01/Feb/2020:03:16:53 +0100] "GET /product-tag/fashion/feed/ HTTP/1.1" 200 49 "-" "Mozilla/5.0 (compatible; DotBot/1.1; http://www.opensiteexplorer.org/dotbot, help@moz.com)"
216.244.66.238 - - [01/Feb/2020:04:02:20 +0100] "GET /shop/page/4/7uptheme.com HTTP/1.1" 200 49 "-" "Mozilla/5.0 (compatible; DotBot/1.1; http://www.opensiteexplorer.org/dotbot, help@moz.com)"
157.55.39.44 - - [01/Feb/2020:05:06:33 +0100] "GET /robots.txt HTTP/1.1" 200 49 "-" "Mozilla/5.0 (compatible; bingbot/2.0; +http://www.bing.com/bingbot.htm)"
207.46.13.97 - - [01/Feb/2020:05:07:26 +0100] "GET /robots.txt HTTP/1.1" 200 49 "-" "msnbot/2.0b (+http://search.msn.com/msnbot.htm)"
209.17.97.58 - - [01/Feb/2020:06:28:02 +0100] "GET / HTTP/1.1" 200 49 "-" "Mozilla/5.0 (compatible; Nimbostratus-Bot/v1.3.2; http://cloudsystemnetworks.com)"
176.10.99.200 - - [01/Feb/2020:07:11:30 +0100] "GET /robots.txt HTTP/1.1" 200 49 "http://structuralist.best/" "Mozilla/5.0 (Windows NT 10.0; rv:68.0) Gecko/20100101 Firefox/68.0"
185.220.101.31 - - [01/Feb/2020:07:11:38 +0100] "GET /robots.txt HTTP/1.1" 200 49 "http://structuralist.best/" "Mozilla/5.0 (Windows NT 10.0; rv:68.0) Gecko/20100101 Firefox/68.0"
173.252.79.3 - - [01/Feb/2020:10:49:33 +0100] "GET /contact HTTP/1.1" 206 49 "-" "facebookexternalhit/1.1 (+http://www.facebook.com/externalhit_uatext.php)"
173.252.79.24 - - [01/Feb/2020:10:49:33 +0100] "GET /about HTTP/1.1" 206 49 "-" "facebookexternalhit/1.1 (+http://www.facebook.com/externalhit_uatext.php)"
216.244.66.238 - - [01/Feb/2020:11:26:36 +0100] "GET /robots.txt HTTP/1.1" 200 49 "-" "Mozilla/5.0 (compatible; DotBot/1.1; http://www.opensiteexplorer.org/dotbot, help@moz.com)"
216.244.66.238 - - [01/Feb/2020:11:42:54 +0100] "GET /product-tag/mobile/feed/ HTTP/1.1" 200 49 "-" "Mozilla/5.0 (compatible; DotBot/1.1; http://www.opensiteexplorer.org/dotbot, help@moz.com)"
50.87.248.20 - - [01/Feb/2020:12:28:47 +0100] "HEAD /wp-admin/ HTTP/1.1" 302 - "https://vshoped.com" "Mozilla/5.0 (Windows NT 10.0; Win64; x64) AppleWebKit/537.36 (KHTML, like Gecko) Chrome/70.0.3538.102 Safari/537.36"
176.31.116.194 - - [01/Feb/2020:12:28:47 +0100] "POST /wp-cron.php?doing_wp_cron=1580556527.7720770835876464843750 HTTP/1.1" 200 - "http://megastore.7uptheme.net/wp-cron.php?doing_wp_cron=1580556527.7720770835876464843750" "WordPress/5.1.4; https://megastore.7uptheme.net"
216.244.66.238 - - [01/Feb/2020:15:32:16 +0100] "GET /product-tag/mobile/?pa_color=red HTTP/1.1" 200 49 "-" "Mozilla/5.0 (compatible; DotBot/1.1; http://www.opensiteexplorer.org/dotbot, help@moz.com)"
103.81.92.240 - - [01/Feb/2020:16:21:03 +0100] "GET / HTTP/1.1" 200 49 "http://progressive-seo.com" "Mozilla/5.0 (Windows NT 10.0; Win64; x64) AppleWebKit/537.36 (KHTML, like Gecko) Chrome/74.0.3729.169 Safari/537.36"
216.244.66.238 - - [01/Feb/2020:17:01:31 +0100] "GET /product-tag/mobile/?action=yith-woocompare-add-product&id=105 HTTP/1.1" 200 49 "-" "Mozilla/5.0 (compatible; DotBot/1.1; http://www.opensiteexplorer.org/dotbot, help@moz.com)"
216.244.66.238 - - [01/Feb/2020:17:01:32 +0100] "GET /product/macbook-air/feed/ HTTP/1.1" 200 49 "-" "Mozilla/5.0 (compatible; DotBot/1.1; http://www.opensiteexplorer.org/dotbot, help@moz.com)"
93.61.141.84 - - [01/Feb/2020:17:11:15 +0100] "GET / HTTP/1.1" 200 49 "-" "Mozilla/5.0 (Windows NT 6.1; rv:60.0) Gecko/20100101 Firefox/60.0"
216.244.66.238 - - [01/Feb/2020:18:23:17 +0100] "GET /product-category/cosmetic/7uptheme.com HTTP/1.1" 200 49 "-" "Mozilla/5.0 (compatible; DotBot/1.1; http://www.opensiteexplorer.org/dotbot, help@moz.com)"
216.244.66.238 - - [01/Feb/2020:19:08:38 +0100] "GET /product-tag/mobile/?number=12 HTTP/1.1" 200 49 "-" "Mozilla/5.0 (compatible; DotBot/1.1; http://www.opensiteexplorer.org/dotbot, help@moz.com)"
216.244.66.238 - - [01/Feb/2020:19:08:40 +0100] "GET /product-tag/mobile/?number=24 HTTP/1.1" 200 49 "-" "Mozilla/5.0 (compatible; DotBot/1.1; http://www.opensiteexplorer.org/dotbot, help@moz.com)"
40.77.167.197 - - [01/Feb/2020:19:34:59 +0100] "GET /robots.txt HTTP/1.1" 200 49 "-" "msnbot/2.0b (+http://search.msn.com/msnbot.htm)"
216.244.66.238 - - [01/Feb/2020:19:55:59 +0100] "GET /product/lacoste-sport/feed/ HTTP/1.1" 200 49 "-" "Mozilla/5.0 (compatible; DotBot/1.1; http://www.opensiteexplorer.org/dotbot, help@moz.com)"
31.13.127.10 - - [01/Feb/2020:22:22:55 +0100] "GET /about HTTP/1.1" 206 49 "-" "facebookexternalhit/1.1 (+http://www.facebook.com/externalhit_uatext.php)"
31.13.127.14 - - [01/Feb/2020:22:22:55 +0100] "GET /contact HTTP/1.1" 206 49 "-" "facebookexternalhit/1.1 (+http://www.facebook.com/externalhit_uatext.php)"
60.171.164.47 - - [02/Feb/2020:00:26:12 +0100] "GET / HTTP/1.1" 200 49 "-" "Mozilla/5.0 (Windows NT 6.1; rv:60.0) Gecko/20100101 Firefox/60.0"
207.46.13.229 - - [02/Feb/2020:01:36:48 +0100] "GET / HTTP/1.1" 200 49 "-" "Mozilla/5.0 (compatible; bingbot/2.0; +http://www.bing.com/bingbot.htm)"
216.244.66.238 - - [02/Feb/2020:01:36:57 +0100] "GET /home-12/?action=yith-woocompare-add-product&id=194 HTTP/1.1" 200 49 "-" "Mozilla/5.0 (compatible; DotBot/1.1; http://www.opensiteexplorer.org/dotbot, help@moz.com)"
216.244.66.238 - - [02/Feb/2020:01:36:58 +0100] "GET /home-13/?action=yith-woocompare-add-product&id=198 HTTP/1.1" 200 49 "-" "Mozilla/5.0 (compatible; DotBot/1.1; http://www.opensiteexplorer.org/dotbot, help@moz.com)"
216.244.66.238 - - [02/Feb/2020:01:36:59 +0100] "GET /home-13/?action=yith-woocompare-add-product&id=336 HTTP/1.1" 200 49 "-" "Mozilla/5.0 (compatible; DotBot/1.1; http://www.opensiteexplorer.org/dotbot, help@moz.com)"
216.244.66.238 - - [02/Feb/2020:01:37:00 +0100] "GET /home-5/?action=yith-woocompare-add-product&id=332 HTTP/1.1" 200 49 "-" "Mozilla/5.0 (compatible; DotBot/1.1; http://www.opensiteexplorer.org/dotbot, help@moz.com)"
216.244.66.238 - - [02/Feb/2020:01:37:01 +0100] "GET /home-7/?action=yith-woocompare-add-product&id=333 HTTP/1.1" 200 49 "-" "Mozilla/5.0 (compatible; DotBot/1.1; http://www.opensiteexplorer.org/dotbot, help@moz.com)"
216.244.66.238 - - [02/Feb/2020:02:40:28 +0100] "GET /product/fantastic-necklace/feed/ HTTP/1.1" 200 49 "-" "Mozilla/5.0 (compatible; DotBot/1.1; http://www.opensiteexplorer.org/dotbot, help@moz.com)"
216.244.66.238 - - [02/Feb/2020:02:40:29 +0100] "GET /product/strap-bungee/7uptheme.com HTTP/1.1" 200 49 "-" "Mozilla/5.0 (compatible; DotBot/1.1; http://www.opensiteexplorer.org/dotbot, help@moz.com)"
216.244.66.238 - - [02/Feb/2020:02:44:59 +0100] "GET /product-tag/watch/?action=yith-woocompare-add-product&id=107 HTTP/1.1" 200 49 "-" "Mozilla/5.0 (compatible; DotBot/1.1; http://www.opensiteexplorer.org/dotbot, help@moz.com)"
216.244.66.238 - - [02/Feb/2020:02:52:28 +0100] "GET /home-17/?action=yith-woocompare-add-product&id=195 HTTP/1.1" 200 49 "-" "Mozilla/5.0 (compatible; DotBot/1.1; http://www.opensiteexplorer.org/dotbot, help@moz.com)"
216.244.66.238 - - [02/Feb/2020:02:52:29 +0100] "GET /home-8/?action=yith-woocompare-add-product&id=336 HTTP/1.1" 200 49 "-" "Mozilla/5.0 (compatible; DotBot/1.1; http://www.opensiteexplorer.org/dotbot, help@moz.com)"
216.244.66.238 - - [02/Feb/2020:02:52:30 +0100] "GET /product-tag/food/?product_cat=jewelry HTTP/1.1" 200 49 "-" "Mozilla/5.0 (compatible; DotBot/1.1; http://www.opensiteexplorer.org/dotbot, help@moz.com)"
216.244.66.238 - - [02/Feb/2020:03:27:21 +0100] "GET /product-tag/watch/?action=yith-woocompare-add-product&id=335 HTTP/1.1" 200 49 "-" "Mozilla/5.0 (compatible; DotBot/1.1; http://www.opensiteexplorer.org/dotbot, help@moz.com)"
216.244.66.238 - - [02/Feb/2020:03:34:42 +0100] "GET /home-10/?action=yith-woocompare-add-product&id=335 HTTP/1.1" 200 49 "-" "Mozilla/5.0 (compatible; DotBot/1.1; http://www.opensiteexplorer.org/dotbot, help@moz.com)"
216.244.66.238 - - [02/Feb/2020:03:34:43 +0100] "GET /home-13/?action=yith-woocompare-add-product&id=332 HTTP/1.1" 200 49 "-" "Mozilla/5.0 (compatible; DotBot/1.1; http://www.opensiteexplorer.org/dotbot, help@moz.com)"
216.244.66.238 - - [02/Feb/2020:03:34:45 +0100] "GET /home-16/?action=yith-woocompare-add-product&id=328 HTTP/1.1" 200 49 "-" "Mozilla/5.0 (compatible; DotBot/1.1; http://www.opensiteexplorer.org/dotbot, help@moz.com)"
216.244.66.238 - - [02/Feb/2020:03:34:45 +0100] "GET /home-15/?action=yith-woocompare-add-product&id=181 HTTP/1.1" 200 49 "-" "Mozilla/5.0 (compatible; DotBot/1.1; http://www.opensiteexplorer.org/dotbot, help@moz.com)"
216.244.66.238 - - [02/Feb/2020:03:34:47 +0100] "GET /home-2/?action=yith-woocompare-add-product&id=333 HTTP/1.1" 200 49 "-" "Mozilla/5.0 (compatible; DotBot/1.1; http://www.opensiteexplorer.org/dotbot, help@moz.com)"
216.244.66.238 - - [02/Feb/2020:03:34:48 +0100] "GET /home-4/?action=yith-woocompare-add-product&id=107 HTTP/1.1" 200 49 "-" "Mozilla/5.0 (compatible; DotBot/1.1; http://www.opensiteexplorer.org/dotbot, help@moz.com)"
216.244.66.238 - - [02/Feb/2020:03:34:49 +0100] "GET /home-6/?action=yith-woocompare-add-product&id=329 HTTP/1.1" 200 49 "-" "Mozilla/5.0 (compatible; DotBot/1.1; http://www.opensiteexplorer.org/dotbot, help@moz.com)"
216.244.66.238 - - [02/Feb/2020:03:34:50 +0100] "GET /product-category/fashion/men/7uptheme.com HTTP/1.1" 200 49 "-" "Mozilla/5.0 (compatible; DotBot/1.1; http://www.opensiteexplorer.org/dotbot, help@moz.com)"
216.244.66.238 - - [02/Feb/2020:04:11:23 +0100] "GET /product-tag/fashion/?action=yith-woocompare-add-product&id=335 HTTP/1.1" 200 49 "-" "Mozilla/5.0 (compatible; DotBot/1.1; http://www.opensiteexplorer.org/dotbot, help@moz.com)"
216.244.66.238 - - [02/Feb/2020:04:17:56 +0100] "GET /home-12/?action=yith-woocompare-add-product&id=333 HTTP/1.1" 200 49 "-" "Mozilla/5.0 (compatible; DotBot/1.1; http://www.opensiteexplorer.org/dotbot, help@moz.com)"
216.244.66.238 - - [02/Feb/2020:04:17:57 +0100] "GET /home-13/?action=yith-woocompare-add-product&id=108 HTTP/1.1" 200 49 "-" "Mozilla/5.0 (compatible; DotBot/1.1; http://www.opensiteexplorer.org/dotbot, help@moz.com)"
216.244.66.238 - - [02/Feb/2020:04:17:58 +0100] "GET /home-14/?action=yith-woocompare-add-product&id=184 HTTP/1.1" 200 49 "-" "Mozilla/5.0 (compatible; DotBot/1.1; http://www.opensiteexplorer.org/dotbot, help@moz.com)"
216.244.66.238 - - [02/Feb/2020:04:17:59 +0100] "GET /home-13/?action=yith-woocompare-add-product&id=328 HTTP/1.1" 200 49 "-" "Mozilla/5.0 (compatible; DotBot/1.1; http://www.opensiteexplorer.org/dotbot, help@moz.com)"
216.244.66.238 - - [02/Feb/2020:04:18:00 +0100] "GET /home-15/?action=yith-woocompare-add-product&id=335 HTTP/1.1" 200 49 "-" "Mozilla/5.0 (compatible; DotBot/1.1; http://www.opensiteexplorer.org/dotbot, help@moz.com)"
216.244.66.238 - - [02/Feb/2020:04:18:01 +0100] "GET /home-17/?action=yith-woocompare-add-product&id=198 HTTP/1.1" 200 49 "-" "Mozilla/5.0 (compatible; DotBot/1.1; http://www.opensiteexplorer.org/dotbot, help@moz.com)"
216.244.66.238 - - [02/Feb/2020:04:18:02 +0100] "GET /home-4/?action=yith-woocompare-add-product&id=200 HTTP/1.1" 200 49 "-" "Mozilla/5.0 (compatible; DotBot/1.1; http://www.opensiteexplorer.org/dotbot, help@moz.com)"
216.244.66.238 - - [02/Feb/2020:04:18:04 +0100] "GET /shop/?pa_color=cyan&product_cat=electronics HTTP/1.1" 200 49 "-" "Mozilla/5.0 (compatible; DotBot/1.1; http://www.opensiteexplorer.org/dotbot, help@moz.com)"
216.244.66.238 - - [02/Feb/2020:04:18:04 +0100] "GET /home-9/?action=yith-woocompare-add-product&id=181 HTTP/1.1" 200 49 "-" "Mozilla/5.0 (compatible; DotBot/1.1; http://www.opensiteexplorer.org/dotbot, help@moz.com)"
216.244.66.238 - - [02/Feb/2020:05:11:45 +0100] "GET /home-13/?action=yith-woocompare-add-product&id=181 HTTP/1.1" 200 49 "-" "Mozilla/5.0 (compatible; DotBot/1.1; http://www.opensiteexplorer.org/dotbot, help@moz.com)"
216.244.66.238 - - [02/Feb/2020:05:11:47 +0100] "GET /home-14/?action=yith-woocompare-add-product&id=108 HTTP/1.1" 200 49 "-" "Mozilla/5.0 (compatible; DotBot/1.1; http://www.opensiteexplorer.org/dotbot, help@moz.com)"
216.244.66.238 - - [02/Feb/2020:05:11:47 +0100] "GET /home-15/?action=yith-woocompare-add-product&id=334 HTTP/1.1" 200 49 "-" "Mozilla/5.0 (compatible; DotBot/1.1; http://www.opensiteexplorer.org/dotbot, help@moz.com)"
216.244.66.238 - - [02/Feb/2020:05:11:48 +0100] "GET /home-7/?action=yith-woocompare-add-product&id=194 HTTP/1.1" 200 49 "-" "Mozilla/5.0 (compatible; DotBot/1.1; http://www.opensiteexplorer.org/dotbot, help@moz.com)"
216.244.66.238 - - [02/Feb/2020:05:11:49 +0100] "GET /home-8/?action=yith-woocompare-add-product&id=193 HTTP/1.1" 200 49 "-" "Mozilla/5.0 (compatible; DotBot/1.1; http://www.opensiteexplorer.org/dotbot, help@moz.com)"
216.244.66.238 - - [02/Feb/2020:06:38:41 +0100] "GET /product-tag/mobile/?add-to-cart=335 HTTP/1.1" 200 49 "-" "Mozilla/5.0 (compatible; DotBot/1.1; http://www.opensiteexplorer.org/dotbot, help@moz.com)"
216.244.66.238 - - [02/Feb/2020:06:45:55 +0100] "GET /product-tag/food/?add_to_wishlist=107 HTTP/1.1" 200 49 "-" "Mozilla/5.0 (compatible; DotBot/1.1; http://www.opensiteexplorer.org/dotbot, help@moz.com)"
40.77.167.197 - - [02/Feb/2020:06:53:51 +0100] "GET /robots.txt HTTP/1.1" 200 49 "-" "msnbot/2.0b (+http://search.msn.com/msnbot.htm)"
216.244.66.238 - - [02/Feb/2020:07:01:35 +0100] "GET /product-category/jewelry/?add-to-cart=106&pa_color=yellow HTTP/1.1" 200 49 "-" "Mozilla/5.0 (compatible; DotBot/1.1; http://www.opensiteexplorer.org/dotbot, help@moz.com)"
41.139.175.205 - - [02/Feb/2020:07:46:45 +0100] "GET / HTTP/1.1" 200 49 "-" "Mozilla/5.0 (Windows NT 6.1; rv:60.0) Gecko/20100101 Firefox/60.0"
216.244.66.238 - - [02/Feb/2020:07:50:34 +0100] "GET /product-tag/fashion/?product_cat=fashion HTTP/1.1" 200 49 "-" "Mozilla/5.0 (compatible; DotBot/1.1; http://www.opensiteexplorer.org/dotbot, help@moz.com)"
216.244.66.238 - - [02/Feb/2020:07:50:35 +0100] "GET /product-tag/men/?product_cat=cosmetic HTTP/1.1" 200 49 "-" "Mozilla/5.0 (compatible; DotBot/1.1; http://www.opensiteexplorer.org/dotbot, help@moz.com)"
216.244.66.238 - - [02/Feb/2020:08:26:54 +0100] "GET /product-tag/mobile/?product_cat=cosmetic HTTP/1.1" 200 49 "-" "Mozilla/5.0 (compatible; DotBot/1.1; http://www.opensiteexplorer.org/dotbot, help@moz.com)"
216.244.66.238 - - [02/Feb/2020:08:49:36 +0100] "GET /home-3/?add-to-cart=87 HTTP/1.1" 200 49 "-" "Mozilla/5.0 (compatible; DotBot/1.1; http://www.opensiteexplorer.org/dotbot, help@moz.com)"
216.244.66.238 - - [02/Feb/2020:08:49:37 +0100] "GET /shop/?add_to_wishlist=333&number=12 HTTP/1.1" 200 49 "-" "Mozilla/5.0 (compatible; DotBot/1.1; http://www.opensiteexplorer.org/dotbot, help@moz.com)"
216.244.66.238 - - [02/Feb/2020:08:49:38 +0100] "GET /shop/?product_cat=furniture&add_to_wishlist=182 HTTP/1.1" 200 49 "-" "Mozilla/5.0 (compatible; DotBot/1.1; http://www.opensiteexplorer.org/dotbot, help@moz.com)"
216.244.66.238 - - [02/Feb/2020:09:13:08 +0100] "GET /home-10/?action=yith-woocompare-add-product&id=183 HTTP/1.1" 200 49 "-" "Mozilla/5.0 (compatible; DotBot/1.1; http://www.opensiteexplorer.org/dotbot, help@moz.com)"
216.244.66.238 - - [02/Feb/2020:09:13:10 +0100] "GET /home-15/?action=yith-woocompare-add-product&id=339 HTTP/1.1" 200 49 "-" "Mozilla/5.0 (compatible; DotBot/1.1; http://www.opensiteexplorer.org/dotbot, help@moz.com)"
216.244.66.238 - - [02/Feb/2020:09:13:11 +0100] "GET /home-3/?action=yith-woocompare-add-product&id=331 HTTP/1.1" 200 49 "-" "Mozilla/5.0 (compatible; DotBot/1.1; http://www.opensiteexplorer.org/dotbot, help@moz.com)"
216.244.66.238 - - [02/Feb/2020:09:13:12 +0100] "GET /home-5/?action=yith-woocompare-add-product&id=104 HTTP/1.1" 200 49 "-" "Mozilla/5.0 (compatible; DotBot/1.1; http://www.opensiteexplorer.org/dotbot, help@moz.com)"
216.244.66.238 - - [02/Feb/2020:09:13:13 +0100] "GET /home-8/?action=yith-woocompare-add-product&id=188 HTTP/1.1" 200 49 "-" "Mozilla/5.0 (compatible; DotBot/1.1; http://www.opensiteexplorer.org/dotbot, help@moz.com)"
216.244.66.238 - - [02/Feb/2020:09:13:14 +0100] "GET /home-8/?action=yith-woocompare-add-product&id=198 HTTP/1.1" 200 49 "-" "Mozilla/5.0 (compatible; DotBot/1.1; http://www.opensiteexplorer.org/dotbot, help@moz.com)"
216.244.66.238 - - [02/Feb/2020:09:13:16 +0100] "GET /product-category/jewelry/?number=24&pa_size=s%2Cxl HTTP/1.1" 200 49 "-" "Mozilla/5.0 (compatible; DotBot/1.1; http://www.opensiteexplorer.org/dotbot, help@moz.com)"
216.244.66.238 - - [02/Feb/2020:09:13:16 +0100] "GET /home-9/?action=yith-woocompare-add-product&id=183 HTTP/1.1" 200 49 "-" "Mozilla/5.0 (compatible; DotBot/1.1; http://www.opensiteexplorer.org/dotbot, help@moz.com)"
216.244.66.238 - - [02/Feb/2020:09:13:18 +0100] "GET /product-tag/jewelry/?add_to_wishlist=335 HTTP/1.1" 200 49 "-" "Mozilla/5.0 (compatible; DotBot/1.1; http://www.opensiteexplorer.org/dotbot, help@moz.com)"
216.244.66.238 - - [02/Feb/2020:09:30:59 +0100] "GET /product-category/jewelry/?add-to-cart=193&pa_color=blue HTTP/1.1" 200 49 "-" "Mozilla/5.0 (compatible; DotBot/1.1; http://www.opensiteexplorer.org/dotbot, help@moz.com)"
216.244.66.238 - - [02/Feb/2020:09:31:00 +0100] "GET /product-category/jewelry/?pa_color=red&pa_size=l%2Cs HTTP/1.1" 200 49 "-" "Mozilla/5.0 (compatible; DotBot/1.1; http://www.opensiteexplorer.org/dotbot, help@moz.com)"
216.244.66.238 - - [02/Feb/2020:09:31:01 +0100] "GET /shop/?add-to-cart=188&add_to_wishlist=198 HTTP/1.1" 200 49 "-" "Mozilla/5.0 (compatible; DotBot/1.1; http://www.opensiteexplorer.org/dotbot, help@moz.com)"
216.244.66.238 - - [02/Feb/2020:09:31:02 +0100] "GET /shop/?product_cat=fashion&add_to_wishlist=181 HTTP/1.1" 200 49 "-" "Mozilla/5.0 (compatible; DotBot/1.1; http://www.opensiteexplorer.org/dotbot, help@moz.com)"
216.244.66.238 - - [02/Feb/2020:09:31:03 +0100] "GET /shop/?product_cat=fashion&add_to_wishlist=184 HTTP/1.1" 200 49 "-" "Mozilla/5.0 (compatible; DotBot/1.1; http://www.opensiteexplorer.org/dotbot, help@moz.com)"
216.244.66.238 - - [02/Feb/2020:09:31:04 +0100] "GET /shop/?product_cat=watches&add_to_wishlist=193 HTTP/1.1" 200 49 "-" "Mozilla/5.0 (compatible; DotBot/1.1; http://www.opensiteexplorer.org/dotbot, help@moz.com)"
31.13.127.2 - - [02/Feb/2020:09:46:45 +0100] "GET /about HTTP/1.1" 206 49 "-" "facebookexternalhit/1.1 (+http://www.facebook.com/externalhit_uatext.php)"
31.13.127.14 - - [02/Feb/2020:09:46:45 +0100] "GET /contact HTTP/1.1" 206 49 "-" "facebookexternalhit/1.1 (+http://www.facebook.com/externalhit_uatext.php)"
216.244.66.238 - - [02/Feb/2020:10:13:00 +0100] "GET /home-10/?add-to-cart=96 HTTP/1.1" 200 49 "-" "Mozilla/5.0 (compatible; DotBot/1.1; http://www.opensiteexplorer.org/dotbot, help@moz.com)"
216.244.66.238 - - [02/Feb/2020:10:13:02 +0100] "GET /product-category/jewelry/?add-to-cart=106&pa_color=green HTTP/1.1" 200 49 "-" "Mozilla/5.0 (compatible; DotBot/1.1; http://www.opensiteexplorer.org/dotbot, help@moz.com)"
216.244.66.238 - - [02/Feb/2020:10:13:03 +0100] "GET /shop/?add-to-cart=192&add_to_wishlist=334 HTTP/1.1" 200 49 "-" "Mozilla/5.0 (compatible; DotBot/1.1; http://www.opensiteexplorer.org/dotbot, help@moz.com)"
216.244.66.238 - - [02/Feb/2020:10:13:03 +0100] "GET /shop/?add-to-cart=98&product_cat=fashion HTTP/1.1" 200 49 "-" "Mozilla/5.0 (compatible; DotBot/1.1; http://www.opensiteexplorer.org/dotbot, help@moz.com)"
216.244.66.238 - - [02/Feb/2020:10:38:08 +0100] "GET /product-tag/men/7uptheme.com HTTP/1.1" 200 49 "-" "Mozilla/5.0 (compatible; DotBot/1.1; http://www.opensiteexplorer.org/dotbot, help@moz.com)"
216.244.66.238 - - [02/Feb/2020:10:39:09 +0100] "GET /product-tag/mobile/7uptheme.com HTTP/1.1" 200 49 "-" "Mozilla/5.0 (compatible; DotBot/1.1; http://www.opensiteexplorer.org/dotbot, help@moz.com)"
216.244.66.238 - - [02/Feb/2020:11:00:07 +0100] "GET /product-tag/men/?number=18 HTTP/1.1" 200 49 "-" "Mozilla/5.0 (compatible; DotBot/1.1; http://www.opensiteexplorer.org/dotbot, help@moz.com)"
216.244.66.238 - - [02/Feb/2020:11:54:54 +0100] "GET /robots.txt HTTP/1.1" 200 49 "-" "Mozilla/5.0 (compatible; DotBot/1.1; http://www.opensiteexplorer.org/dotbot, help@moz.com)"
216.244.66.238 - - [02/Feb/2020:12:26:47 +0100] "GET /product-tag/jewelry/?number=9 HTTP/1.1" 200 49 "-" "Mozilla/5.0 (compatible; DotBot/1.1; http://www.opensiteexplorer.org/dotbot, help@moz.com)"
124.165.247.42 - - [02/Feb/2020:14:29:31 +0100] "GET / HTTP/1.1" 200 49 "-" "Mozilla/5.0 (Windows NT 6.1; rv:60.0) Gecko/20100101 Firefox/60.0"
40.77.167.197 - - [02/Feb/2020:15:03:41 +0100] "GET /robots.txt HTTP/1.1" 200 49 "-" "msnbot/2.0b (+http://search.msn.com/msnbot.htm)"
216.244.66.238 - - [02/Feb/2020:15:28:11 +0100] "GET /product-tag/jewelry/?number=12 HTTP/1.1" 200 49 "-" "Mozilla/5.0 (compatible; DotBot/1.1; http://www.opensiteexplorer.org/dotbot, help@moz.com)"
216.244.66.238 - - [02/Feb/2020:15:28:12 +0100] "GET /product-tag/jewelry/?pa_size=l HTTP/1.1" 200 49 "-" "Mozilla/5.0 (compatible; DotBot/1.1; http://www.opensiteexplorer.org/dotbot, help@moz.com)"
216.244.66.238 - - [02/Feb/2020:16:42:27 +0100] "GET /product-tag/watch/?type=list HTTP/1.1" 200 49 "-" "Mozilla/5.0 (compatible; DotBot/1.1; http://www.opensiteexplorer.org/dotbot, help@moz.com)"
216.244.66.238 - - [02/Feb/2020:17:27:45 +0100] "GET /product-tag/watch/?number=18 HTTP/1.1" 200 49 "-" "Mozilla/5.0 (compatible; DotBot/1.1; http://www.opensiteexplorer.org/dotbot, help@moz.com)"
216.244.66.238 - - [02/Feb/2020:18:09:20 +0100] "GET /product-tag/mobile/?pa_size=m HTTP/1.1" 200 49 "-" "Mozilla/5.0 (compatible; DotBot/1.1; http://www.opensiteexplorer.org/dotbot, help@moz.com)"
216.244.66.238 - - [02/Feb/2020:18:10:08 +0100] "GET /product-tag/food/?pa_size=xl HTTP/1.1" 200 49 "-" "Mozilla/5.0 (compatible; DotBot/1.1; http://www.opensiteexplorer.org/dotbot, help@moz.com)"
216.244.66.238 - - [02/Feb/2020:18:51:17 +0100] "GET /product-tag/fashion/?pa_size=s HTTP/1.1" 200 49 "-" "Mozilla/5.0 (compatible; DotBot/1.1; http://www.opensiteexplorer.org/dotbot, help@moz.com)"
216.244.66.238 - - [02/Feb/2020:18:53:09 +0100] "GET /product-tag/watch/?pa_color=red HTTP/1.1" 200 49 "-" "Mozilla/5.0 (compatible; DotBot/1.1; http://www.opensiteexplorer.org/dotbot, help@moz.com)"
216.244.66.238 - - [02/Feb/2020:18:53:44 +0100] "GET /product-tag/mobile/?pa_color=cyan HTTP/1.1" 200 49 "-" "Mozilla/5.0 (compatible; DotBot/1.1; http://www.opensiteexplorer.org/dotbot, help@moz.com)"
216.244.66.238 - - [02/Feb/2020:19:53:09 +0100] "GET /product-tag/food/?number=12 HTTP/1.1" 200 49 "-" "Mozilla/5.0 (compatible; DotBot/1.1; http://www.opensiteexplorer.org/dotbot, help@moz.com)"
216.244.66.238 - - [02/Feb/2020:19:53:57 +0100] "GET /product-tag/jewelry/?pa_size=xl HTTP/1.1" 200 49 "-" "Mozilla/5.0 (compatible; DotBot/1.1; http://www.opensiteexplorer.org/dotbot, help@moz.com)"
216.244.66.238 - - [02/Feb/2020:19:57:44 +0100] "GET /product-tag/jewelry/?add-to-cart=335 HTTP/1.1" 200 49 "-" "Mozilla/5.0 (compatible; DotBot/1.1; http://www.opensiteexplorer.org/dotbot, help@moz.com)"
157.55.39.44 - - [02/Feb/2020:20:17:00 +0100] "GET /robots.txt HTTP/1.1" 200 49 "-" "Mozilla/5.0 (compatible; bingbot/2.0; +http://www.bing.com/bingbot.htm)"
157.55.39.234 - - [02/Feb/2020:20:22:49 +0100] "GET /robots.txt HTTP/1.1" 200 49 "-" "msnbot/2.0b (+http://search.msn.com/msnbot.htm)"
216.244.66.238 - - [02/Feb/2020:20:53:35 +0100] "GET /product-tag/mobile/?number=18 HTTP/1.1" 200 49 "-" "Mozilla/5.0 (compatible; DotBot/1.1; http://www.opensiteexplorer.org/dotbot, help@moz.com)"
45.224.105.110 - - [02/Feb/2020:20:57:43 +0100] "GET / HTTP/1.1" 200 49 "-" "Mozilla/5.0 (Windows NT 6.1; rv:60.0) Gecko/20100101 Firefox/60.0"
216.244.66.238 - - [02/Feb/2020:21:15:37 +0100] "GET /product-tag/watch/7uptheme.com HTTP/1.1" 200 49 "-" "Mozilla/5.0 (compatible; DotBot/1.1; http://www.opensiteexplorer.org/dotbot, help@moz.com)"
216.244.66.238 - - [02/Feb/2020:22:21:44 +0100] "GET /product-tag/food/?pa_size=m HTTP/1.1" 200 49 "-" "Mozilla/5.0 (compatible; DotBot/1.1; http://www.opensiteexplorer.org/dotbot, help@moz.com)"
216.244.66.238 - - [03/Feb/2020:00:27:38 +0100] "GET /product-tag/men/?pa_size=s HTTP/1.1" 200 49 "-" "Mozilla/5.0 (compatible; DotBot/1.1; http://www.opensiteexplorer.org/dotbot, help@moz.com)"
207.46.13.229 - - [03/Feb/2020:01:37:48 +0100] "GET / HTTP/1.1" 200 49 "-" "Mozilla/5.0 (compatible; bingbot/2.0; +http://www.bing.com/bingbot.htm)"
157.55.39.234 - - [03/Feb/2020:02:01:10 +0100] "GET /robots.txt HTTP/1.1" 200 49 "-" "msnbot/2.0b (+http://search.msn.com/msnbot.htm)"
216.244.66.238 - - [03/Feb/2020:03:01:05 +0100] "GET /product-tag/watch/feed/ HTTP/1.1" 200 49 "-" "Mozilla/5.0 (compatible; DotBot/1.1; http://www.opensiteexplorer.org/dotbot, help@moz.com)"
216.244.66.238 - - [03/Feb/2020:05:15:40 +0100] "GET /product-tag/fashion/?type=list HTTP/1.1" 200 49 "-" "Mozilla/5.0 (compatible; DotBot/1.1; http://www.opensiteexplorer.org/dotbot, help@moz.com)"
216.244.66.238 - - [03/Feb/2020:06:56:24 +0100] "GET /product-tag/jewelry/?type=list HTTP/1.1" 200 49 "-" "Mozilla/5.0 (compatible; DotBot/1.1; http://www.opensiteexplorer.org/dotbot, help@moz.com)"
157.55.39.44 - - [03/Feb/2020:07:00:19 +0100] "GET /robots.txt HTTP/1.1" 200 49 "-" "Mozilla/5.0 (compatible; bingbot/2.0; +http://www.bing.com/bingbot.htm)"
207.46.13.98 - - [03/Feb/2020:07:00:23 +0100] "GET /robots.txt HTTP/1.1" 200 49 "-" "msnbot/2.0b (+http://search.msn.com/msnbot.htm)"
216.244.66.238 - - [03/Feb/2020:07:58:30 +0100] "GET /product-tag/men/?number=9 HTTP/1.1" 200 49 "-" "Mozilla/5.0 (compatible; DotBot/1.1; http://www.opensiteexplorer.org/dotbot, help@moz.com)"
31.13.127.24 - - [03/Feb/2020:09:16:29 +0100] "GET /contact HTTP/1.1" 206 49 "-" "facebookexternalhit/1.1 (+http://www.facebook.com/externalhit_uatext.php)"
31.13.127.6 - - [03/Feb/2020:09:16:29 +0100] "GET /about HTTP/1.1" 206 49 "-" "facebookexternalhit/1.1 (+http://www.facebook.com/externalhit_uatext.php)"
216.244.66.238 - - [03/Feb/2020:12:15:29 +0100] "GET /robots.txt HTTP/1.1" 200 49 "-" "Mozilla/5.0 (compatible; DotBot/1.1; http://www.opensiteexplorer.org/dotbot, help@moz.com)"
216.244.66.238 - - [03/Feb/2020:12:42:59 +0100] "GET /product-tag/mobile/?number=9 HTTP/1.1" 200 49 "-" "Mozilla/5.0 (compatible; DotBot/1.1; http://www.opensiteexplorer.org/dotbot, help@moz.com)"
216.244.66.238 - - [03/Feb/2020:12:46:46 +0100] "GET /product-tag/mobile/?pa_color=blue HTTP/1.1" 200 49 "-" "Mozilla/5.0 (compatible; DotBot/1.1; http://www.opensiteexplorer.org/dotbot, help@moz.com)"
216.244.66.238 - - [03/Feb/2020:13:32:06 +0100] "GET /product-tag/mobile/?pa_size=l HTTP/1.1" 200 49 "-" "Mozilla/5.0 (compatible; DotBot/1.1; http://www.opensiteexplorer.org/dotbot, help@moz.com)"
216.244.66.238 - - [03/Feb/2020:16:09:40 +0100] "GET /product-tag/jewelry/?pa_color=cyan HTTP/1.1" 200 49 "-" "Mozilla/5.0 (compatible; DotBot/1.1; http://www.opensiteexplorer.org/dotbot, help@moz.com)"
216.244.66.238 - - [03/Feb/2020:16:09:41 +0100] "GET /product-tag/men/?pa_color=cyan HTTP/1.1" 200 49 "-" "Mozilla/5.0 (compatible; DotBot/1.1; http://www.opensiteexplorer.org/dotbot, help@moz.com)"
144.217.171.229 - - [03/Feb/2020:18:34:50 +0100] "GET / HTTP/1.1" 200 49 "-" "Mozilla/5.0 (Windows NT 10.0; Win64; x64) AppleWebKit/537.36 (KHTML, like Gecko) Chrome/64.0.3282.140 Safari/537.36 Edge/17.17134"
144.217.171.229 - - [03/Feb/2020:18:35:20 +0100] "GET / HTTP/1.1" 200 49 "-" "Mozilla/5.0 (Windows NT 10.0; Win64; x64; rv:63.0) Gecko/20100101 Firefox/63.0"
144.217.171.229 - - [03/Feb/2020:18:35:50 +0100] "GET /robots.txt HTTP/1.1" 200 49 "-" "Mozilla/5.0 (Windows NT 6.1; WOW64; rv:40.0) Gecko/20100101 Firefox/40.1"
216.244.66.238 - - [03/Feb/2020:19:13:54 +0100] "GET /product-tag/mobile/?pa_color=yellow HTTP/1.1" 200 49 "-" "Mozilla/5.0 (compatible; DotBot/1.1; http://www.opensiteexplorer.org/dotbot, help@moz.com)"
216.244.66.238 - - [03/Feb/2020:19:52:29 +0100] "GET /product-tag/mobile/?type=grid HTTP/1.1" 200 49 "-" "Mozilla/5.0 (compatible; DotBot/1.1; http://www.opensiteexplorer.org/dotbot, help@moz.com)"
216.244.66.238 - - [03/Feb/2020:20:37:40 +0100] "GET /product/cream-highlight/7uptheme.com HTTP/1.1" 200 49 "-" "Mozilla/5.0 (compatible; DotBot/1.1; http://www.opensiteexplorer.org/dotbot, help@moz.com)"
216.244.66.238 - - [03/Feb/2020:20:37:41 +0100] "GET /product/light-classic/7uptheme.com HTTP/1.1" 200 49 "-" "Mozilla/5.0 (compatible; DotBot/1.1; http://www.opensiteexplorer.org/dotbot, help@moz.com)"
216.244.66.238 - - [03/Feb/2020:21:00:05 +0100] "GET /product-tag/men/?action=yith-woocompare-add-product&id=105 HTTP/1.1" 200 49 "-" "Mozilla/5.0 (compatible; DotBot/1.1; http://www.opensiteexplorer.org/dotbot, help@moz.com)"
207.46.13.98 - - [03/Feb/2020:21:03:12 +0100] "GET /robots.txt HTTP/1.1" 200 49 "-" "msnbot/2.0b (+http://search.msn.com/msnbot.htm)"
216.244.66.238 - - [03/Feb/2020:21:06:43 +0100] "GET /home-15/?action=yith-woocompare-add-product&id=331 HTTP/1.1" 200 49 "-" "Mozilla/5.0 (compatible; DotBot/1.1; http://www.opensiteexplorer.org/dotbot, help@moz.com)"
216.244.66.238 - - [03/Feb/2020:21:06:45 +0100] "GET /home-8/?action=yith-woocompare-add-product&id=328 HTTP/1.1" 200 49 "-" "Mozilla/5.0 (compatible; DotBot/1.1; http://www.opensiteexplorer.org/dotbot, help@moz.com)"
216.244.66.238 - - [03/Feb/2020:21:06:45 +0100] "GET /home-3/?action=yith-woocompare-add-product&id=337 HTTP/1.1" 200 49 "-" "Mozilla/5.0 (compatible; DotBot/1.1; http://www.opensiteexplorer.org/dotbot, help@moz.com)"
216.244.66.238 - - [03/Feb/2020:21:06:47 +0100] "GET /home-8/?action=yith-woocompare-add-product&id=334 HTTP/1.1" 200 49 "-" "Mozilla/5.0 (compatible; DotBot/1.1; http://www.opensiteexplorer.org/dotbot, help@moz.com)"
216.244.66.238 - - [03/Feb/2020:21:06:48 +0100] "GET /product-tag/jewelry/?action=yith-woocompare-add-product&id=335 HTTP/1.1" 200 49 "-" "Mozilla/5.0 (compatible; DotBot/1.1; http://www.opensiteexplorer.org/dotbot, help@moz.com)"
216.244.66.238 - - [03/Feb/2020:21:06:49 +0100] "GET /product-tag/men/?product_cat=jewelry HTTP/1.1" 200 49 "-" "Mozilla/5.0 (compatible; DotBot/1.1; http://www.opensiteexplorer.org/dotbot, help@moz.com)"
66.70.203.181 - - [03/Feb/2020:21:14:33 +0100] "GET / HTTP/1.1" 200 49 "-" "Mozilla/5.0 (Windows NT 10.0; Win64; x64) AppleWebKit/537.36 (KHTML, like Gecko) Chrome/64.0.3282.140 Safari/537.36 Edge/17.17134"
66.70.203.181 - - [03/Feb/2020:21:15:03 +0100] "GET / HTTP/1.1" 200 49 "-" "Mozilla/5.0 (Windows NT 10.0; Win64; x64; rv:63.0) Gecko/20100101 Firefox/63.0"
216.244.66.238 - - [03/Feb/2020:21:44:26 +0100] "GET /product-tag/food/?add-to-cart=335 HTTP/1.1" 200 49 "-" "Mozilla/5.0 (compatible; DotBot/1.1; http://www.opensiteexplorer.org/dotbot, help@moz.com)"
216.244.66.238 - - [03/Feb/2020:21:44:27 +0100] "GET /product-tag/mobile/?add-to-cart=107 HTTP/1.1" 200 49 "-" "Mozilla/5.0 (compatible; DotBot/1.1; http://www.opensiteexplorer.org/dotbot, help@moz.com)"
216.244.66.238 - - [03/Feb/2020:21:46:06 +0100] "GET /product-tag/men/?action=yith-woocompare-add-product&id=193 HTTP/1.1" 200 49 "-" "Mozilla/5.0 (compatible; DotBot/1.1; http://www.opensiteexplorer.org/dotbot, help@moz.com)"
216.244.66.238 - - [03/Feb/2020:21:46:07 +0100] "GET /product/cream-highlight/feed/ HTTP/1.1" 200 49 "-" "Mozilla/5.0 (compatible; DotBot/1.1; http://www.opensiteexplorer.org/dotbot, help@moz.com)"
216.244.66.238 - - [03/Feb/2020:21:54:37 +0100] "GET /home-15/?action=yith-woocompare-add-product&id=190 HTTP/1.1" 200 49 "-" "Mozilla/5.0 (compatible; DotBot/1.1; http://www.opensiteexplorer.org/dotbot, help@moz.com)"
216.244.66.238 - - [03/Feb/2020:21:54:38 +0100] "GET /home-15/?action=yith-woocompare-add-product&id=194 HTTP/1.1" 200 49 "-" "Mozilla/5.0 (compatible; DotBot/1.1; http://www.opensiteexplorer.org/dotbot, help@moz.com)"
