216.244.66.238 - - [18/Jan/2020:12:22:50 +0100] "GET /product-category/jewelry/?add-to-cart=186&number=24&product_cat=fashion HTTP/1.1" 200 49 "-" "Mozilla/5.0 (compatible; DotBot/1.1; http://www.opensiteexplorer.org/dotbot, help@moz.com)"
216.244.66.238 - - [18/Jan/2020:12:22:51 +0100] "GET /product-category/jewelry/?add-to-cart=186&number=48&product_cat=cosmetic HTTP/1.1" 200 49 "-" "Mozilla/5.0 (compatible; DotBot/1.1; http://www.opensiteexplorer.org/dotbot, help@moz.com)"
216.244.66.238 - - [18/Jan/2020:12:22:52 +0100] "GET /product-category/jewelry/?add-to-cart=331&number=12&pa_size=m HTTP/1.1" 200 49 "-" "Mozilla/5.0 (compatible; DotBot/1.1; http://www.opensiteexplorer.org/dotbot, help@moz.com)"
216.244.66.238 - - [18/Jan/2020:12:22:53 +0100] "GET /product-category/jewelry/?add-to-cart=98&number=18&product_cat=jewelry HTTP/1.1" 200 49 "-" "Mozilla/5.0 (compatible; DotBot/1.1; http://www.opensiteexplorer.org/dotbot, help@moz.com)"
216.244.66.238 - - [18/Jan/2020:13:04:49 +0100] "GET /product-category/jewelry/?add-to-cart=106&number=12&product_cat=furniture HTTP/1.1" 200 49 "-" "Mozilla/5.0 (compatible; DotBot/1.1; http://www.opensiteexplorer.org/dotbot, help@moz.com)"
216.244.66.238 - - [18/Jan/2020:13:04:52 +0100] "GET /product-category/jewelry/?add-to-cart=106&number=6&type=list HTTP/1.1" 200 49 "-" "Mozilla/5.0 (compatible; DotBot/1.1; http://www.opensiteexplorer.org/dotbot, help@moz.com)"
216.244.66.238 - - [18/Jan/2020:13:04:53 +0100] "GET /product-category/jewelry/?add-to-cart=186&number=12&pa_size=l HTTP/1.1" 200 49 "-" "Mozilla/5.0 (compatible; DotBot/1.1; http://www.opensiteexplorer.org/dotbot, help@moz.com)"
216.244.66.238 - - [18/Jan/2020:13:04:54 +0100] "GET /product-category/jewelry/?add-to-cart=331&number=12&type=list HTTP/1.1" 200 49 "-" "Mozilla/5.0 (compatible; DotBot/1.1; http://www.opensiteexplorer.org/dotbot, help@moz.com)"
216.244.66.238 - - [18/Jan/2020:13:04:56 +0100] "GET /product-category/jewelry/?add-to-cart=331&number=24&product_cat=accessories HTTP/1.1" 200 49 "-" "Mozilla/5.0 (compatible; DotBot/1.1; http://www.opensiteexplorer.org/dotbot, help@moz.com)"
216.244.66.238 - - [18/Jan/2020:13:04:57 +0100] "GET /product-category/jewelry/?add-to-cart=98&number=6&pa_color=yellow HTTP/1.1" 200 49 "-" "Mozilla/5.0 (compatible; DotBot/1.1; http://www.opensiteexplorer.org/dotbot, help@moz.com)"
216.244.66.238 - - [18/Jan/2020:13:04:58 +0100] "GET /product-category/jewelry/?add-to-cart=98&number=6&type=grid HTTP/1.1" 200 49 "-" "Mozilla/5.0 (compatible; DotBot/1.1; http://www.opensiteexplorer.org/dotbot, help@moz.com)"
216.244.66.238 - - [18/Jan/2020:13:04:59 +0100] "GET /product-category/jewelry/?add-to-cart=98&number=9&product_cat=electronics HTTP/1.1" 200 49 "-" "Mozilla/5.0 (compatible; DotBot/1.1; http://www.opensiteexplorer.org/dotbot, help@moz.com)"
216.244.66.238 - - [18/Jan/2020:13:50:53 +0100] "GET /product-category/jewelry/?add-to-cart=106&number=24&pa_size=m HTTP/1.1" 200 49 "-" "Mozilla/5.0 (compatible; DotBot/1.1; http://www.opensiteexplorer.org/dotbot, help@moz.com)"
216.244.66.238 - - [18/Jan/2020:13:50:55 +0100] "GET /product-category/jewelry/?add-to-cart=186&number=6&add_to_wishlist=107 HTTP/1.1" 200 49 "-" "Mozilla/5.0 (compatible; DotBot/1.1; http://www.opensiteexplorer.org/dotbot, help@moz.com)"
216.244.66.238 - - [18/Jan/2020:13:50:56 +0100] "GET /product-category/jewelry/?add-to-cart=331&number=18&type=list HTTP/1.1" 200 49 "-" "Mozilla/5.0 (compatible; DotBot/1.1; http://www.opensiteexplorer.org/dotbot, help@moz.com)"
216.244.66.238 - - [18/Jan/2020:13:50:57 +0100] "GET /product-category/jewelry/?add-to-cart=331&number=9&pa_size=m HTTP/1.1" 200 49 "-" "Mozilla/5.0 (compatible; DotBot/1.1; http://www.opensiteexplorer.org/dotbot, help@moz.com)"
216.244.66.238 - - [18/Jan/2020:13:50:59 +0100] "GET /product-category/jewelry/?add-to-cart=98&number=18&pa_size=xl HTTP/1.1" 200 49 "-" "Mozilla/5.0 (compatible; DotBot/1.1; http://www.opensiteexplorer.org/dotbot, help@moz.com)"
216.244.66.238 - - [18/Jan/2020:13:51:00 +0100] "GET /product-category/jewelry/?add-to-cart=98&number=48&pa_color=cyan HTTP/1.1" 200 49 "-" "Mozilla/5.0 (compatible; DotBot/1.1; http://www.opensiteexplorer.org/dotbot, help@moz.com)"
216.244.66.238 - - [18/Jan/2020:13:51:02 +0100] "GET /product-category/jewelry/?add-to-cart=98&number=48&pa_color=green HTTP/1.1" 200 49 "-" "Mozilla/5.0 (compatible; DotBot/1.1; http://www.opensiteexplorer.org/dotbot, help@moz.com)"
216.244.66.238 - - [18/Jan/2020:14:29:55 +0100] "GET /product-category/jewelry/?add-to-cart=106&number=48&add_to_wishlist=193 HTTP/1.1" 200 49 "-" "Mozilla/5.0 (compatible; DotBot/1.1; http://www.opensiteexplorer.org/dotbot, help@moz.com)"
216.244.66.238 - - [18/Jan/2020:14:29:57 +0100] "GET /product-category/jewelry/?add-to-cart=186&number=24&product_cat=electronics HTTP/1.1" 200 49 "-" "Mozilla/5.0 (compatible; DotBot/1.1; http://www.opensiteexplorer.org/dotbot, help@moz.com)"
216.244.66.238 - - [18/Jan/2020:14:29:58 +0100] "GET /product-category/jewelry/?add-to-cart=331&number=24&type=grid HTTP/1.1" 200 49 "-" "Mozilla/5.0 (compatible; DotBot/1.1; http://www.opensiteexplorer.org/dotbot, help@moz.com)"
216.244.66.238 - - [18/Jan/2020:14:30:01 +0100] "GET /product-category/jewelry/?add-to-cart=98&number=6&type=list HTTP/1.1" 200 49 "-" "Mozilla/5.0 (compatible; DotBot/1.1; http://www.opensiteexplorer.org/dotbot, help@moz.com)"
216.244.66.238 - - [18/Jan/2020:14:30:02 +0100] "GET /product-category/jewelry/?add-to-cart=98&number=24&type=grid HTTP/1.1" 200 49 "-" "Mozilla/5.0 (compatible; DotBot/1.1; http://www.opensiteexplorer.org/dotbot, help@moz.com)"
216.244.66.238 - - [18/Jan/2020:15:10:16 +0100] "GET /product-category/jewelry/?add-to-cart=106&number=24&product_cat=electronics HTTP/1.1" 200 49 "-" "Mozilla/5.0 (compatible; DotBot/1.1; http://www.opensiteexplorer.org/dotbot, help@moz.com)"
216.244.66.238 - - [18/Jan/2020:15:10:18 +0100] "GET /product-category/jewelry/?add-to-cart=106&number=24&type=grid HTTP/1.1" 200 49 "-" "Mozilla/5.0 (compatible; DotBot/1.1; http://www.opensiteexplorer.org/dotbot, help@moz.com)"
216.244.66.238 - - [18/Jan/2020:15:10:19 +0100] "GET /product-category/jewelry/?add-to-cart=186&number=6&add_to_wishlist=106 HTTP/1.1" 200 49 "-" "Mozilla/5.0 (compatible; DotBot/1.1; http://www.opensiteexplorer.org/dotbot, help@moz.com)"
216.244.66.238 - - [18/Jan/2020:15:10:20 +0100] "GET /product-category/jewelry/?add-to-cart=331&number=18&add_to_wishlist=331 HTTP/1.1" 200 49 "-" "Mozilla/5.0 (compatible; DotBot/1.1; http://www.opensiteexplorer.org/dotbot, help@moz.com)"
216.244.66.238 - - [18/Jan/2020:15:10:21 +0100] "GET /product-category/jewelry/?add-to-cart=331&number=6&pa_size=l HTTP/1.1" 200 49 "-" "Mozilla/5.0 (compatible; DotBot/1.1; http://www.opensiteexplorer.org/dotbot, help@moz.com)"
216.244.66.238 - - [18/Jan/2020:15:10:22 +0100] "GET /product-category/jewelry/?add-to-cart=98&number=9&add_to_wishlist=107 HTTP/1.1" 200 49 "-" "Mozilla/5.0 (compatible; DotBot/1.1; http://www.opensiteexplorer.org/dotbot, help@moz.com)"
216.244.66.238 - - [18/Jan/2020:15:53:14 +0100] "GET /product-category/jewelry/?add-to-cart=106&number=6&product_cat=electronics HTTP/1.1" 200 49 "-" "Mozilla/5.0 (compatible; DotBot/1.1; http://www.opensiteexplorer.org/dotbot, help@moz.com)"
216.244.66.238 - - [18/Jan/2020:15:53:18 +0100] "GET /product-category/jewelry/?add-to-cart=186&number=48&pa_color=cyan HTTP/1.1" 200 49 "-" "Mozilla/5.0 (compatible; DotBot/1.1; http://www.opensiteexplorer.org/dotbot, help@moz.com)"
216.244.66.238 - - [18/Jan/2020:15:53:19 +0100] "GET /product-category/jewelry/?add-to-cart=186&number=48&product_cat=mobile HTTP/1.1" 200 49 "-" "Mozilla/5.0 (compatible; DotBot/1.1; http://www.opensiteexplorer.org/dotbot, help@moz.com)"
216.244.66.238 - - [18/Jan/2020:15:53:21 +0100] "GET /product-category/jewelry/?add-to-cart=186&number=6&product_cat=jewelry HTTP/1.1" 200 49 "-" "Mozilla/5.0 (compatible; DotBot/1.1; http://www.opensiteexplorer.org/dotbot, help@moz.com)"
216.244.66.238 - - [18/Jan/2020:16:36:16 +0100] "GET /product-category/jewelry/?add-to-cart=331&number=24&add_to_wishlist=98 HTTP/1.1" 200 49 "-" "Mozilla/5.0 (compatible; DotBot/1.1; http://www.opensiteexplorer.org/dotbot, help@moz.com)"
216.244.66.238 - - [18/Jan/2020:16:36:17 +0100] "GET /product-category/jewelry/?add-to-cart=331&number=48&pa_size=m HTTP/1.1" 200 49 "-" "Mozilla/5.0 (compatible; DotBot/1.1; http://www.opensiteexplorer.org/dotbot, help@moz.com)"
216.244.66.238 - - [18/Jan/2020:16:36:19 +0100] "GET /product-category/jewelry/?add-to-cart=98&number=24&product_cat=furniture HTTP/1.1" 200 49 "-" "Mozilla/5.0 (compatible; DotBot/1.1; http://www.opensiteexplorer.org/dotbot, help@moz.com)"
216.244.66.238 - - [18/Jan/2020:16:36:20 +0100] "GET /product-category/jewelry/?add-to-cart=98&number=24&product_cat=mobile HTTP/1.1" 200 49 "-" "Mozilla/5.0 (compatible; DotBot/1.1; http://www.opensiteexplorer.org/dotbot, help@moz.com)"
216.244.66.238 - - [18/Jan/2020:17:18:23 +0100] "GET /product-category/jewelry/?add-to-cart=186&number=18&pa_size=l HTTP/1.1" 200 49 "-" "Mozilla/5.0 (compatible; DotBot/1.1; http://www.opensiteexplorer.org/dotbot, help@moz.com)"
216.244.66.238 - - [18/Jan/2020:17:18:25 +0100] "GET /product-category/jewelry/?add-to-cart=186&number=48&product_cat=electronics HTTP/1.1" 200 49 "-" "Mozilla/5.0 (compatible; DotBot/1.1; http://www.opensiteexplorer.org/dotbot, help@moz.com)"
216.244.66.238 - - [18/Jan/2020:17:18:27 +0100] "GET /product-category/jewelry/?add-to-cart=186&number=9&product_cat=accessories HTTP/1.1" 200 49 "-" "Mozilla/5.0 (compatible; DotBot/1.1; http://www.opensiteexplorer.org/dotbot, help@moz.com)"
216.244.66.238 - - [18/Jan/2020:17:18:28 +0100] "GET /product-category/jewelry/?add-to-cart=331&number=48&add_to_wishlist=98 HTTP/1.1" 200 49 "-" "Mozilla/5.0 (compatible; DotBot/1.1; http://www.opensiteexplorer.org/dotbot, help@moz.com)"
216.244.66.238 - - [18/Jan/2020:17:18:31 +0100] "GET /product-category/jewelry/?add-to-cart=331&number=6&type=list HTTP/1.1" 200 49 "-" "Mozilla/5.0 (compatible; DotBot/1.1; http://www.opensiteexplorer.org/dotbot, help@moz.com)"
216.244.66.238 - - [18/Jan/2020:17:51:42 +0100] "GET /product-category/jewelry/?number=9&pa_size=s%2Cxl HTTP/1.1" 200 49 "-" "Mozilla/5.0 (compatible; DotBot/1.1; http://www.opensiteexplorer.org/dotbot, help@moz.com)"
103.192.76.196 - - [18/Jan/2020:18:37:05 +0100] "GET / HTTP/1.1" 200 49 "-" "Mozilla/5.0 (Windows NT 6.1; rv:60.0) Gecko/20100101 Firefox/60.0"
216.244.66.238 - - [18/Jan/2020:18:38:20 +0100] "GET /product-category/jewelry/?number=18&pa_size=s%2Cm HTTP/1.1" 200 49 "-" "Mozilla/5.0 (compatible; DotBot/1.1; http://www.opensiteexplorer.org/dotbot, help@moz.com)"
216.244.66.238 - - [18/Jan/2020:20:02:43 +0100] "GET /home-11/?action=yith-woocompare-add-product&id=92 HTTP/1.1" 200 49 "-" "Mozilla/5.0 (compatible; DotBot/1.1; http://www.opensiteexplorer.org/dotbot, help@moz.com)"
216.244.66.238 - - [18/Jan/2020:20:02:44 +0100] "GET /product-category/electronics/page/2/?number=6 HTTP/1.1" 200 49 "-" "Mozilla/5.0 (compatible; DotBot/1.1; http://www.opensiteexplorer.org/dotbot, help@moz.com)"
216.244.66.238 - - [18/Jan/2020:20:02:45 +0100] "GET /product-category/jewelry/?pa_size=xl&add-to-cart=335 HTTP/1.1" 200 49 "-" "Mozilla/5.0 (compatible; DotBot/1.1; http://www.opensiteexplorer.org/dotbot, help@moz.com)"
216.244.66.238 - - [18/Jan/2020:20:42:51 +0100] "GET /product-category/jewelry/?number=9&pa_size=l%2Cxl HTTP/1.1" 200 49 "-" "Mozilla/5.0 (compatible; DotBot/1.1; http://www.opensiteexplorer.org/dotbot, help@moz.com)"
31.13.103.24 - - [18/Jan/2020:21:13:16 +0100] "GET /contact HTTP/1.1" 206 49 "-" "facebookexternalhit/1.1 (+http://www.facebook.com/externalhit_uatext.php)"
31.13.103.22 - - [18/Jan/2020:21:13:16 +0100] "GET /about HTTP/1.1" 206 49 "-" "facebookexternalhit/1.1 (+http://www.facebook.com/externalhit_uatext.php)"
216.244.66.238 - - [18/Jan/2020:21:27:43 +0100] "GET /home-2/?action=yith-woocompare-add-product&id=98 HTTP/1.1" 200 49 "-" "Mozilla/5.0 (compatible; DotBot/1.1; http://www.opensiteexplorer.org/dotbot, help@moz.com)"
216.244.66.238 - - [18/Jan/2020:21:27:47 +0100] "GET /product-category/jewelry/?number=6&pa_size=s%2Cxl HTTP/1.1" 200 49 "-" "Mozilla/5.0 (compatible; DotBot/1.1; http://www.opensiteexplorer.org/dotbot, help@moz.com)"
216.244.66.238 - - [18/Jan/2020:21:27:49 +0100] "GET /shop/?product_cat=furniture&pa_color=green HTTP/1.1" 200 49 "-" "Mozilla/5.0 (compatible; DotBot/1.1; http://www.opensiteexplorer.org/dotbot, help@moz.com)"
216.244.66.238 - - [18/Jan/2020:22:14:17 +0100] "GET /product-category/jewelry/?number=6&pa_size=l%2Cxl HTTP/1.1" 200 49 "-" "Mozilla/5.0 (compatible; DotBot/1.1; http://www.opensiteexplorer.org/dotbot, help@moz.com)"
216.244.66.238 - - [18/Jan/2020:22:54:13 +0100] "GET /product-category/jewelry/?number=48&pa_size=m%2Cxl HTTP/1.1" 200 49 "-" "Mozilla/5.0 (compatible; DotBot/1.1; http://www.opensiteexplorer.org/dotbot, help@moz.com)"
216.244.66.238 - - [19/Jan/2020:00:19:29 +0100] "GET /product-category/jewelry/?add-to-cart=106&pa_size=xl HTTP/1.1" 200 49 "-" "Mozilla/5.0 (compatible; DotBot/1.1; http://www.opensiteexplorer.org/dotbot, help@moz.com)"
216.244.66.238 - - [19/Jan/2020:01:00:41 +0100] "GET /product-category/jewelry/?number=9&pa_size=xl%2Cs HTTP/1.1" 200 49 "-" "Mozilla/5.0 (compatible; DotBot/1.1; http://www.opensiteexplorer.org/dotbot, help@moz.com)"
220.164.2.99 - - [19/Jan/2020:01:42:34 +0100] "GET / HTTP/1.1" 200 49 "-" "Mozilla/5.0 (Windows NT 6.1; rv:60.0) Gecko/20100101 Firefox/60.0"
216.244.66.238 - - [19/Jan/2020:01:45:47 +0100] "GET /home-16/?action=yith-woocompare-add-product&id=98 HTTP/1.1" 200 49 "-" "Mozilla/5.0 (compatible; DotBot/1.1; http://www.opensiteexplorer.org/dotbot, help@moz.com)"
216.244.66.238 - - [19/Jan/2020:01:45:48 +0100] "GET /home-3/?action=yith-woocompare-add-product&id=98 HTTP/1.1" 200 49 "-" "Mozilla/5.0 (compatible; DotBot/1.1; http://www.opensiteexplorer.org/dotbot, help@moz.com)"
216.244.66.238 - - [19/Jan/2020:01:45:49 +0100] "GET /shop/?pa_color=red&product_cat=accessories HTTP/1.1" 200 49 "-" "Mozilla/5.0 (compatible; DotBot/1.1; http://www.opensiteexplorer.org/dotbot, help@moz.com)"
216.244.66.238 - - [19/Jan/2020:02:26:51 +0100] "GET /home-4/?action=yith-woocompare-add-product&id=96 HTTP/1.1" 200 49 "-" "Mozilla/5.0 (compatible; DotBot/1.1; http://www.opensiteexplorer.org/dotbot, help@moz.com)"
216.244.66.238 - - [19/Jan/2020:02:26:52 +0100] "GET /product-category/jewelry/?add-to-cart=331&type=list HTTP/1.1" 200 49 "-" "Mozilla/5.0 (compatible; DotBot/1.1; http://www.opensiteexplorer.org/dotbot, help@moz.com)"
216.244.66.238 - - [19/Jan/2020:02:26:53 +0100] "GET /product-category/jewelry/?add-to-cart=335&type=grid HTTP/1.1" 200 49 "-" "Mozilla/5.0 (compatible; DotBot/1.1; http://www.opensiteexplorer.org/dotbot, help@moz.com)"
216.244.66.238 - - [19/Jan/2020:02:26:54 +0100] "GET /product-category/jewelry/?number=12&pa_size=s%2Cm HTTP/1.1" 200 49 "-" "Mozilla/5.0 (compatible; DotBot/1.1; http://www.opensiteexplorer.org/dotbot, help@moz.com)"
216.244.66.238 - - [19/Jan/2020:02:26:55 +0100] "GET /product-category/jewelry/?number=6&pa_size=l%2Cm HTTP/1.1" 200 49 "-" "Mozilla/5.0 (compatible; DotBot/1.1; http://www.opensiteexplorer.org/dotbot, help@moz.com)"
216.244.66.238 - - [19/Jan/2020:02:26:56 +0100] "GET /product-category/jewelry/?pa_size=m&add-to-cart=193 HTTP/1.1" 200 49 "-" "Mozilla/5.0 (compatible; DotBot/1.1; http://www.opensiteexplorer.org/dotbot, help@moz.com)"
216.244.66.238 - - [19/Jan/2020:02:26:57 +0100] "GET /product-category/jewelry/?product_cat=electronics HTTP/1.1" 200 49 "-" "Mozilla/5.0 (compatible; DotBot/1.1; http://www.opensiteexplorer.org/dotbot, help@moz.com)"
216.244.66.238 - - [19/Jan/2020:03:04:44 +0100] "GET /home-2/?action=yith-woocompare-add-product&id=87 HTTP/1.1" 200 49 "-" "Mozilla/5.0 (compatible; DotBot/1.1; http://www.opensiteexplorer.org/dotbot, help@moz.com)"
216.244.66.238 - - [19/Jan/2020:03:04:46 +0100] "GET /product-category/jewelry/?number=18&pa_size=xl%2Cs HTTP/1.1" 200 49 "-" "Mozilla/5.0 (compatible; DotBot/1.1; http://www.opensiteexplorer.org/dotbot, help@moz.com)"
216.244.66.238 - - [19/Jan/2020:03:52:43 +0100] "GET /home-9/?action=yith-woocompare-add-product&id=98 HTTP/1.1" 200 49 "-" "Mozilla/5.0 (compatible; DotBot/1.1; http://www.opensiteexplorer.org/dotbot, help@moz.com)"
216.244.66.238 - - [19/Jan/2020:03:52:44 +0100] "GET /product-category/jewelry/?add-to-cart=331&type=grid HTTP/1.1" 200 49 "-" "Mozilla/5.0 (compatible; DotBot/1.1; http://www.opensiteexplorer.org/dotbot, help@moz.com)"
216.244.66.238 - - [19/Jan/2020:04:30:37 +0100] "GET /product-category/jewelry/?number=24&pa_size=s%2Cm HTTP/1.1" 200 49 "-" "Mozilla/5.0 (compatible; DotBot/1.1; http://www.opensiteexplorer.org/dotbot, help@moz.com)"
216.244.66.238 - - [19/Jan/2020:04:51:26 +0100] "GET /robots.txt HTTP/1.1" 200 49 "-" "Mozilla/5.0 (compatible; DotBot/1.1; http://www.opensiteexplorer.org/dotbot, help@moz.com)"
216.244.66.238 - - [19/Jan/2020:05:13:01 +0100] "GET /product-category/electronics/?number=6&pa_color=green HTTP/1.1" 200 49 "-" "Mozilla/5.0 (compatible; DotBot/1.1; http://www.opensiteexplorer.org/dotbot, help@moz.com)"
103.131.71.23 - - [19/Jan/2020:07:01:34 +0100] "GET /robots.txt HTTP/1.1" 200 49 "-" "Mozilla/5.0 (compatible; coccocbot-image/1.0; +http://help.coccoc.com/searchengine)"
14.161.43.198 - - [19/Jan/2020:08:38:16 +0100] "GET / HTTP/1.1" 200 49 "-" "Mozilla/5.0 (Windows NT 6.1; rv:60.0) Gecko/20100101 Firefox/60.0"
216.244.66.238 - - [19/Jan/2020:08:59:15 +0100] "GET /product-category/jewelry/?number=18&pa_size=m%2Cxl HTTP/1.1" 200 49 "-" "Mozilla/5.0 (compatible; DotBot/1.1; http://www.opensiteexplorer.org/dotbot, help@moz.com)"
197.50.12.251 - - [19/Jan/2020:09:12:28 +0100] "GET / HTTP/1.1" 200 49 "http://progressive-seo.com" "Mozilla/5.0 (Windows NT 10.0; Win64; x64) AppleWebKit/537.36 (KHTML, like Gecko) Chrome/74.0.3729.169 Safari/537.36"
216.244.66.238 - - [19/Jan/2020:10:21:26 +0100] "GET /home-15/?action=yith-woocompare-add-product&id=98 HTTP/1.1" 200 49 "-" "Mozilla/5.0 (compatible; DotBot/1.1; http://www.opensiteexplorer.org/dotbot, help@moz.com)"
216.244.66.238 - - [19/Jan/2020:10:21:28 +0100] "GET /product-category/jewelry/?add-to-cart=107&pa_size=s HTTP/1.1" 200 49 "-" "Mozilla/5.0 (compatible; DotBot/1.1; http://www.opensiteexplorer.org/dotbot, help@moz.com)"
216.244.66.238 - - [19/Jan/2020:10:54:23 +0100] "GET /product-category/electronics/?number=6&pa_color=blue HTTP/1.1" 200 49 "-" "Mozilla/5.0 (compatible; DotBot/1.1; http://www.opensiteexplorer.org/dotbot, help@moz.com)"
216.244.66.238 - - [19/Jan/2020:10:54:25 +0100] "GET /product-category/jewelry/?add-to-cart=331&pa_size=xl HTTP/1.1" 200 49 "-" "Mozilla/5.0 (compatible; DotBot/1.1; http://www.opensiteexplorer.org/dotbot, help@moz.com)"
216.244.66.238 - - [19/Jan/2020:10:54:25 +0100] "GET /product-category/jewelry/?number=12&pa_size=s%2Cl HTTP/1.1" 200 49 "-" "Mozilla/5.0 (compatible; DotBot/1.1; http://www.opensiteexplorer.org/dotbot, help@moz.com)"
216.244.66.238 - - [19/Jan/2020:10:54:26 +0100] "GET /product-category/jewelry/?number=24&pa_size=l%2Cxl HTTP/1.1" 200 49 "-" "Mozilla/5.0 (compatible; DotBot/1.1; http://www.opensiteexplorer.org/dotbot, help@moz.com)"
216.244.66.238 - - [19/Jan/2020:11:39:39 +0100] "GET /product-category/jewelry/?add-to-cart=199&pa_size=s HTTP/1.1" 200 49 "-" "Mozilla/5.0 (compatible; DotBot/1.1; http://www.opensiteexplorer.org/dotbot, help@moz.com)"
216.244.66.238 - - [19/Jan/2020:12:20:13 +0100] "GET /product-category/jewelry/?add-to-cart=107&pa_size=m HTTP/1.1" 200 49 "-" "Mozilla/5.0 (compatible; DotBot/1.1; http://www.opensiteexplorer.org/dotbot, help@moz.com)"
216.244.66.238 - - [19/Jan/2020:12:20:15 +0100] "GET /product-category/jewelry/?number=12&pa_size=m%2Cl HTTP/1.1" 200 49 "-" "Mozilla/5.0 (compatible; DotBot/1.1; http://www.opensiteexplorer.org/dotbot, help@moz.com)"
216.244.66.238 - - [19/Jan/2020:12:20:16 +0100] "GET /product-category/jewelry/?number=18&pa_size=xl%2Cm HTTP/1.1" 200 49 "-" "Mozilla/5.0 (compatible; DotBot/1.1; http://www.opensiteexplorer.org/dotbot, help@moz.com)"
216.244.66.238 - - [19/Jan/2020:12:20:17 +0100] "GET /product-category/jewelry/?pa_size=l&add-to-cart=193 HTTP/1.1" 200 49 "-" "Mozilla/5.0 (compatible; DotBot/1.1; http://www.opensiteexplorer.org/dotbot, help@moz.com)"
216.244.66.238 - - [19/Jan/2020:12:51:10 +0100] "GET /product-category/jewelry/?pa_color=red&add_to_wishlist=335&product_cat=accessories HTTP/1.1" 200 49 "-" "Mozilla/5.0 (compatible; DotBot/1.1; http://www.opensiteexplorer.org/dotbot, help@moz.com)"
216.244.66.238 - - [19/Jan/2020:13:08:00 +0100] "GET /product-category/electronics/?number=6&pa_color=cyan HTTP/1.1" 200 49 "-" "Mozilla/5.0 (compatible; DotBot/1.1; http://www.opensiteexplorer.org/dotbot, help@moz.com)"
216.244.66.238 - - [19/Jan/2020:13:46:25 +0100] "GET /home-5/?action=yith-woocompare-add-product&id=92 HTTP/1.1" 200 49 "-" "Mozilla/5.0 (compatible; DotBot/1.1; http://www.opensiteexplorer.org/dotbot, help@moz.com)"
216.244.66.238 - - [19/Jan/2020:13:46:30 +0100] "GET /product-category/jewelry/?number=6&pa_size=xl%2Cm HTTP/1.1" 200 49 "-" "Mozilla/5.0 (compatible; DotBot/1.1; http://www.opensiteexplorer.org/dotbot, help@moz.com)"
216.244.66.238 - - [19/Jan/2020:14:30:07 +0100] "GET /product-category/jewelry/?number=12&pa_size=xl%2Cs HTTP/1.1" 200 49 "-" "Mozilla/5.0 (compatible; DotBot/1.1; http://www.opensiteexplorer.org/dotbot, help@moz.com)"
216.244.66.238 - - [19/Jan/2020:15:11:48 +0100] "GET /product-category/jewelry/?add-to-cart=107&type=grid HTTP/1.1" 200 49 "-" "Mozilla/5.0 (compatible; DotBot/1.1; http://www.opensiteexplorer.org/dotbot, help@moz.com)"
216.244.66.238 - - [19/Jan/2020:15:11:48 +0100] "GET /home-3/?action=yith-woocompare-add-product&id=92 HTTP/1.1" 200 49 "-" "Mozilla/5.0 (compatible; DotBot/1.1; http://www.opensiteexplorer.org/dotbot, help@moz.com)"
216.244.66.238 - - [19/Jan/2020:15:11:53 +0100] "GET /product-category/jewelry/?add-to-cart=186&pa_size=l HTTP/1.1" 200 49 "-" "Mozilla/5.0 (compatible; DotBot/1.1; http://www.opensiteexplorer.org/dotbot, help@moz.com)"
216.244.66.238 - - [19/Jan/2020:15:11:54 +0100] "GET /product-category/jewelry/?number=12&pa_size=xl%2Cm HTTP/1.1" 200 49 "-" "Mozilla/5.0 (compatible; DotBot/1.1; http://www.opensiteexplorer.org/dotbot, help@moz.com)"
91.79.94.142 - - [19/Jan/2020:15:43:46 +0100] "GET / HTTP/1.1" 200 49 "-" "Mozilla/5.0 (Windows NT 6.1; rv:60.0) Gecko/20100101 Firefox/60.0"
216.244.66.238 - - [19/Jan/2020:15:52:27 +0100] "GET /product-category/jewelry/?add-to-cart=199&type=grid HTTP/1.1" 200 49 "-" "Mozilla/5.0 (compatible; DotBot/1.1; http://www.opensiteexplorer.org/dotbot, help@moz.com)"
216.244.66.238 - - [19/Jan/2020:15:52:28 +0100] "GET /product-category/jewelry/?number=48&pa_size=xl%2Cl HTTP/1.1" 200 49 "-" "Mozilla/5.0 (compatible; DotBot/1.1; http://www.opensiteexplorer.org/dotbot, help@moz.com)"
216.244.66.238 - - [19/Jan/2020:15:52:29 +0100] "GET /shop/?pa_color=green&product_cat=cosmetic HTTP/1.1" 200 49 "-" "Mozilla/5.0 (compatible; DotBot/1.1; http://www.opensiteexplorer.org/dotbot, help@moz.com)"
216.244.66.238 - - [19/Jan/2020:16:41:00 +0100] "GET /home-10/?action=yith-woocompare-add-product&id=107 HTTP/1.1" 200 49 "-" "Mozilla/5.0 (compatible; DotBot/1.1; http://www.opensiteexplorer.org/dotbot, help@moz.com)"
216.244.66.238 - - [19/Jan/2020:16:41:01 +0100] "GET /product-category/jewelry/?add-to-cart=98&pa_color=green HTTP/1.1" 200 49 "-" "Mozilla/5.0 (compatible; DotBot/1.1; http://www.opensiteexplorer.org/dotbot, help@moz.com)"
216.244.66.238 - - [19/Jan/2020:16:41:02 +0100] "GET /shop/?add-to-cart=191&product_cat=electronics HTTP/1.1" 200 49 "-" "Mozilla/5.0 (compatible; DotBot/1.1; http://www.opensiteexplorer.org/dotbot, help@moz.com)"
216.244.66.238 - - [19/Jan/2020:17:21:58 +0100] "GET /product-category/electronics/?number=48&pa_color=red HTTP/1.1" 200 49 "-" "Mozilla/5.0 (compatible; DotBot/1.1; http://www.opensiteexplorer.org/dotbot, help@moz.com)"
216.244.66.238 - - [19/Jan/2020:17:21:59 +0100] "GET /product-category/jewelry/?number=48&pa_size=m%2Cl HTTP/1.1" 200 49 "-" "Mozilla/5.0 (compatible; DotBot/1.1; http://www.opensiteexplorer.org/dotbot, help@moz.com)"
216.244.66.238 - - [19/Jan/2020:17:22:00 +0100] "GET /shop/?product_cat=cosmetic&pa_color=yellow HTTP/1.1" 200 49 "-" "Mozilla/5.0 (compatible; DotBot/1.1; http://www.opensiteexplorer.org/dotbot, help@moz.com)"
115.212.11.90 - - [19/Jan/2020:17:57:01 +0100] "POST /index.php HTTP/1.1" 200 49 "-" "Mozilla/5.0 (Windows NT 10.0; WOW64; rv:48.0) Gecko/20100101 Firefox/48.0"
216.244.66.238 - - [19/Jan/2020:18:43:23 +0100] "GET /home-15/7uptheme.com HTTP/1.1" 200 49 "-" "Mozilla/5.0 (compatible; DotBot/1.1; http://www.opensiteexplorer.org/dotbot, help@moz.com)"
216.244.66.238 - - [19/Jan/2020:18:46:06 +0100] "GET /wp-content/uploads/2016/06/20.jpg HTTP/1.1" 200 131746 "-" "Mozilla/5.0 (compatible; DotBot/1.1; http://www.opensiteexplorer.org/dotbot, help@moz.com)"
216.244.66.238 - - [19/Jan/2020:19:23:09 +0100] "GET /product-category/jewelry/earrings/ HTTP/1.1" 200 49 "-" "Mozilla/5.0 (compatible; DotBot/1.1; http://www.opensiteexplorer.org/dotbot, help@moz.com)"
216.244.66.238 - - [19/Jan/2020:20:51:59 +0100] "GET /product-category/jewelry/?number=6&pa_size=m%2Cxl HTTP/1.1" 200 49 "-" "Mozilla/5.0 (compatible; DotBot/1.1; http://www.opensiteexplorer.org/dotbot, help@moz.com)"
216.244.66.238 - - [19/Jan/2020:20:52:00 +0100] "GET /product-category/jewelry/?number=9&pa_size=xl%2Cm HTTP/1.1" 200 49 "-" "Mozilla/5.0 (compatible; DotBot/1.1; http://www.opensiteexplorer.org/dotbot, help@moz.com)"
113.21.97.89 - - [19/Jan/2020:22:48:31 +0100] "GET / HTTP/1.1" 200 49 "-" "Mozilla/5.0 (Windows NT 6.1; rv:60.0) Gecko/20100101 Firefox/60.0"
216.244.66.238 - - [19/Jan/2020:22:51:25 +0100] "GET /wp-content/uploads/2016/06/collection-054.jpg HTTP/1.1" 200 110182 "-" "Mozilla/5.0 (compatible; DotBot/1.1; http://www.opensiteexplorer.org/dotbot, help@moz.com)"
216.244.66.238 - - [19/Jan/2020:22:55:07 +0100] "GET /wp-content/uploads/2016/06/13.jpg HTTP/1.1" 200 96792 "-" "Mozilla/5.0 (compatible; DotBot/1.1; http://www.opensiteexplorer.org/dotbot, help@moz.com)"
157.55.39.41 - - [20/Jan/2020:02:26:59 +0100] "GET /robots.txt HTTP/1.1" 200 49 "-" "Mozilla/5.0 (compatible; bingbot/2.0; +http://www.bing.com/bingbot.htm)"
216.244.66.238 - - [20/Jan/2020:03:11:25 +0100] "GET /home-5/?action=yith-woocompare-add-product&id=98 HTTP/1.1" 200 49 "-" "Mozilla/5.0 (compatible; DotBot/1.1; http://www.opensiteexplorer.org/dotbot, help@moz.com)"
216.244.66.238 - - [20/Jan/2020:03:11:27 +0100] "GET /product-category/jewelry/?add-to-cart=199&pa_size=l HTTP/1.1" 200 49 "-" "Mozilla/5.0 (compatible; DotBot/1.1; http://www.opensiteexplorer.org/dotbot, help@moz.com)"
216.244.66.238 - - [20/Jan/2020:03:11:28 +0100] "GET /product-category/jewelry/?number=12&add-to-cart=106 HTTP/1.1" 200 49 "-" "Mozilla/5.0 (compatible; DotBot/1.1; http://www.opensiteexplorer.org/dotbot, help@moz.com)"
216.244.66.238 - - [20/Jan/2020:03:11:29 +0100] "GET /shop/?product_cat=cosmetic&pa_color=green HTTP/1.1" 200 49 "-" "Mozilla/5.0 (compatible; DotBot/1.1; http://www.opensiteexplorer.org/dotbot, help@moz.com)"
216.244.66.238 - - [20/Jan/2020:05:12:07 +0100] "GET /wp-content/uploads/2016/06/country-dining-chairs.jpg HTTP/1.1" 200 86194 "-" "Mozilla/5.0 (compatible; DotBot/1.1; http://www.opensiteexplorer.org/dotbot, help@moz.com)"
216.244.66.238 - - [20/Jan/2020:05:19:50 +0100] "GET /product-category/jewelry/?add-to-cart=186&pa_size=m HTTP/1.1" 200 49 "-" "Mozilla/5.0 (compatible; DotBot/1.1; http://www.opensiteexplorer.org/dotbot, help@moz.com)"
171.103.43.70 - - [20/Jan/2020:05:27:46 +0100] "GET / HTTP/1.1" 200 49 "-" "Mozilla/5.0 (Windows NT 6.1; rv:60.0) Gecko/20100101 Firefox/60.0"
216.244.66.238 - - [20/Jan/2020:06:08:26 +0100] "GET /robots.txt HTTP/1.1" 200 49 "-" "Mozilla/5.0 (compatible; DotBot/1.1; http://www.opensiteexplorer.org/dotbot, help@moz.com)"
103.131.71.24 - - [20/Jan/2020:08:41:40 +0100] "GET /robots.txt HTTP/1.1" 200 49 "-" "Mozilla/5.0 (compatible; coccocbot-image/1.0; +http://help.coccoc.com/searchengine)"
216.244.66.238 - - [20/Jan/2020:09:13:11 +0100] "GET /wp-content/uploads/2016/06/36-1.jpg HTTP/1.1" 200 105328 "-" "Mozilla/5.0 (compatible; DotBot/1.1; http://www.opensiteexplorer.org/dotbot, help@moz.com)"
176.31.116.194 - - [20/Jan/2020:12:02:56 +0100] "POST /wp-cron.php?doing_wp_cron=1579518176.8669939041137695312500 HTTP/1.1" 200 - "http://megastore.7uptheme.net/wp-cron.php?doing_wp_cron=1579518176.8669939041137695312500" "WordPress/5.1.4; https://megastore.7uptheme.net"
50.87.248.20 - - [20/Jan/2020:12:02:56 +0100] "HEAD /wp-admin/ HTTP/1.1" 302 - "https://vshoped.com" "Mozilla/5.0 (Windows NT 10.0; Win64; x64) AppleWebKit/537.36 (KHTML, like Gecko) Chrome/70.0.3538.102 Safari/537.36"
91.92.209.25 - - [20/Jan/2020:12:18:00 +0100] "GET / HTTP/1.1" 200 49 "-" "Mozilla/5.0 (Windows NT 6.1; rv:60.0) Gecko/20100101 Firefox/60.0"
109.70.100.19 - - [20/Jan/2020:12:32:06 +0100] "GET / HTTP/1.1" 200 49 "http://tartana.best/" "Mozilla/5.0 (Windows NT 10.0; rv:68.0) Gecko/20100101 Firefox/68.0"
62.210.105.116 - - [20/Jan/2020:13:55:52 +0100] "GET /robots.txt HTTP/1.1" 200 49 "http://despairingness.best/" "Mozilla/5.0 (Windows NT 10.0; rv:68.0) Gecko/20100101 Firefox/68.0"
216.244.66.238 - - [20/Jan/2020:16:57:19 +0100] "GET /product-category/fashion/?number=48 HTTP/1.1" 200 49 "-" "Mozilla/5.0 (compatible; DotBot/1.1; http://www.opensiteexplorer.org/dotbot, help@moz.com)"
216.244.66.238 - - [20/Jan/2020:18:22:04 +0100] "GET /product-category/jewelry/?add-to-cart=199&pa_size=xl HTTP/1.1" 200 49 "-" "Mozilla/5.0 (compatible; DotBot/1.1; http://www.opensiteexplorer.org/dotbot, help@moz.com)"
110.159.21.3 - - [20/Jan/2020:18:57:53 +0100] "GET / HTTP/1.1" 200 49 "-" "Mozilla/5.0 (Windows NT 6.1; rv:60.0) Gecko/20100101 Firefox/60.0"
216.244.66.238 - - [20/Jan/2020:19:03:44 +0100] "GET /home-3/?action=yith-woocompare-add-product&id=87 HTTP/1.1" 200 49 "-" "Mozilla/5.0 (compatible; DotBot/1.1; http://www.opensiteexplorer.org/dotbot, help@moz.com)"
216.244.66.238 - - [20/Jan/2020:19:03:47 +0100] "GET /shop-no-sidebar/?pa_size=xl HTTP/1.1" 200 49 "-" "Mozilla/5.0 (compatible; DotBot/1.1; http://www.opensiteexplorer.org/dotbot, help@moz.com)"
216.244.66.238 - - [20/Jan/2020:19:45:46 +0100] "GET /product-category/jewelry/?pa_size=xl&add-to-cart=193 HTTP/1.1" 200 49 "-" "Mozilla/5.0 (compatible; DotBot/1.1; http://www.opensiteexplorer.org/dotbot, help@moz.com)"
216.244.66.238 - - [20/Jan/2020:20:17:03 +0100] "GET /product-category/jewelry/?number=48&add_to_wishlist=107&product_cat=electronics HTTP/1.1" 200 49 "-" "Mozilla/5.0 (compatible; DotBot/1.1; http://www.opensiteexplorer.org/dotbot, help@moz.com)"
216.244.66.238 - - [20/Jan/2020:20:31:57 +0100] "GET /product-category/electronics/?number=48&pa_color=cyan HTTP/1.1" 200 49 "-" "Mozilla/5.0 (compatible; DotBot/1.1; http://www.opensiteexplorer.org/dotbot, help@moz.com)"
216.244.66.238 - - [20/Jan/2020:20:31:58 +0100] "GET /product-category/jewelry/?add-to-cart=186&pa_size=xl HTTP/1.1" 200 49 "-" "Mozilla/5.0 (compatible; DotBot/1.1; http://www.opensiteexplorer.org/dotbot, help@moz.com)"
216.244.66.238 - - [20/Jan/2020:20:31:59 +0100] "GET /shop/?add-to-cart=191&product_cat=watches HTTP/1.1" 200 49 "-" "Mozilla/5.0 (compatible; DotBot/1.1; http://www.opensiteexplorer.org/dotbot, help@moz.com)"
103.131.71.26 - - [20/Jan/2020:21:10:06 +0100] "GET /robots.txt HTTP/1.1" 200 49 "-" "Mozilla/5.0 (compatible; coccocbot-image/1.0; +http://help.coccoc.com/searchengine)"
216.244.66.238 - - [20/Jan/2020:21:10:07 +0100] "GET /shop/?pa_color=red&product_cat=shoes-bags HTTP/1.1" 200 49 "-" "Mozilla/5.0 (compatible; DotBot/1.1; http://www.opensiteexplorer.org/dotbot, help@moz.com)"
216.244.66.238 - - [20/Jan/2020:23:22:22 +0100] "GET /home-4/?action=yith-woocompare-add-product&id=98 HTTP/1.1" 200 49 "-" "Mozilla/5.0 (compatible; DotBot/1.1; http://www.opensiteexplorer.org/dotbot, help@moz.com)"
216.244.66.238 - - [20/Jan/2020:23:22:23 +0100] "GET /product-category/jewelry/?add-to-cart=193&pa_size=xl HTTP/1.1" 200 49 "-" "Mozilla/5.0 (compatible; DotBot/1.1; http://www.opensiteexplorer.org/dotbot, help@moz.com)"
216.244.66.238 - - [20/Jan/2020:23:22:25 +0100] "GET /product-category/jewelry/?number=48&pa_size=l%2Cm HTTP/1.1" 200 49 "-" "Mozilla/5.0 (compatible; DotBot/1.1; http://www.opensiteexplorer.org/dotbot, help@moz.com)"
216.244.66.238 - - [20/Jan/2020:23:22:26 +0100] "GET /product-category/jewelry/?number=9&add_to_wishlist=98 HTTP/1.1" 200 49 "-" "Mozilla/5.0 (compatible; DotBot/1.1; http://www.opensiteexplorer.org/dotbot, help@moz.com)"
216.244.66.238 - - [20/Jan/2020:23:22:27 +0100] "GET /product-category/jewelry/?pa_size=xl&pa_color=yellow HTTP/1.1" 200 49 "-" "Mozilla/5.0 (compatible; DotBot/1.1; http://www.opensiteexplorer.org/dotbot, help@moz.com)"
216.244.66.238 - - [20/Jan/2020:23:51:12 +0100] "GET /product-category/jewelry/?number=12&pa_size=m%2Cs HTTP/1.1" 200 49 "-" "Mozilla/5.0 (compatible; DotBot/1.1; http://www.opensiteexplorer.org/dotbot, help@moz.com)"
216.244.66.238 - - [20/Jan/2020:23:51:13 +0100] "GET /product-category/jewelry/?number=18&pa_size=m%2Cs HTTP/1.1" 200 49 "-" "Mozilla/5.0 (compatible; DotBot/1.1; http://www.opensiteexplorer.org/dotbot, help@moz.com)"
216.244.66.238 - - [20/Jan/2020:23:51:16 +0100] "GET /product-category/jewelry/?number=6&pa_size=xl%2Cs HTTP/1.1" 200 49 "-" "Mozilla/5.0 (compatible; DotBot/1.1; http://www.opensiteexplorer.org/dotbot, help@moz.com)"
216.244.66.238 - - [21/Jan/2020:00:38:30 +0100] "GET /home-10/?action=yith-woocompare-add-product&id=102 HTTP/1.1" 200 49 "-" "Mozilla/5.0 (compatible; DotBot/1.1; http://www.opensiteexplorer.org/dotbot, help@moz.com)"
216.244.66.238 - - [21/Jan/2020:00:38:32 +0100] "GET /home-3/?action=yith-woocompare-add-product&id=186 HTTP/1.1" 200 49 "-" "Mozilla/5.0 (compatible; DotBot/1.1; http://www.opensiteexplorer.org/dotbot, help@moz.com)"
216.244.66.238 - - [21/Jan/2020:00:38:33 +0100] "GET /shop-right-sidebar/?action=yith-woocompare-add-product&id=335 HTTP/1.1" 200 49 "-" "Mozilla/5.0 (compatible; DotBot/1.1; http://www.opensiteexplorer.org/dotbot, help@moz.com)"
103.1.93.63 - - [21/Jan/2020:02:00:05 +0100] "GET / HTTP/1.1" 200 49 "-" "Mozilla/5.0 (Windows NT 6.1; rv:60.0) Gecko/20100101 Firefox/60.0"
203.147.87.54 - - [21/Jan/2020:02:00:47 +0100] "GET / HTTP/1.1" 200 49 "-" "Mozilla/5.0 (Windows NT 6.1; rv:60.0) Gecko/20100101 Firefox/60.0"
216.244.66.238 - - [21/Jan/2020:02:08:34 +0100] "GET /home-15/?action=yith-woocompare-add-product&id=328 HTTP/1.1" 200 49 "-" "Mozilla/5.0 (compatible; DotBot/1.1; http://www.opensiteexplorer.org/dotbot, help@moz.com)"
216.244.66.238 - - [21/Jan/2020:02:08:35 +0100] "GET /home-17/?action=yith-woocompare-add-product&id=104 HTTP/1.1" 200 49 "-" "Mozilla/5.0 (compatible; DotBot/1.1; http://www.opensiteexplorer.org/dotbot, help@moz.com)"
216.244.66.238 - - [21/Jan/2020:02:08:36 +0100] "GET /home-3/?action=yith-woocompare-add-product&id=189 HTTP/1.1" 200 49 "-" "Mozilla/5.0 (compatible; DotBot/1.1; http://www.opensiteexplorer.org/dotbot, help@moz.com)"
216.244.66.238 - - [21/Jan/2020:02:08:37 +0100] "GET /home-3/?action=yith-woocompare-add-product&id=332 HTTP/1.1" 200 49 "-" "Mozilla/5.0 (compatible; DotBot/1.1; http://www.opensiteexplorer.org/dotbot, help@moz.com)"
216.244.66.238 - - [21/Jan/2020:02:08:38 +0100] "GET /shop-no-sidebar/?action=yith-woocompare-add-product&id=200 HTTP/1.1" 200 49 "-" "Mozilla/5.0 (compatible; DotBot/1.1; http://www.opensiteexplorer.org/dotbot, help@moz.com)"
216.244.66.238 - - [21/Jan/2020:02:08:39 +0100] "GET /shop/?pa_color=yellow&product_cat=furniture HTTP/1.1" 200 49 "-" "Mozilla/5.0 (compatible; DotBot/1.1; http://www.opensiteexplorer.org/dotbot, help@moz.com)"
216.244.66.238 - - [21/Jan/2020:04:01:06 +0100] "GET /shop/?product_cat=fashion&pa_color=green HTTP/1.1" 200 49 "-" "Mozilla/5.0 (compatible; DotBot/1.1; http://www.opensiteexplorer.org/dotbot, help@moz.com)"
216.244.66.238 - - [21/Jan/2020:06:08:50 +0100] "GET /product-category/jewelry/?number=12&pa_size=l%2Cs HTTP/1.1" 200 49 "-" "Mozilla/5.0 (compatible; DotBot/1.1; http://www.opensiteexplorer.org/dotbot, help@moz.com)"
216.244.66.238 - - [21/Jan/2020:06:22:37 +0100] "GET /robots.txt HTTP/1.1" 200 49 "-" "Mozilla/5.0 (compatible; DotBot/1.1; http://www.opensiteexplorer.org/dotbot, help@moz.com)"
216.244.66.238 - - [21/Jan/2020:06:48:23 +0100] "GET /product-category/jewelry/?number=9&pa_size=l%2Cs HTTP/1.1" 200 49 "-" "Mozilla/5.0 (compatible; DotBot/1.1; http://www.opensiteexplorer.org/dotbot, help@moz.com)"
216.244.66.238 - - [21/Jan/2020:07:29:49 +0100] "GET /product-category/jewelry/?add-to-cart=106&pa_size=l HTTP/1.1" 200 49 "-" "Mozilla/5.0 (compatible; DotBot/1.1; http://www.opensiteexplorer.org/dotbot, help@moz.com)"
216.244.66.238 - - [21/Jan/2020:07:29:52 +0100] "GET /product-category/jewelry/?add-to-cart=107&pa_size=l HTTP/1.1" 200 49 "-" "Mozilla/5.0 (compatible; DotBot/1.1; http://www.opensiteexplorer.org/dotbot, help@moz.com)"
216.244.66.238 - - [21/Jan/2020:07:29:53 +0100] "GET /product-category/jewelry/?product_cat=accessories HTTP/1.1" 200 49 "-" "Mozilla/5.0 (compatible; DotBot/1.1; http://www.opensiteexplorer.org/dotbot, help@moz.com)"
103.131.71.33 - - [21/Jan/2020:07:42:31 +0100] "GET /robots.txt HTTP/1.1" 200 49 "-" "Mozilla/5.0 (compatible; coccocbot-image/1.0; +http://help.coccoc.com/searchengine)"
216.244.66.238 - - [21/Jan/2020:08:48:04 +0100] "GET /blog/7uptheme.com HTTP/1.1" 200 49 "-" "Mozilla/5.0 (compatible; DotBot/1.1; http://www.opensiteexplorer.org/dotbot, help@moz.com)"
188.112.183.212 - - [21/Jan/2020:08:48:47 +0100] "GET / HTTP/1.1" 200 49 "-" "Mozilla/5.0 (Windows NT 6.1; rv:60.0) Gecko/20100101 Firefox/60.0"
216.244.66.238 - - [21/Jan/2020:09:02:25 +0100] "GET /product-category/jewelry/?number=48&pa_size=s%2Cl HTTP/1.1" 200 49 "-" "Mozilla/5.0 (compatible; DotBot/1.1; http://www.opensiteexplorer.org/dotbot, help@moz.com)"
216.244.66.238 - - [21/Jan/2020:09:42:27 +0100] "GET /product-category/electronics/?number=6&add-to-cart=96 HTTP/1.1" 200 49 "-" "Mozilla/5.0 (compatible; DotBot/1.1; http://www.opensiteexplorer.org/dotbot, help@moz.com)"
216.244.66.238 - - [21/Jan/2020:09:42:31 +0100] "GET /product-category/jewelry/?number=24&pa_size=m%2Cs HTTP/1.1" 200 49 "-" "Mozilla/5.0 (compatible; DotBot/1.1; http://www.opensiteexplorer.org/dotbot, help@moz.com)"
216.244.66.238 - - [21/Jan/2020:09:42:34 +0100] "GET /shop/?pa_color=yellow&product_cat=mobile HTTP/1.1" 200 49 "-" "Mozilla/5.0 (compatible; DotBot/1.1; http://www.opensiteexplorer.org/dotbot, help@moz.com)"
216.244.66.238 - - [21/Jan/2020:09:42:36 +0100] "GET /shop/?product_cat=watches&pa_color=yellow HTTP/1.1" 200 49 "-" "Mozilla/5.0 (compatible; DotBot/1.1; http://www.opensiteexplorer.org/dotbot, help@moz.com)"
216.244.66.238 - - [21/Jan/2020:10:21:13 +0100] "GET /shop/?pa_color=yellow&add_to_wishlist=339 HTTP/1.1" 200 49 "-" "Mozilla/5.0 (compatible; DotBot/1.1; http://www.opensiteexplorer.org/dotbot, help@moz.com)"
216.244.66.238 - - [21/Jan/2020:10:21:20 +0100] "GET /shop/?product_cat=furniture&pa_color=blue HTTP/1.1" 200 49 "-" "Mozilla/5.0 (compatible; DotBot/1.1; http://www.opensiteexplorer.org/dotbot, help@moz.com)"
216.244.66.238 - - [21/Jan/2020:11:32:11 +0100] "GET /product-category/fashion/boys/ HTTP/1.1" 200 49 "-" "Mozilla/5.0 (compatible; DotBot/1.1; http://www.opensiteexplorer.org/dotbot, help@moz.com)"
216.244.66.238 - - [21/Jan/2020:11:32:14 +0100] "GET /product-category/jewelry/necklace/ HTTP/1.1" 200 49 "-" "Mozilla/5.0 (compatible; DotBot/1.1; http://www.opensiteexplorer.org/dotbot, help@moz.com)"
216.244.66.238 - - [21/Jan/2020:12:28:28 +0100] "GET /product-category/jewelry/?number=48&pa_size=s%2Cm HTTP/1.1" 200 49 "-" "Mozilla/5.0 (compatible; DotBot/1.1; http://www.opensiteexplorer.org/dotbot, help@moz.com)"
31.13.127.14 - - [21/Jan/2020:14:23:56 +0100] "GET /about HTTP/1.1" 206 49 "-" "facebookexternalhit/1.1 (+http://www.facebook.com/externalhit_uatext.php)"
31.13.127.12 - - [21/Jan/2020:14:23:56 +0100] "GET /contact HTTP/1.1" 206 49 "-" "facebookexternalhit/1.1 (+http://www.facebook.com/externalhit_uatext.php)"
216.244.66.238 - - [21/Jan/2020:14:37:25 +0100] "GET /product-category/jewelry/?add-to-cart=107&pa_color=cyan HTTP/1.1" 200 49 "-" "Mozilla/5.0 (compatible; DotBot/1.1; http://www.opensiteexplorer.org/dotbot, help@moz.com)"
216.244.66.238 - - [21/Jan/2020:14:37:26 +0100] "GET /product-category/jewelry/?number=12&add_to_wishlist=199 HTTP/1.1" 200 49 "-" "Mozilla/5.0 (compatible; DotBot/1.1; http://www.opensiteexplorer.org/dotbot, help@moz.com)"
216.244.66.238 - - [21/Jan/2020:14:37:28 +0100] "GET /product-category/jewelry/?pa_size=xl&product_cat=fashion HTTP/1.1" 200 49 "-" "Mozilla/5.0 (compatible; DotBot/1.1; http://www.opensiteexplorer.org/dotbot, help@moz.com)"
216.244.66.238 - - [21/Jan/2020:14:37:29 +0100] "GET /shop-no-sidebar/?action=yith-woocompare-add-product&id=331 HTTP/1.1" 200 49 "-" "Mozilla/5.0 (compatible; DotBot/1.1; http://www.opensiteexplorer.org/dotbot, help@moz.com)"
216.244.66.238 - - [21/Jan/2020:14:37:30 +0100] "GET /shop/?add-to-cart=107&product_cat=furniture HTTP/1.1" 200 49 "-" "Mozilla/5.0 (compatible; DotBot/1.1; http://www.opensiteexplorer.org/dotbot, help@moz.com)"
183.89.214.49 - - [21/Jan/2020:15:34:03 +0100] "GET / HTTP/1.1" 200 49 "-" "Mozilla/5.0 (Windows NT 6.1; rv:60.0) Gecko/20100101 Firefox/60.0"
216.244.66.238 - - [21/Jan/2020:16:00:45 +0100] "GET /product-category/electronics/?number=48&add-to-cart=197 HTTP/1.1" 200 49 "-" "Mozilla/5.0 (compatible; DotBot/1.1; http://www.opensiteexplorer.org/dotbot, help@moz.com)"
216.244.66.238 - - [21/Jan/2020:16:00:47 +0100] "GET /product-category/jewelry/?pa_color=cyan&add-to-cart=193 HTTP/1.1" 200 49 "-" "Mozilla/5.0 (compatible; DotBot/1.1; http://www.opensiteexplorer.org/dotbot, help@moz.com)"
216.244.66.238 - - [21/Jan/2020:16:00:48 +0100] "GET /shop-right-sidebar/?action=yith-woocompare-add-product&id=328 HTTP/1.1" 200 49 "-" "Mozilla/5.0 (compatible; DotBot/1.1; http://www.opensiteexplorer.org/dotbot, help@moz.com)"
216.244.66.238 - - [21/Jan/2020:16:00:50 +0100] "GET /shop/?add_to_wishlist=193&product_cat=watches HTTP/1.1" 200 49 "-" "Mozilla/5.0 (compatible; DotBot/1.1; http://www.opensiteexplorer.org/dotbot, help@moz.com)"
31.13.127.14 - - [21/Jan/2020:16:46:40 +0100] "GET /about HTTP/1.1" 206 49 "-" "facebookexternalhit/1.1 (+http://www.facebook.com/externalhit_uatext.php)"
31.13.127.18 - - [21/Jan/2020:16:46:40 +0100] "GET /contact HTTP/1.1" 206 49 "-" "facebookexternalhit/1.1 (+http://www.facebook.com/externalhit_uatext.php)"
216.244.66.238 - - [21/Jan/2020:19:37:25 +0100] "GET /home-2/?add-to-cart=92 HTTP/1.1" 200 49 "-" "Mozilla/5.0 (compatible; DotBot/1.1; http://www.opensiteexplorer.org/dotbot, help@moz.com)"
216.244.66.238 - - [21/Jan/2020:19:37:28 +0100] "GET /product-category/electronics/?number=6&add-to-cart=192 HTTP/1.1" 200 49 "-" "Mozilla/5.0 (compatible; DotBot/1.1; http://www.opensiteexplorer.org/dotbot, help@moz.com)"
216.244.66.238 - - [21/Jan/2020:19:37:30 +0100] "GET /product-category/jewelry/?pa_size=xl&product_cat=mobile HTTP/1.1" 200 49 "-" "Mozilla/5.0 (compatible; DotBot/1.1; http://www.opensiteexplorer.org/dotbot, help@moz.com)"
216.244.66.238 - - [21/Jan/2020:19:37:32 +0100] "GET /wp-content/uploads/2016/06/5.jpg HTTP/1.1" 200 97855 "-" "Mozilla/5.0 (compatible; DotBot/1.1; http://www.opensiteexplorer.org/dotbot, help@moz.com)"
40.77.167.93 - - [21/Jan/2020:20:35:18 +0100] "GET /robots.txt HTTP/1.1" 200 49 "-" "msnbot/2.0b (+http://search.msn.com/msnbot.htm)"
216.244.66.238 - - [21/Jan/2020:20:37:30 +0100] "GET /product-category/mobile/blackberry/ HTTP/1.1" 200 49 "-" "Mozilla/5.0 (compatible; DotBot/1.1; http://www.opensiteexplorer.org/dotbot, help@moz.com)"
173.252.87.2 - - [21/Jan/2020:21:51:18 +0100] "GET /contact HTTP/1.1" 206 49 "-" "facebookexternalhit/1.1 (+http://www.facebook.com/externalhit_uatext.php)"
173.252.87.56 - - [21/Jan/2020:21:51:18 +0100] "GET /about HTTP/1.1" 206 49 "-" "facebookexternalhit/1.1 (+http://www.facebook.com/externalhit_uatext.php)"
45.227.192.245 - - [21/Jan/2020:22:41:33 +0100] "GET / HTTP/1.1" 200 49 "-" "Mozilla/5.0 (Windows NT 6.1; rv:60.0) Gecko/20100101 Firefox/60.0"
103.131.71.34 - - [22/Jan/2020:00:27:36 +0100] "GET /robots.txt HTTP/1.1" 200 49 "-" "Mozilla/5.0 (compatible; coccocbot-image/1.0; +http://help.coccoc.com/searchengine)"
216.244.66.238 - - [22/Jan/2020:02:20:58 +0100] "GET /product-category/furniture/bamboo/ HTTP/1.1" 200 49 "-" "Mozilla/5.0 (compatible; DotBot/1.1; http://www.opensiteexplorer.org/dotbot, help@moz.com)"
125.35.93.62 - - [22/Jan/2020:05:48:07 +0100] "GET / HTTP/1.1" 200 49 "-" "Mozilla/5.0 (Windows NT 6.1; rv:60.0) Gecko/20100101 Firefox/60.0"
216.244.66.238 - - [22/Jan/2020:05:49:46 +0100] "GET /home-13/7uptheme.com HTTP/1.1" 200 49 "-" "Mozilla/5.0 (compatible; DotBot/1.1; http://www.opensiteexplorer.org/dotbot, help@moz.com)"
173.252.83.1 - - [22/Jan/2020:06:03:31 +0100] "GET /contact HTTP/1.1" 206 49 "-" "facebookexternalhit/1.1 (+http://www.facebook.com/externalhit_uatext.php)"
185.220.101.68 - - [22/Jan/2020:06:19:57 +0100] "GET / HTTP/1.1" 200 49 "http://necturidae.best/" "Mozilla/5.0 (Windows NT 10.0; rv:68.0) Gecko/20100101 Firefox/68.0"
185.220.101.0 - - [22/Jan/2020:06:21:11 +0100] "GET /robots.txt HTTP/1.1" 200 49 "http://chaetetidae.best/" "Mozilla/5.0 (Windows NT 10.0; rv:68.0) Gecko/20100101 Firefox/68.0"
216.244.66.238 - - [22/Jan/2020:06:51:57 +0100] "GET /robots.txt HTTP/1.1" 200 49 "-" "Mozilla/5.0 (compatible; DotBot/1.1; http://www.opensiteexplorer.org/dotbot, help@moz.com)"
103.131.71.20 - - [22/Jan/2020:07:25:18 +0100] "GET /robots.txt HTTP/1.1" 200 49 "-" "Mozilla/5.0 (compatible; coccocbot-image/1.0; +http://help.coccoc.com/searchengine)"
216.244.66.238 - - [22/Jan/2020:08:08:44 +0100] "GET /shop/?action=yith-woocompare-add-product&id=335 HTTP/1.1" 200 49 "-" "Mozilla/5.0 (compatible; DotBot/1.1; http://www.opensiteexplorer.org/dotbot, help@moz.com)"
216.244.66.238 - - [22/Jan/2020:09:20:49 +0100] "GET /home-13/?action=yith-woocompare-add-product&id=107 HTTP/1.1" 200 49 "-" "Mozilla/5.0 (compatible; DotBot/1.1; http://www.opensiteexplorer.org/dotbot, help@moz.com)"
216.244.66.238 - - [22/Jan/2020:09:20:52 +0100] "GET /home-9/?action=yith-woocompare-add-product&id=329 HTTP/1.1" 200 49 "-" "Mozilla/5.0 (compatible; DotBot/1.1; http://www.opensiteexplorer.org/dotbot, help@moz.com)"
216.244.66.238 - - [22/Jan/2020:09:20:53 +0100] "GET /product-category/jewelry/?pa_color=red&pa_size=l%2Cm HTTP/1.1" 200 49 "-" "Mozilla/5.0 (compatible; DotBot/1.1; http://www.opensiteexplorer.org/dotbot, help@moz.com)"
216.244.66.238 - - [22/Jan/2020:09:20:54 +0100] "GET /shop/?add-to-cart=96&product_cat=shoes-bags HTTP/1.1" 200 49 "-" "Mozilla/5.0 (compatible; DotBot/1.1; http://www.opensiteexplorer.org/dotbot, help@moz.com)"
216.244.66.238 - - [22/Jan/2020:09:20:55 +0100] "GET /shop/?product_cat=fashion&add_to_wishlist=191 HTTP/1.1" 200 49 "-" "Mozilla/5.0 (compatible; DotBot/1.1; http://www.opensiteexplorer.org/dotbot, help@moz.com)"
31.13.127.6 - - [22/Jan/2020:09:33:09 +0100] "GET /contact HTTP/1.1" 206 49 "-" "facebookexternalhit/1.1 (+http://www.facebook.com/externalhit_uatext.php)"
31.13.127.20 - - [22/Jan/2020:09:33:09 +0100] "GET /about HTTP/1.1" 206 49 "-" "facebookexternalhit/1.1 (+http://www.facebook.com/externalhit_uatext.php)"
216.244.66.238 - - [22/Jan/2020:11:41:00 +0100] "GET /home-6/?action=yith-woocompare-add-product&id=199 HTTP/1.1" 200 49 "-" "Mozilla/5.0 (compatible; DotBot/1.1; http://www.opensiteexplorer.org/dotbot, help@moz.com)"
216.244.66.238 - - [22/Jan/2020:12:45:34 +0100] "GET /shop-right-sidebar/?action=yith-woocompare-add-product&id=330 HTTP/1.1" 200 49 "-" "Mozilla/5.0 (compatible; DotBot/1.1; http://www.opensiteexplorer.org/dotbot, help@moz.com)"
216.244.66.238 - - [22/Jan/2020:12:45:35 +0100] "GET /shop-right-sidebar/?action=yith-woocompare-add-product&id=336 HTTP/1.1" 200 49 "-" "Mozilla/5.0 (compatible; DotBot/1.1; http://www.opensiteexplorer.org/dotbot, help@moz.com)"
216.244.66.238 - - [22/Jan/2020:12:45:36 +0100] "GET /shop/?product_cat=fashion&add_to_wishlist=193 HTTP/1.1" 200 49 "-" "Mozilla/5.0 (compatible; DotBot/1.1; http://www.opensiteexplorer.org/dotbot, help@moz.com)"
173.217.253.16 - - [22/Jan/2020:12:47:39 +0100] "GET / HTTP/1.1" 200 49 "-" "Mozilla/5.0 (Windows NT 6.1; rv:60.0) Gecko/20100101 Firefox/60.0"
216.244.66.238 - - [22/Jan/2020:14:08:18 +0100] "GET /product-category/furniture/deco/ HTTP/1.1" 200 49 "-" "Mozilla/5.0 (compatible; DotBot/1.1; http://www.opensiteexplorer.org/dotbot, help@moz.com)"
216.244.66.238 - - [22/Jan/2020:16:25:25 +0100] "GET /shop/?action=yith-woocompare-add-product&id=192 HTTP/1.1" 200 49 "-" "Mozilla/5.0 (compatible; DotBot/1.1; http://www.opensiteexplorer.org/dotbot, help@moz.com)"
216.244.66.238 - - [22/Jan/2020:17:39:09 +0100] "GET /product-category/furniture/table/ HTTP/1.1" 200 49 "-" "Mozilla/5.0 (compatible; DotBot/1.1; http://www.opensiteexplorer.org/dotbot, help@moz.com)"
216.244.66.238 - - [22/Jan/2020:19:03:40 +0100] "GET /product-category/jewelry/?add-to-cart=335&pa_size=xl HTTP/1.1" 200 49 "-" "Mozilla/5.0 (compatible; DotBot/1.1; http://www.opensiteexplorer.org/dotbot, help@moz.com)"
216.244.66.238 - - [22/Jan/2020:19:18:09 +0100] "GET /home-14/?action=yith-woocompare-add-product&id=328 HTTP/1.1" 200 49 "-" "Mozilla/5.0 (compatible; DotBot/1.1; http://www.opensiteexplorer.org/dotbot, help@moz.com)"
216.244.66.238 - - [22/Jan/2020:19:18:09 +0100] "GET /home-16/?action=yith-woocompare-add-product&id=191 HTTP/1.1" 200 49 "-" "Mozilla/5.0 (compatible; DotBot/1.1; http://www.opensiteexplorer.org/dotbot, help@moz.com)"
