221.10.230.228 - - [07/Jan/2020:17:58:30 +0100] "GET / HTTP/1.1" 301 - "-" "Mozilla/5.0 (Windows NT 6.1; rv:60.0) Gecko/20100101 Firefox/60.0"
112.23.7.76 - - [07/Jan/2020:17:58:30 +0100] "GET / HTTP/1.1" 301 - "-" "Mozilla/5.0 (Windows NT 6.1; rv:60.0) Gecko/20100101 Firefox/60.0"
14.17.70.182 - - [07/Jan/2020:19:31:03 +0100] "GET / HTTP/1.1" 301 - "-" "Mozilla/5.0 (Windows NT 6.1; Win64; x64) AppleWebKit/537.36 (KHTML, like Gecko) Chrome/40.0.2214.85 Safari/537.36"
14.17.70.182 - - [07/Jan/2020:19:31:09 +0100] "GET / HTTP/1.1" 301 - "-" "Mozilla/5.0 (Windows NT 6.1; Win64; x64) AppleWebKit/537.36 (KHTML, like Gecko) Chrome/40.0.2214.85 Safari/537.36"
183.232.239.234 - - [07/Jan/2020:19:31:38 +0100] "GET / HTTP/1.1" 301 - "-" "Mozilla/5.0 (Windows NT 6.1; Win64; x64) AppleWebKit/537.36 (KHTML, like Gecko) Chrome/40.0.2214.85 Safari/537.36"
183.232.239.234 - - [07/Jan/2020:19:31:44 +0100] "GET / HTTP/1.1" 301 - "-" "Mozilla/5.0 (Windows NT 6.1; Win64; x64) AppleWebKit/537.36 (KHTML, like Gecko) Chrome/40.0.2214.85 Safari/537.36"
183.232.239.234 - - [07/Jan/2020:19:31:47 +0100] "GET / HTTP/1.1" 301 - "-" "Mozilla/5.0 (Windows NT 6.1; Win64; x64) AppleWebKit/537.36 (KHTML, like Gecko) Chrome/40.0.2214.85 Safari/537.36"
120.33.34.91 - - [07/Jan/2020:20:07:32 +0100] "GET / HTTP/1.1" 301 - "-" "Mozilla/5.0 (Windows NT 6.1; Win64; x64) AppleWebKit/537.36 (KHTML, like Gecko) Chrome/40.0.2214.85 Safari/537.36"
144.168.162.250 - - [07/Jan/2020:20:18:23 +0100] "GET / HTTP/1.1" 301 - "-" "Mozilla/5.0 (Windows NT 6.1; WOW64) AppleWebKit/537.36 (KHTML, like Gecko) Chrome/34.0.1847.131 Safari/537.36"
176.31.116.194 - - [07/Jan/2020:20:18:24 +0100] "POST /wp-cron.php?doing_wp_cron=1578424704.6508851051330566406250 HTTP/1.1" 200 - "http://megastore.7uptheme.net/wp-cron.php?doing_wp_cron=1578424704.6508851051330566406250" "WordPress/5.1.1; https://megastore.7uptheme.net"
173.252.87.27 - - [07/Jan/2020:21:50:43 +0100] "GET /about HTTP/1.1" 301 - "-" "facebookexternalhit/1.1 (+http://www.facebook.com/externalhit_uatext.php)"
173.252.87.18 - - [07/Jan/2020:21:50:43 +0100] "GET /contact HTTP/1.1" 301 - "-" "facebookexternalhit/1.1 (+http://www.facebook.com/externalhit_uatext.php)"
207.46.13.144 - - [08/Jan/2020:00:45:47 +0100] "GET /robots.txt HTTP/1.1" 301 - "-" "Mozilla/5.0 (compatible; bingbot/2.0; +http://www.bing.com/bingbot.htm)"
40.77.167.61 - - [08/Jan/2020:00:46:12 +0100] "GET / HTTP/1.1" 301 - "-" "Mozilla/5.0 (compatible; bingbot/2.0; +http://www.bing.com/bingbot.htm)"
216.244.66.238 - - [08/Jan/2020:01:10:00 +0100] "GET /robots.txt HTTP/1.1" 301 - "-" "Mozilla/5.0 (compatible; DotBot/1.1; http://www.opensiteexplorer.org/dotbot, help@moz.com)"
222.91.248.106 - - [08/Jan/2020:01:32:39 +0100] "GET / HTTP/1.1" 301 - "-" "Mozilla/5.0 (Windows NT 6.1; rv:60.0) Gecko/20100101 Firefox/60.0"
103.131.71.26 - - [08/Jan/2020:06:09:54 +0100] "GET /robots.txt HTTP/1.1" 301 - "-" "Mozilla/5.0 (compatible; coccocbot-image/1.0; +http://help.coccoc.com/searchengine)"
176.31.116.194 - - [08/Jan/2020:08:35:11 +0100] "POST /wp-cron.php?doing_wp_cron=1578468911.0472490787506103515625 HTTP/1.1" 200 - "http://megastore.7uptheme.net/wp-cron.php?doing_wp_cron=1578468911.0472490787506103515625" "WordPress/5.1.1; https://megastore.7uptheme.net"
157.55.39.209 - - [08/Jan/2020:08:35:10 +0100] "GET /robots.txt HTTP/1.1" 301 - "-" "msnbot/2.0b (+http://search.msn.com/msnbot.htm)"
58.220.234.18 - - [08/Jan/2020:08:49:30 +0100] "GET / HTTP/1.1" 301 - "-" "Mozilla/5.0 (Windows NT 6.1; rv:60.0) Gecko/20100101 Firefox/60.0"
50.87.248.20 - - [08/Jan/2020:11:18:55 +0100] "HEAD /wp-admin/ HTTP/1.1" 302 - "https://vshoped.com" "Mozilla/5.0 (Windows NT 10.0; Win64; x64) AppleWebKit/537.36 (KHTML, like Gecko) Chrome/70.0.3538.102 Safari/537.36"
31.13.127.22 - - [08/Jan/2020:11:49:34 +0100] "GET /about HTTP/1.1" 301 - "-" "facebookexternalhit/1.1 (+http://www.facebook.com/externalhit_uatext.php)"
31.13.127.24 - - [08/Jan/2020:11:49:34 +0100] "GET /contact HTTP/1.1" 301 - "-" "facebookexternalhit/1.1 (+http://www.facebook.com/externalhit_uatext.php)"
31.13.127.9 - - [08/Jan/2020:11:49:34 +0100] "GET /contact HTTP/1.1" 301 - "-" "facebookexternalhit/1.1 (+http://www.facebook.com/externalhit_uatext.php)"
31.13.127.23 - - [08/Jan/2020:11:49:34 +0100] "GET /about HTTP/1.1" 301 - "-" "facebookexternalhit/1.1 (+http://www.facebook.com/externalhit_uatext.php)"
176.31.116.194 - - [08/Jan/2020:15:50:33 +0100] "POST /wp-cron.php?doing_wp_cron=1578495033.4829320907592773437500 HTTP/1.1" 200 - "http://megastore.7uptheme.net/wp-cron.php?doing_wp_cron=1578495033.4829320907592773437500" "WordPress/5.1.1; https://megastore.7uptheme.net"
157.55.39.209 - - [08/Jan/2020:15:50:33 +0100] "GET /robots.txt HTTP/1.1" 301 - "-" "msnbot/2.0b (+http://search.msn.com/msnbot.htm)"
27.189.251.86 - - [08/Jan/2020:15:55:12 +0100] "GET / HTTP/1.1" 301 - "-" "Mozilla/5.0 (Windows NT 6.1; rv:60.0) Gecko/20100101 Firefox/60.0"
31.13.127.2 - - [08/Jan/2020:16:43:31 +0100] "GET /contact HTTP/1.1" 301 - "-" "facebookexternalhit/1.1 (+http://www.facebook.com/externalhit_uatext.php)"
31.13.127.12 - - [08/Jan/2020:16:43:31 +0100] "GET /contact HTTP/1.1" 301 - "-" "facebookexternalhit/1.1 (+http://www.facebook.com/externalhit_uatext.php)"
31.13.127.12 - - [08/Jan/2020:16:43:31 +0100] "GET /about HTTP/1.1" 301 - "-" "facebookexternalhit/1.1 (+http://www.facebook.com/externalhit_uatext.php)"
31.13.127.2 - - [08/Jan/2020:16:43:31 +0100] "GET /about HTTP/1.1" 301 - "-" "facebookexternalhit/1.1 (+http://www.facebook.com/externalhit_uatext.php)"
40.77.167.39 - - [08/Jan/2020:17:15:24 +0100] "GET / HTTP/1.1" 301 - "-" "Mozilla/5.0 (compatible; bingbot/2.0; +http://www.bing.com/bingbot.htm)"
69.171.251.36 - - [08/Jan/2020:19:31:04 +0100] "GET /about HTTP/1.1" 301 - "-" "facebookexternalhit/1.1 (+http://www.facebook.com/externalhit_uatext.php)"
69.171.251.36 - - [08/Jan/2020:19:31:04 +0100] "GET /contact HTTP/1.1" 301 - "-" "facebookexternalhit/1.1 (+http://www.facebook.com/externalhit_uatext.php)"
69.171.251.17 - - [08/Jan/2020:19:31:04 +0100] "GET /about HTTP/1.1" 301 - "-" "facebookexternalhit/1.1 (+http://www.facebook.com/externalhit_uatext.php)"
69.171.251.13 - - [08/Jan/2020:19:31:05 +0100] "GET /contact HTTP/1.1" 301 - "-" "facebookexternalhit/1.1 (+http://www.facebook.com/externalhit_uatext.php)"
39.98.123.190 - - [08/Jan/2020:19:34:12 +0100] "HEAD /manage/login.php HTTP/1.1" 301 - "-" "-"
39.98.123.190 - - [08/Jan/2020:19:34:12 +0100] "HEAD /htadmin/login.php HTTP/1.1" 301 - "-" "-"
39.98.123.190 - - [08/Jan/2020:19:34:12 +0100] "HEAD /admindede/login.php HTTP/1.1" 301 - "-" "-"
39.98.123.190 - - [08/Jan/2020:19:34:12 +0100] "HEAD /manager/login.php HTTP/1.1" 301 - "-" "-"
39.98.123.190 - - [08/Jan/2020:19:34:12 +0100] "HEAD /dede/login.php HTTP/1.1" 301 - "-" "-"
39.98.123.190 - - [08/Jan/2020:19:34:12 +0100] "HEAD /admin/login.php HTTP/1.1" 301 - "-" "-"
66.249.64.145 - - [08/Jan/2020:20:41:51 +0100] "GET /robots.txt HTTP/1.1" 301 - "-" "Mozilla/5.0 (compatible; Googlebot/2.1; +http://www.google.com/bot.html)"
66.249.64.143 - - [08/Jan/2020:20:41:54 +0100] "GET / HTTP/1.1" 301 - "-" "Mozilla/5.0 (compatible; Googlebot/2.1; +http://www.google.com/bot.html)"
66.249.64.145 - - [08/Jan/2020:20:56:48 +0100] "GET / HTTP/1.1" 301 - "-" "Mozilla/5.0 (Linux; Android 6.0.1; Nexus 5X Build/MMB29P) AppleWebKit/537.36 (KHTML, like Gecko) Chrome/41.0.2272.96 Mobile Safari/537.36 (compatible; Googlebot/2.1; +http://www.google.com/bot.html)"
31.13.127.2 - - [08/Jan/2020:21:50:55 +0100] "GET /contact HTTP/1.1" 301 - "-" "facebookexternalhit/1.1 (+http://www.facebook.com/externalhit_uatext.php)"
31.13.127.11 - - [08/Jan/2020:21:50:55 +0100] "GET /about HTTP/1.1" 301 - "-" "facebookexternalhit/1.1 (+http://www.facebook.com/externalhit_uatext.php)"
31.13.127.28 - - [08/Jan/2020:21:50:55 +0100] "GET /contact HTTP/1.1" 301 - "-" "facebookexternalhit/1.1 (+http://www.facebook.com/externalhit_uatext.php)"
31.13.127.12 - - [08/Jan/2020:21:50:55 +0100] "GET /about HTTP/1.1" 301 - "-" "facebookexternalhit/1.1 (+http://www.facebook.com/externalhit_uatext.php)"
207.46.13.138 - - [09/Jan/2020:00:49:24 +0100] "GET /robots.txt HTTP/1.1" 301 - "-" "msnbot/2.0b (+http://search.msn.com/msnbot.htm)"
216.244.66.238 - - [09/Jan/2020:01:32:14 +0100] "GET /robots.txt HTTP/1.1" 301 - "-" "Mozilla/5.0 (compatible; DotBot/1.1; http://www.opensiteexplorer.org/dotbot, help@moz.com)"
157.55.39.19 - - [09/Jan/2020:02:07:52 +0100] "GET /robots.txt HTTP/1.1" 301 - "-" "Mozilla/5.0 (compatible; bingbot/2.0; +http://www.bing.com/bingbot.htm)"
159.138.156.149 - - [09/Jan/2020:04:39:48 +0100] "GET /robots.txt HTTP/1.1" 301 - "-" "Mozilla/5.0(Linux;Android 5.1.1;OPPO A33 Build/LMY47V;wv) AppleWebKit/537.36(KHTML,link Gecko) Version/4.0 Chrome/43.0.2357.121 Mobile Safari/537.36 LieBaoFast/4.51.3"
207.46.13.138 - - [09/Jan/2020:04:44:32 +0100] "GET / HTTP/1.1" 301 - "-" "Mozilla/5.0 (compatible; bingbot/2.0; +http://www.bing.com/bingbot.htm)"
217.19.221.187 - - [09/Jan/2020:06:27:38 +0100] "GET / HTTP/1.1" 301 - "-" "Mozilla/5.0 (Windows NT 6.1; rv:60.0) Gecko/20100101 Firefox/60.0"
31.13.127.22 - - [09/Jan/2020:08:23:18 +0100] "GET /contact HTTP/1.1" 301 - "-" "facebookexternalhit/1.1 (+http://www.facebook.com/externalhit_uatext.php)"
31.13.127.18 - - [09/Jan/2020:08:23:18 +0100] "GET /about HTTP/1.1" 301 - "-" "facebookexternalhit/1.1 (+http://www.facebook.com/externalhit_uatext.php)"
31.13.127.21 - - [09/Jan/2020:08:23:18 +0100] "GET /contact HTTP/1.1" 301 - "-" "facebookexternalhit/1.1 (+http://www.facebook.com/externalhit_uatext.php)"
31.13.127.6 - - [09/Jan/2020:08:23:18 +0100] "GET /about HTTP/1.1" 301 - "-" "facebookexternalhit/1.1 (+http://www.facebook.com/externalhit_uatext.php)"
103.131.71.29 - - [09/Jan/2020:12:52:41 +0100] "GET /robots.txt HTTP/1.1" 301 - "-" "Mozilla/5.0 (compatible; coccocbot-image/1.0; +http://help.coccoc.com/searchengine)"
221.178.138.106 - - [09/Jan/2020:13:27:24 +0100] "GET / HTTP/1.1" 301 - "-" "Mozilla/5.0 (Windows NT 6.1; rv:60.0) Gecko/20100101 Firefox/60.0"
31.13.127.11 - - [09/Jan/2020:14:06:03 +0100] "GET /about HTTP/1.1" 301 - "-" "facebookexternalhit/1.1 (+http://www.facebook.com/externalhit_uatext.php)"
31.13.127.5 - - [09/Jan/2020:14:06:03 +0100] "GET /contact HTTP/1.1" 301 - "-" "facebookexternalhit/1.1 (+http://www.facebook.com/externalhit_uatext.php)"
207.46.13.138 - - [09/Jan/2020:16:15:07 +0100] "GET /robots.txt HTTP/1.1" 301 - "-" "msnbot/2.0b (+http://search.msn.com/msnbot.htm)"
31.13.103.6 - - [09/Jan/2020:16:39:25 +0100] "GET /contact HTTP/1.1" 301 - "-" "facebookexternalhit/1.1 (+http://www.facebook.com/externalhit_uatext.php)"
31.13.103.18 - - [09/Jan/2020:16:39:26 +0100] "GET /about HTTP/1.1" 301 - "-" "facebookexternalhit/1.1 (+http://www.facebook.com/externalhit_uatext.php)"
157.55.39.19 - - [09/Jan/2020:16:48:42 +0100] "GET /robots.txt HTTP/1.1" 301 - "-" "Mozilla/5.0 (compatible; bingbot/2.0; +http://www.bing.com/bingbot.htm)"
46.119.180.141 - - [09/Jan/2020:18:09:40 +0100] "GET / HTTP/1.1" 301 - "-" "Mozilla/5.0 (Windows NT 10.0; Win64; x64) AppleWebKit/537.36 (KHTML, like Gecko) Chrome/78.0.3904.97 Safari/537.36"
207.46.13.138 - - [09/Jan/2020:19:15:38 +0100] "GET / HTTP/1.1" 301 - "-" "Mozilla/5.0 (compatible; bingbot/2.0; +http://www.bing.com/bingbot.htm)"
24.164.142.188 - - [09/Jan/2020:20:31:33 +0100] "GET / HTTP/1.1" 301 - "-" "Mozilla/5.0 (Windows NT 6.1; rv:60.0) Gecko/20100101 Firefox/60.0"
173.252.127.16 - - [09/Jan/2020:20:40:28 +0100] "GET /contact HTTP/1.1" 301 - "-" "facebookexternalhit/1.1 (+http://www.facebook.com/externalhit_uatext.php)"
173.252.127.50 - - [09/Jan/2020:20:40:29 +0100] "GET /about HTTP/1.1" 301 - "-" "facebookexternalhit/1.1 (+http://www.facebook.com/externalhit_uatext.php)"
66.246.224.13 - - [10/Jan/2020:00:03:09 +0100] "GET / HTTP/1.1" 301 - "-" "Mozilla/5.0 (Windows NT 10.0; Win64; x64) AppleWebKit/537.36 (KHTML, like Gecko) Chrome/79.0.3945.79 Safari/537.36"
66.246.224.13 - - [10/Jan/2020:01:39:00 +0100] "GET / HTTP/1.1" 301 - "-" "Mozilla/5.0 (Windows NT 10.0; Win64; x64) AppleWebKit/537.36 (KHTML, like Gecko) Chrome/79.0.3945.79 Safari/537.36"
216.244.66.238 - - [10/Jan/2020:01:58:33 +0100] "GET /robots.txt HTTP/1.1" 301 - "-" "Mozilla/5.0 (compatible; DotBot/1.1; http://www.opensiteexplorer.org/dotbot, help@moz.com)"
14.248.78.7 - - [10/Jan/2020:02:45:38 +0100] "GET /wwp-admin HTTP/1.1" 200 49 "-" "Mozilla/5.0 (Windows NT 10.0; Win64; x64) AppleWebKit/537.36 (KHTML, like Gecko) Chrome/79.0.3945.117 Safari/537.36"
14.248.78.7 - - [10/Jan/2020:02:45:39 +0100] "GET /favicon.ico HTTP/1.1" 200 49 "http://megastore.7uptheme.net/wwp-admin" "Mozilla/5.0 (Windows NT 10.0; Win64; x64) AppleWebKit/537.36 (KHTML, like Gecko) Chrome/79.0.3945.117 Safari/537.36"
14.248.78.7 - - [10/Jan/2020:02:45:41 +0100] "GET /wp-admin HTTP/1.1" 301 247 "-" "Mozilla/5.0 (Windows NT 10.0; Win64; x64) AppleWebKit/537.36 (KHTML, like Gecko) Chrome/79.0.3945.117 Safari/537.36"
176.31.116.194 - - [10/Jan/2020:02:45:43 +0100] "POST /wp-cron.php?doing_wp_cron=1578620743.4977529048919677734375 HTTP/1.1" 200 - "http://megastore.7uptheme.net/wp-cron.php?doing_wp_cron=1578620743.4977529048919677734375" "WordPress/5.1.1; https://megastore.7uptheme.net"
14.248.78.7 - - [10/Jan/2020:02:45:41 +0100] "GET /wp-admin/ HTTP/1.1" 302 - "-" "Mozilla/5.0 (Windows NT 10.0; Win64; x64) AppleWebKit/537.36 (KHTML, like Gecko) Chrome/79.0.3945.117 Safari/537.36"
14.248.78.7 - - [10/Jan/2020:03:12:13 +0100] "GET / HTTP/1.1" 200 49 "-" "Mozilla/5.0 (Windows NT 10.0; Win64; x64) AppleWebKit/537.36 (KHTML, like Gecko) Chrome/79.0.3945.117 Safari/537.36"
14.248.78.7 - - [10/Jan/2020:03:12:13 +0100] "GET /favicon.ico HTTP/1.1" 200 49 "http://megastore.7uptheme.net/" "Mozilla/5.0 (Windows NT 10.0; Win64; x64) AppleWebKit/537.36 (KHTML, like Gecko) Chrome/79.0.3945.117 Safari/537.36"
70.166.38.78 - - [10/Jan/2020:03:45:19 +0100] "GET / HTTP/1.1" 200 49 "-" "Mozilla/5.0 (Windows NT 6.1; rv:60.0) Gecko/20100101 Firefox/60.0"
157.55.39.190 - - [10/Jan/2020:06:45:54 +0100] "GET / HTTP/1.1" 200 49 "-" "Mozilla/5.0 (compatible; bingbot/2.0; +http://www.bing.com/bingbot.htm)"
157.55.39.19 - - [10/Jan/2020:08:26:45 +0100] "GET /robots.txt HTTP/1.1" 200 49 "-" "Mozilla/5.0 (compatible; bingbot/2.0; +http://www.bing.com/bingbot.htm)"
157.55.39.115 - - [10/Jan/2020:08:27:56 +0100] "GET /robots.txt HTTP/1.1" 200 49 "-" "msnbot/2.0b (+http://search.msn.com/msnbot.htm)"
221.130.130.238 - - [10/Jan/2020:10:39:35 +0100] "GET / HTTP/1.1" 200 49 "-" "Mozilla/5.0 (Windows NT 6.1; rv:60.0) Gecko/20100101 Firefox/60.0"
66.220.149.32 - - [10/Jan/2020:11:37:51 +0100] "GET /about HTTP/1.1" 206 49 "-" "facebookexternalhit/1.1 (+http://www.facebook.com/externalhit_uatext.php)"
66.220.149.46 - - [10/Jan/2020:11:37:52 +0100] "GET /contact HTTP/1.1" 206 49 "-" "facebookexternalhit/1.1 (+http://www.facebook.com/externalhit_uatext.php)"
157.55.39.115 - - [10/Jan/2020:14:36:01 +0100] "GET /robots.txt HTTP/1.1" 200 49 "-" "msnbot/2.0b (+http://search.msn.com/msnbot.htm)"
31.13.127.10 - - [10/Jan/2020:15:22:00 +0100] "GET /contact HTTP/1.1" 206 49 "-" "facebookexternalhit/1.1 (+http://www.facebook.com/externalhit_uatext.php)"
31.13.127.9 - - [10/Jan/2020:15:22:00 +0100] "GET /about HTTP/1.1" 206 49 "-" "facebookexternalhit/1.1 (+http://www.facebook.com/externalhit_uatext.php)"
173.252.127.25 - - [10/Jan/2020:18:26:09 +0100] "GET /contact HTTP/1.1" 206 49 "-" "facebookexternalhit/1.1 (+http://www.facebook.com/externalhit_uatext.php)"
173.252.127.22 - - [10/Jan/2020:18:26:09 +0100] "GET /about HTTP/1.1" 206 49 "-" "facebookexternalhit/1.1 (+http://www.facebook.com/externalhit_uatext.php)"
66.249.79.81 - - [10/Jan/2020:20:07:56 +0100] "GET /robots.txt HTTP/1.1" 200 49 "-" "Mozilla/5.0 (compatible; Googlebot/2.1; +http://www.google.com/bot.html)"
66.249.79.79 - - [10/Jan/2020:20:07:57 +0100] "GET / HTTP/1.1" 200 49 "-" "Mozilla/5.0 (Linux; Android 6.0.1; Nexus 5X Build/MMB29P) AppleWebKit/537.36 (KHTML, like Gecko) Chrome/41.0.2272.96 Mobile Safari/537.36 (compatible; Googlebot/2.1; +http://www.google.com/bot.html)"
66.249.79.81 - - [10/Jan/2020:20:09:17 +0100] "GET / HTTP/1.1" 200 49 "-" "Mozilla/5.0 (compatible; Googlebot/2.1; +http://www.google.com/bot.html)"
103.131.71.33 - - [11/Jan/2020:00:10:58 +0100] "GET /robots.txt HTTP/1.1" 200 49 "-" "Mozilla/5.0 (compatible; coccocbot-image/1.0; +http://help.coccoc.com/searchengine)"
177.19.164.149 - - [11/Jan/2020:01:02:00 +0100] "GET / HTTP/1.1" 200 49 "-" "Mozilla/5.0 (Windows NT 6.1; rv:60.0) Gecko/20100101 Firefox/60.0"
157.55.39.132 - - [11/Jan/2020:02:38:11 +0100] "GET /robots.txt HTTP/1.1" 200 49 "-" "msnbot/2.0b (+http://search.msn.com/msnbot.htm)"
216.244.66.238 - - [11/Jan/2020:02:40:42 +0100] "GET /robots.txt HTTP/1.1" 200 49 "-" "Mozilla/5.0 (compatible; DotBot/1.1; http://www.opensiteexplorer.org/dotbot, help@moz.com)"
216.244.66.238 - - [11/Jan/2020:02:56:27 +0100] "GET /product-category/electronics/?number=18 HTTP/1.1" 200 49 "-" "Mozilla/5.0 (compatible; DotBot/1.1; http://www.opensiteexplorer.org/dotbot, help@moz.com)"
216.244.66.238 - - [11/Jan/2020:03:31:15 +0100] "GET /2016/06/22/sed-ut-perspiciatis-unde-omnis-iste-natus-error-12/ HTTP/1.1" 200 49 "-" "Mozilla/5.0 (compatible; DotBot/1.1; http://www.opensiteexplorer.org/dotbot, help@moz.com)"
216.244.66.238 - - [11/Jan/2020:03:34:00 +0100] "GET /2016/06/22/sed-ut-perspiciatis-unde-omnis-iste-natus-error-9/ HTTP/1.1" 200 49 "-" "Mozilla/5.0 (compatible; DotBot/1.1; http://www.opensiteexplorer.org/dotbot, help@moz.com)"
216.244.66.238 - - [11/Jan/2020:03:46:52 +0100] "GET /product-category/jewelry/?pa_size=s&product_cat=furniture&add_to_wishlist=193 HTTP/1.1" 200 49 "-" "Mozilla/5.0 (compatible; DotBot/1.1; http://www.opensiteexplorer.org/dotbot, help@moz.com)"
216.244.66.238 - - [11/Jan/2020:04:32:27 +0100] "GET /product-category/jewelry/?add-to-cart=335&action=yith-woocompare-add-product&id=199 HTTP/1.1" 200 49 "-" "Mozilla/5.0 (compatible; DotBot/1.1; http://www.opensiteexplorer.org/dotbot, help@moz.com)"
216.244.66.238 - - [11/Jan/2020:04:32:30 +0100] "GET /product-category/jewelry/?pa_size=s&product_cat=furniture&add_to_wishlist=107 HTTP/1.1" 200 49 "-" "Mozilla/5.0 (compatible; DotBot/1.1; http://www.opensiteexplorer.org/dotbot, help@moz.com)"
207.46.13.233 - - [11/Jan/2020:04:45:05 +0100] "GET / HTTP/1.1" 200 49 "-" "Mozilla/5.0 (compatible; bingbot/2.0; +http://www.bing.com/bingbot.htm)"
216.244.66.238 - - [11/Jan/2020:05:01:48 +0100] "GET /product-category/jewelry/?number=12&add_to_wishlist=107 HTTP/1.1" 200 49 "-" "Mozilla/5.0 (compatible; DotBot/1.1; http://www.opensiteexplorer.org/dotbot, help@moz.com)"
216.244.66.238 - - [11/Jan/2020:05:45:37 +0100] "GET /product-category/jewelry/?number=12&product_cat=accessories HTTP/1.1" 200 49 "-" "Mozilla/5.0 (compatible; DotBot/1.1; http://www.opensiteexplorer.org/dotbot, help@moz.com)"
216.244.66.238 - - [11/Jan/2020:06:01:36 +0100] "GET /product-category/jewelry/?pa_size=s&add_to_wishlist=193&product_cat=cosmetic HTTP/1.1" 200 49 "-" "Mozilla/5.0 (compatible; DotBot/1.1; http://www.opensiteexplorer.org/dotbot, help@moz.com)"
216.244.66.238 - - [11/Jan/2020:06:17:21 +0100] "GET /product/sony-z5-premium/ HTTP/1.1" 200 49 "-" "Mozilla/5.0 (compatible; DotBot/1.1; http://www.opensiteexplorer.org/dotbot, help@moz.com)"
216.244.66.238 - - [11/Jan/2020:06:18:46 +0100] "GET /product/t-shirt-sport/ HTTP/1.1" 200 49 "-" "Mozilla/5.0 (compatible; DotBot/1.1; http://www.opensiteexplorer.org/dotbot, help@moz.com)"
216.244.66.238 - - [11/Jan/2020:06:25:47 +0100] "GET /product-category/accessories/boys-accessories/ HTTP/1.1" 200 49 "-" "Mozilla/5.0 (compatible; DotBot/1.1; http://www.opensiteexplorer.org/dotbot, help@moz.com)"
103.131.71.30 - - [11/Jan/2020:06:29:20 +0100] "GET /robots.txt HTTP/1.1" 200 49 "-" "Mozilla/5.0 (compatible; coccocbot-image/1.0; +http://help.coccoc.com/searchengine)"
216.244.66.238 - - [11/Jan/2020:06:56:57 +0100] "GET /product/breitling-colt/ HTTP/1.1" 200 49 "-" "Mozilla/5.0 (compatible; DotBot/1.1; http://www.opensiteexplorer.org/dotbot, help@moz.com)"
216.244.66.238 - - [11/Jan/2020:07:40:36 +0100] "GET /product/coaster-high/ HTTP/1.1" 200 49 "-" "Mozilla/5.0 (compatible; DotBot/1.1; http://www.opensiteexplorer.org/dotbot, help@moz.com)"
216.244.66.238 - - [11/Jan/2020:07:50:06 +0100] "GET /product-category/jewelry/?number=24&product_cat=mobile HTTP/1.1" 200 49 "-" "Mozilla/5.0 (compatible; DotBot/1.1; http://www.opensiteexplorer.org/dotbot, help@moz.com)"
118.112.183.204 - - [11/Jan/2020:08:13:06 +0100] "GET / HTTP/1.1" 200 49 "-" "Mozilla/5.0 (Windows NT 6.1; rv:60.0) Gecko/20100101 Firefox/60.0"
216.244.66.238 - - [11/Jan/2020:08:31:23 +0100] "GET /product-category/jewelry/?number=6&add_to_wishlist=98 HTTP/1.1" 200 49 "-" "Mozilla/5.0 (compatible; DotBot/1.1; http://www.opensiteexplorer.org/dotbot, help@moz.com)"
216.244.66.238 - - [11/Jan/2020:08:31:37 +0100] "GET /product-category/jewelry/?number=6&add_to_wishlist=186 HTTP/1.1" 200 49 "-" "Mozilla/5.0 (compatible; DotBot/1.1; http://www.opensiteexplorer.org/dotbot, help@moz.com)"
216.244.66.238 - - [11/Jan/2020:08:33:43 +0100] "GET /product-category/watches/?number=48 HTTP/1.1" 200 49 "-" "Mozilla/5.0 (compatible; DotBot/1.1; http://www.opensiteexplorer.org/dotbot, help@moz.com)"
216.244.66.238 - - [11/Jan/2020:08:34:56 +0100] "GET /product-category/jewelry/?pa_color=red&product_cat=mobile HTTP/1.1" 200 49 "-" "Mozilla/5.0 (compatible; DotBot/1.1; http://www.opensiteexplorer.org/dotbot, help@moz.com)"
216.244.66.238 - - [11/Jan/2020:08:47:08 +0100] "GET /product-category/jewelry/?product_cat=mobile HTTP/1.1" 200 49 "-" "Mozilla/5.0 (compatible; DotBot/1.1; http://www.opensiteexplorer.org/dotbot, help@moz.com)"
157.55.39.132 - - [11/Jan/2020:08:58:20 +0100] "GET /robots.txt HTTP/1.1" 200 49 "-" "msnbot/2.0b (+http://search.msn.com/msnbot.htm)"
216.244.66.238 - - [11/Jan/2020:09:12:45 +0100] "GET /product-category/jewelry/?pa_size=s&product_cat=watches HTTP/1.1" 200 49 "-" "Mozilla/5.0 (compatible; DotBot/1.1; http://www.opensiteexplorer.org/dotbot, help@moz.com)"
216.244.66.238 - - [11/Jan/2020:09:51:24 +0100] "GET /blog HTTP/1.1" 200 49 "-" "Mozilla/5.0 (compatible; DotBot/1.1; http://www.opensiteexplorer.org/dotbot, help@moz.com)"
216.244.66.238 - - [11/Jan/2020:10:05:02 +0100] "GET /product-category/jewelry/?add-to-cart=193&action=yith-woocompare-add-product&id=107 HTTP/1.1" 200 49 "-" "Mozilla/5.0 (compatible; DotBot/1.1; http://www.opensiteexplorer.org/dotbot, help@moz.com)"
216.244.66.238 - - [11/Jan/2020:10:30:44 +0100] "GET /product/ipad-4-16gb-hdm/ HTTP/1.1" 200 49 "-" "Mozilla/5.0 (compatible; DotBot/1.1; http://www.opensiteexplorer.org/dotbot, help@moz.com)"
216.244.66.238 - - [11/Jan/2020:10:31:22 +0100] "GET /product/hedgehogs-multicolour/ HTTP/1.1" 200 49 "-" "Mozilla/5.0 (compatible; DotBot/1.1; http://www.opensiteexplorer.org/dotbot, help@moz.com)"
50.87.248.20 - - [11/Jan/2020:11:22:44 +0100] "HEAD /wp-admin/ HTTP/1.1" 302 - "https://vshoped.com" "Mozilla/5.0 (Windows NT 10.0; Win64; x64) AppleWebKit/537.36 (KHTML, like Gecko) Chrome/70.0.3538.102 Safari/537.36"
176.31.116.194 - - [11/Jan/2020:11:22:44 +0100] "POST /wp-cron.php?doing_wp_cron=1578738164.7280979156494140625000 HTTP/1.1" 200 - "http://megastore.7uptheme.net/wp-cron.php?doing_wp_cron=1578738164.7280979156494140625000" "WordPress/5.1.4; https://megastore.7uptheme.net"
216.244.66.238 - - [11/Jan/2020:11:54:31 +0100] "GET /product/bag-goodscol-model/ HTTP/1.1" 200 49 "-" "Mozilla/5.0 (compatible; DotBot/1.1; http://www.opensiteexplorer.org/dotbot, help@moz.com)"
216.244.66.238 - - [11/Jan/2020:12:00:11 +0100] "GET /2016/06/22/sed-ut-perspiciatis-unde-omnis-iste-natus-error-10/ HTTP/1.1" 200 49 "-" "Mozilla/5.0 (compatible; DotBot/1.1; http://www.opensiteexplorer.org/dotbot, help@moz.com)"
216.244.66.238 - - [11/Jan/2020:12:41:43 +0100] "GET /product-category/jewelry/?number=12&product_cat=electronics HTTP/1.1" 200 49 "-" "Mozilla/5.0 (compatible; DotBot/1.1; http://www.opensiteexplorer.org/dotbot, help@moz.com)"
216.244.66.238 - - [11/Jan/2020:12:53:49 +0100] "GET /product-category/jewelry/?pa_size=s&add_to_wishlist=107&product_cat=accessories HTTP/1.1" 200 49 "-" "Mozilla/5.0 (compatible; DotBot/1.1; http://www.opensiteexplorer.org/dotbot, help@moz.com)"
216.244.66.238 - - [11/Jan/2020:13:27:19 +0100] "GET /product-category/electronics/auto-fan/ HTTP/1.1" 200 49 "-" "Mozilla/5.0 (compatible; DotBot/1.1; http://www.opensiteexplorer.org/dotbot, help@moz.com)"
216.244.66.238 - - [11/Jan/2020:14:05:51 +0100] "GET /category/mobile/ HTTP/1.1" 200 49 "-" "Mozilla/5.0 (compatible; DotBot/1.1; http://www.opensiteexplorer.org/dotbot, help@moz.com)"
216.244.66.238 - - [11/Jan/2020:14:12:09 +0100] "GET /product-category/electronics/?number=24 HTTP/1.1" 200 49 "-" "Mozilla/5.0 (compatible; DotBot/1.1; http://www.opensiteexplorer.org/dotbot, help@moz.com)"
157.55.39.19 - - [11/Jan/2020:14:40:38 +0100] "GET /robots.txt HTTP/1.1" 200 49 "-" "Mozilla/5.0 (compatible; bingbot/2.0; +http://www.bing.com/bingbot.htm)"
216.244.66.238 - - [11/Jan/2020:15:04:02 +0100] "GET /product-category/jewelry/?add-to-cart=199&action=yith-woocompare-add-product&id=98 HTTP/1.1" 200 49 "-" "Mozilla/5.0 (compatible; DotBot/1.1; http://www.opensiteexplorer.org/dotbot, help@moz.com)"
216.244.66.238 - - [11/Jan/2020:15:04:05 +0100] "GET /product-category/jewelry/?add-to-cart=335&action=yith-woocompare-add-product&id=98 HTTP/1.1" 200 49 "-" "Mozilla/5.0 (compatible; DotBot/1.1; http://www.opensiteexplorer.org/dotbot, help@moz.com)"
216.244.66.238 - - [11/Jan/2020:15:04:08 +0100] "GET /product-category/jewelry/?pa_size=s&product_cat=cosmetic&add_to_wishlist=339 HTTP/1.1" 200 49 "-" "Mozilla/5.0 (compatible; DotBot/1.1; http://www.opensiteexplorer.org/dotbot, help@moz.com)"
161.0.153.71 - - [11/Jan/2020:15:15:40 +0100] "GET / HTTP/1.1" 200 49 "-" "Mozilla/5.0 (Windows NT 6.1; rv:60.0) Gecko/20100101 Firefox/60.0"
157.55.39.132 - - [11/Jan/2020:15:30:59 +0100] "GET /robots.txt HTTP/1.1" 200 49 "-" "msnbot/2.0b (+http://search.msn.com/msnbot.htm)"
216.244.66.238 - - [11/Jan/2020:15:37:11 +0100] "GET /product-category/jewelry/?number=12&add_to_wishlist=335 HTTP/1.1" 200 49 "-" "Mozilla/5.0 (compatible; DotBot/1.1; http://www.opensiteexplorer.org/dotbot, help@moz.com)"
216.244.66.238 - - [11/Jan/2020:15:37:14 +0100] "GET /wp-content/uploads/2016/06/35-1.jpg HTTP/1.1" 200 108990 "-" "Mozilla/5.0 (compatible; DotBot/1.1; http://www.opensiteexplorer.org/dotbot, help@moz.com)"
216.244.66.238 - - [11/Jan/2020:16:12:39 +0100] "GET /product-category/jewelry/?number=18&add-to-cart=335 HTTP/1.1" 200 49 "-" "Mozilla/5.0 (compatible; DotBot/1.1; http://www.opensiteexplorer.org/dotbot, help@moz.com)"
216.244.66.238 - - [11/Jan/2020:16:12:41 +0100] "GET /product-category/jewelry/?number=24&add-to-cart=335 HTTP/1.1" 200 49 "-" "Mozilla/5.0 (compatible; DotBot/1.1; http://www.opensiteexplorer.org/dotbot, help@moz.com)"
216.244.66.238 - - [11/Jan/2020:16:24:25 +0100] "GET /product-category/jewelry/?add-to-cart=335&action=yith-woocompare-add-product&id=335 HTTP/1.1" 200 49 "-" "Mozilla/5.0 (compatible; DotBot/1.1; http://www.opensiteexplorer.org/dotbot, help@moz.com)"
216.244.66.238 - - [11/Jan/2020:16:59:34 +0100] "GET /product-category/jewelry/?number=24&add_to_wishlist=335 HTTP/1.1" 200 49 "-" "Mozilla/5.0 (compatible; DotBot/1.1; http://www.opensiteexplorer.org/dotbot, help@moz.com)"
216.244.66.238 - - [11/Jan/2020:16:59:38 +0100] "GET /product-category/jewelry/?number=9&pa_color=yellow HTTP/1.1" 200 49 "-" "Mozilla/5.0 (compatible; DotBot/1.1; http://www.opensiteexplorer.org/dotbot, help@moz.com)"
216.244.66.238 - - [11/Jan/2020:17:00:59 +0100] "GET /product-category/jewelry/?number=9&product_cat=mobile HTTP/1.1" 200 49 "-" "Mozilla/5.0 (compatible; DotBot/1.1; http://www.opensiteexplorer.org/dotbot, help@moz.com)"
216.244.66.238 - - [11/Jan/2020:17:04:05 +0100] "GET /product-category/accessories/bags-accessories/ HTTP/1.1" 200 49 "-" "Mozilla/5.0 (compatible; DotBot/1.1; http://www.opensiteexplorer.org/dotbot, help@moz.com)"
216.244.66.238 - - [11/Jan/2020:17:05:35 +0100] "GET /product-category/jewelry/?number=24&add-to-cart=199 HTTP/1.1" 200 49 "-" "Mozilla/5.0 (compatible; DotBot/1.1; http://www.opensiteexplorer.org/dotbot, help@moz.com)"
216.244.66.238 - - [11/Jan/2020:17:07:22 +0100] "GET /product-category/jewelry/?product_cat=furniture HTTP/1.1" 200 49 "-" "Mozilla/5.0 (compatible; DotBot/1.1; http://www.opensiteexplorer.org/dotbot, help@moz.com)"
216.244.66.238 - - [11/Jan/2020:17:21:43 +0100] "GET /product-category/jewelry/?add-to-cart=107&number=18&add_to_wishlist=335 HTTP/1.1" 200 49 "-" "Mozilla/5.0 (compatible; DotBot/1.1; http://www.opensiteexplorer.org/dotbot, help@moz.com)"
216.244.66.238 - - [11/Jan/2020:17:21:45 +0100] "GET /product-category/jewelry/?add-to-cart=107&number=24&add_to_wishlist=107 HTTP/1.1" 200 49 "-" "Mozilla/5.0 (compatible; DotBot/1.1; http://www.opensiteexplorer.org/dotbot, help@moz.com)"
216.244.66.238 - - [11/Jan/2020:17:21:46 +0100] "GET /product-category/jewelry/?add-to-cart=193&number=9&product_cat=fashion HTTP/1.1" 200 49 "-" "Mozilla/5.0 (compatible; DotBot/1.1; http://www.opensiteexplorer.org/dotbot, help@moz.com)"
216.244.66.238 - - [11/Jan/2020:17:21:47 +0100] "GET /product-category/jewelry/?add-to-cart=199&number=24&add_to_wishlist=199 HTTP/1.1" 200 49 "-" "Mozilla/5.0 (compatible; DotBot/1.1; http://www.opensiteexplorer.org/dotbot, help@moz.com)"
216.244.66.238 - - [11/Jan/2020:17:21:48 +0100] "GET /product-category/jewelry/?add-to-cart=199&number=48&add_to_wishlist=186 HTTP/1.1" 200 49 "-" "Mozilla/5.0 (compatible; DotBot/1.1; http://www.opensiteexplorer.org/dotbot, help@moz.com)"
216.244.66.238 - - [11/Jan/2020:17:21:49 +0100] "GET /product-category/jewelry/?add-to-cart=199&number=48&product_cat=shoes-bags HTTP/1.1" 200 49 "-" "Mozilla/5.0 (compatible; DotBot/1.1; http://www.opensiteexplorer.org/dotbot, help@moz.com)"
216.244.66.238 - - [11/Jan/2020:17:21:51 +0100] "GET /product-category/jewelry/?add-to-cart=335&number=9&add_to_wishlist=193 HTTP/1.1" 200 49 "-" "Mozilla/5.0 (compatible; DotBot/1.1; http://www.opensiteexplorer.org/dotbot, help@moz.com)"
216.244.66.238 - - [11/Jan/2020:17:21:52 +0100] "GET /product-category/jewelry/?number=12&pa_color=green&product_cat=electronics HTTP/1.1" 200 49 "-" "Mozilla/5.0 (compatible; DotBot/1.1; http://www.opensiteexplorer.org/dotbot, help@moz.com)"
216.244.66.238 - - [11/Jan/2020:17:21:53 +0100] "GET /product-category/jewelry/?number=12&pa_size=xl&product_cat=fashion HTTP/1.1" 200 49 "-" "Mozilla/5.0 (compatible; DotBot/1.1; http://www.opensiteexplorer.org/dotbot, help@moz.com)"
216.244.66.238 - - [11/Jan/2020:17:21:54 +0100] "GET /product-category/jewelry/?number=12&type=grid&pa_color=yellow HTTP/1.1" 200 49 "-" "Mozilla/5.0 (compatible; DotBot/1.1; http://www.opensiteexplorer.org/dotbot, help@moz.com)"
216.244.66.238 - - [11/Jan/2020:17:21:55 +0100] "GET /product-category/jewelry/?number=24&add-to-cart=107&add_to_wishlist=98 HTTP/1.1" 200 49 "-" "Mozilla/5.0 (compatible; DotBot/1.1; http://www.opensiteexplorer.org/dotbot, help@moz.com)"
216.244.66.238 - - [11/Jan/2020:17:21:57 +0100] "GET /product-category/jewelry/?number=24&pa_color=cyan&add_to_wishlist=107 HTTP/1.1" 200 49 "-" "Mozilla/5.0 (compatible; DotBot/1.1; http://www.opensiteexplorer.org/dotbot, help@moz.com)"
216.244.66.238 - - [11/Jan/2020:17:21:58 +0100] "GET /product-category/jewelry/?number=6&add_to_wishlist=107&pa_size=m HTTP/1.1" 200 49 "-" "Mozilla/5.0 (compatible; DotBot/1.1; http://www.opensiteexplorer.org/dotbot, help@moz.com)"
216.244.66.238 - - [11/Jan/2020:17:21:59 +0100] "GET /product-category/jewelry/?number=6&add_to_wishlist=335&pa_size=s HTTP/1.1" 200 49 "-" "Mozilla/5.0 (compatible; DotBot/1.1; http://www.opensiteexplorer.org/dotbot, help@moz.com)"
216.244.66.238 - - [11/Jan/2020:17:41:53 +0100] "GET /product-category/jewelry/?number=24&add-to-cart=193 HTTP/1.1" 200 49 "-" "Mozilla/5.0 (compatible; DotBot/1.1; http://www.opensiteexplorer.org/dotbot, help@moz.com)"
216.244.66.238 - - [11/Jan/2020:17:44:25 +0100] "GET /product-category/shoes-bags/?number=48 HTTP/1.1" 200 49 "-" "Mozilla/5.0 (compatible; DotBot/1.1; http://www.opensiteexplorer.org/dotbot, help@moz.com)"
216.244.66.238 - - [11/Jan/2020:17:47:34 +0100] "GET /product-category/electronics/lg/ HTTP/1.1" 200 49 "-" "Mozilla/5.0 (compatible; DotBot/1.1; http://www.opensiteexplorer.org/dotbot, help@moz.com)"
216.244.66.238 - - [11/Jan/2020:17:58:49 +0100] "GET /product-category/jewelry/?add-to-cart=107&number=48&add_to_wishlist=335 HTTP/1.1" 200 49 "-" "Mozilla/5.0 (compatible; DotBot/1.1; http://www.opensiteexplorer.org/dotbot, help@moz.com)"
216.244.66.238 - - [11/Jan/2020:17:58:50 +0100] "GET /product-category/jewelry/?add-to-cart=193&number=12&add_to_wishlist=186 HTTP/1.1" 200 49 "-" "Mozilla/5.0 (compatible; DotBot/1.1; http://www.opensiteexplorer.org/dotbot, help@moz.com)"
216.244.66.238 - - [11/Jan/2020:17:58:54 +0100] "GET /product-category/jewelry/?add-to-cart=193&number=24&add_to_wishlist=331 HTTP/1.1" 200 49 "-" "Mozilla/5.0 (compatible; DotBot/1.1; http://www.opensiteexplorer.org/dotbot, help@moz.com)"
216.244.66.238 - - [11/Jan/2020:17:58:54 +0100] "GET /product-category/jewelry/?add-to-cart=193&number=48&pa_size=s HTTP/1.1" 200 49 "-" "Mozilla/5.0 (compatible; DotBot/1.1; http://www.opensiteexplorer.org/dotbot, help@moz.com)"
216.244.66.238 - - [11/Jan/2020:17:58:54 +0100] "GET /product-category/jewelry/?add-to-cart=199&number=12&pa_color=red HTTP/1.1" 200 49 "-" "Mozilla/5.0 (compatible; DotBot/1.1; http://www.opensiteexplorer.org/dotbot, help@moz.com)"
216.244.66.238 - - [11/Jan/2020:17:58:55 +0100] "GET /product-category/jewelry/?add-to-cart=199&number=18&product_cat=mobile HTTP/1.1" 200 49 "-" "Mozilla/5.0 (compatible; DotBot/1.1; http://www.opensiteexplorer.org/dotbot, help@moz.com)"
216.244.66.238 - - [11/Jan/2020:17:58:56 +0100] "GET /product-category/jewelry/?add-to-cart=335&number=12&product_cat=cosmetic HTTP/1.1" 200 49 "-" "Mozilla/5.0 (compatible; DotBot/1.1; http://www.opensiteexplorer.org/dotbot, help@moz.com)"
216.244.66.238 - - [11/Jan/2020:17:58:58 +0100] "GET /product-category/jewelry/?number=12&type=grid&product_cat=mobile HTTP/1.1" 200 49 "-" "Mozilla/5.0 (compatible; DotBot/1.1; http://www.opensiteexplorer.org/dotbot, help@moz.com)"
216.244.66.238 - - [11/Jan/2020:17:58:59 +0100] "GET /product-category/jewelry/?number=24&add-to-cart=107&pa_color=green HTTP/1.1" 200 49 "-" "Mozilla/5.0 (compatible; DotBot/1.1; http://www.opensiteexplorer.org/dotbot, help@moz.com)"
216.244.66.238 - - [11/Jan/2020:17:59:00 +0100] "GET /product-category/jewelry/?number=48&add_to_wishlist=335&pa_size=l HTTP/1.1" 200 49 "-" "Mozilla/5.0 (compatible; DotBot/1.1; http://www.opensiteexplorer.org/dotbot, help@moz.com)"
216.244.66.238 - - [11/Jan/2020:17:59:02 +0100] "GET /product-category/jewelry/?number=6&add_to_wishlist=107&add-to-cart=186 HTTP/1.1" 200 49 "-" "Mozilla/5.0 (compatible; DotBot/1.1; http://www.opensiteexplorer.org/dotbot, help@moz.com)"
216.244.66.238 - - [11/Jan/2020:17:59:03 +0100] "GET /product-category/jewelry/?number=6&add_to_wishlist=107&product_cat=electronics HTTP/1.1" 200 49 "-" "Mozilla/5.0 (compatible; DotBot/1.1; http://www.opensiteexplorer.org/dotbot, help@moz.com)"
216.244.66.238 - - [11/Jan/2020:17:59:05 +0100] "GET /product-category/jewelry/?number=6&add_to_wishlist=193&pa_color=blue HTTP/1.1" 200 49 "-" "Mozilla/5.0 (compatible; DotBot/1.1; http://www.opensiteexplorer.org/dotbot, help@moz.com)"
216.244.66.238 - - [11/Jan/2020:18:23:23 +0100] "GET /product-category/jewelry/?number=24&add_to_wishlist=107 HTTP/1.1" 200 49 "-" "Mozilla/5.0 (compatible; DotBot/1.1; http://www.opensiteexplorer.org/dotbot, help@moz.com)"
216.244.66.238 - - [11/Jan/2020:18:27:00 +0100] "GET /product-category/jewelry/?pa_color=red&product_cat=shoes-bags HTTP/1.1" 200 49 "-" "Mozilla/5.0 (compatible; DotBot/1.1; http://www.opensiteexplorer.org/dotbot, help@moz.com)"
216.244.66.238 - - [11/Jan/2020:18:33:38 +0100] "GET /home-2/7uptheme.com HTTP/1.1" 200 49 "-" "Mozilla/5.0 (compatible; DotBot/1.1; http://www.opensiteexplorer.org/dotbot, help@moz.com)"
216.244.66.238 - - [11/Jan/2020:18:46:57 +0100] "GET /product-category/electronics/?number=6&action=yith-woocompare-add-product&id=107 HTTP/1.1" 200 49 "-" "Mozilla/5.0 (compatible; DotBot/1.1; http://www.opensiteexplorer.org/dotbot, help@moz.com)"
216.244.66.238 - - [11/Jan/2020:18:46:58 +0100] "GET /product-category/jewelry/?add-to-cart=107&number=48&product_cat=mobile HTTP/1.1" 200 49 "-" "Mozilla/5.0 (compatible; DotBot/1.1; http://www.opensiteexplorer.org/dotbot, help@moz.com)"
216.244.66.238 - - [11/Jan/2020:18:46:59 +0100] "GET /product-category/jewelry/?add-to-cart=107&number=6&product_cat=electronics HTTP/1.1" 200 49 "-" "Mozilla/5.0 (compatible; DotBot/1.1; http://www.opensiteexplorer.org/dotbot, help@moz.com)"
216.244.66.238 - - [11/Jan/2020:18:47:01 +0100] "GET /product-category/jewelry/?add-to-cart=193&number=18&add_to_wishlist=199 HTTP/1.1" 200 49 "-" "Mozilla/5.0 (compatible; DotBot/1.1; http://www.opensiteexplorer.org/dotbot, help@moz.com)"
216.244.66.238 - - [11/Jan/2020:18:47:02 +0100] "GET /product-category/jewelry/?add-to-cart=193&number=48&product_cat=watches HTTP/1.1" 200 49 "-" "Mozilla/5.0 (compatible; DotBot/1.1; http://www.opensiteexplorer.org/dotbot, help@moz.com)"
216.244.66.238 - - [11/Jan/2020:18:47:03 +0100] "GET /product-category/jewelry/?add-to-cart=335&number=18&product_cat=electronics HTTP/1.1" 200 49 "-" "Mozilla/5.0 (compatible; DotBot/1.1; http://www.opensiteexplorer.org/dotbot, help@moz.com)"
216.244.66.238 - - [11/Jan/2020:18:47:04 +0100] "GET /product-category/jewelry/?add-to-cart=335&number=24&product_cat=furniture HTTP/1.1" 200 49 "-" "Mozilla/5.0 (compatible; DotBot/1.1; http://www.opensiteexplorer.org/dotbot, help@moz.com)"
216.244.66.238 - - [11/Jan/2020:18:47:06 +0100] "GET /product-category/jewelry/?add-to-cart=335&number=6&add_to_wishlist=193 HTTP/1.1" 200 49 "-" "Mozilla/5.0 (compatible; DotBot/1.1; http://www.opensiteexplorer.org/dotbot, help@moz.com)"
216.244.66.238 - - [11/Jan/2020:18:47:07 +0100] "GET /product-category/jewelry/?number=18&pa_color=green&add_to_wishlist=107 HTTP/1.1" 200 49 "-" "Mozilla/5.0 (compatible; DotBot/1.1; http://www.opensiteexplorer.org/dotbot, help@moz.com)"
216.244.66.238 - - [11/Jan/2020:18:47:08 +0100] "GET /product-category/jewelry/?number=48&add_to_wishlist=107&add-to-cart=193 HTTP/1.1" 200 49 "-" "Mozilla/5.0 (compatible; DotBot/1.1; http://www.opensiteexplorer.org/dotbot, help@moz.com)"
216.244.66.238 - - [11/Jan/2020:18:47:09 +0100] "GET /product-category/jewelry/?number=48&add_to_wishlist=339&product_cat=jewelry HTTP/1.1" 200 49 "-" "Mozilla/5.0 (compatible; DotBot/1.1; http://www.opensiteexplorer.org/dotbot, help@moz.com)"
216.244.66.238 - - [11/Jan/2020:18:47:10 +0100] "GET /product-category/jewelry/?number=6&add_to_wishlist=107&add-to-cart=106 HTTP/1.1" 200 49 "-" "Mozilla/5.0 (compatible; DotBot/1.1; http://www.opensiteexplorer.org/dotbot, help@moz.com)"
216.244.66.238 - - [11/Jan/2020:18:47:11 +0100] "GET /product-category/jewelry/?pa_size=s&product_cat=fashion&add-to-cart=193 HTTP/1.1" 200 49 "-" "Mozilla/5.0 (compatible; DotBot/1.1; http://www.opensiteexplorer.org/dotbot, help@moz.com)"
216.244.66.238 - - [11/Jan/2020:19:10:00 +0100] "GET /product-category/jewelry/?number=24&pa_color=yellow HTTP/1.1" 200 49 "-" "Mozilla/5.0 (compatible; DotBot/1.1; http://www.opensiteexplorer.org/dotbot, help@moz.com)"
216.244.66.238 - - [11/Jan/2020:19:12:48 +0100] "GET /product-category/jewelry/bracelet/ HTTP/1.1" 200 49 "-" "Mozilla/5.0 (compatible; DotBot/1.1; http://www.opensiteexplorer.org/dotbot, help@moz.com)"
216.244.66.238 - - [11/Jan/2020:19:14:11 +0100] "GET /product-category/electronics/sony/ HTTP/1.1" 200 49 "-" "Mozilla/5.0 (compatible; DotBot/1.1; http://www.opensiteexplorer.org/dotbot, help@moz.com)"
216.244.66.238 - - [11/Jan/2020:19:14:13 +0100] "GET /product-category/furniture/chair/ HTTP/1.1" 200 49 "-" "Mozilla/5.0 (compatible; DotBot/1.1; http://www.opensiteexplorer.org/dotbot, help@moz.com)"
216.244.66.238 - - [11/Jan/2020:19:14:16 +0100] "GET /product-category/jewelry/?number=24&add-to-cart=106 HTTP/1.1" 200 49 "-" "Mozilla/5.0 (compatible; DotBot/1.1; http://www.opensiteexplorer.org/dotbot, help@moz.com)"
216.244.66.238 - - [11/Jan/2020:19:21:25 +0100] "GET /product/ring-lounge/7uptheme.com HTTP/1.1" 200 49 "-" "Mozilla/5.0 (compatible; DotBot/1.1; http://www.opensiteexplorer.org/dotbot, help@moz.com)"
216.244.66.238 - - [11/Jan/2020:19:25:54 +0100] "GET /product-category/jewelry/?add-to-cart=107&number=18&add_to_wishlist=331 HTTP/1.1" 200 49 "-" "Mozilla/5.0 (compatible; DotBot/1.1; http://www.opensiteexplorer.org/dotbot, help@moz.com)"
216.244.66.238 - - [11/Jan/2020:19:25:54 +0100] "GET /product-category/jewelry/?add-to-cart=199&number=12&type=grid HTTP/1.1" 200 49 "-" "Mozilla/5.0 (compatible; DotBot/1.1; http://www.opensiteexplorer.org/dotbot, help@moz.com)"
216.244.66.238 - - [11/Jan/2020:19:25:54 +0100] "GET /product-category/jewelry/?add-to-cart=199&number=6&pa_size=xl HTTP/1.1" 200 49 "-" "Mozilla/5.0 (compatible; DotBot/1.1; http://www.opensiteexplorer.org/dotbot, help@moz.com)"
216.244.66.238 - - [11/Jan/2020:19:26:00 +0100] "GET /product-category/jewelry/?add-to-cart=335&number=12&add_to_wishlist=193 HTTP/1.1" 200 49 "-" "Mozilla/5.0 (compatible; DotBot/1.1; http://www.opensiteexplorer.org/dotbot, help@moz.com)"
216.244.66.238 - - [11/Jan/2020:19:26:02 +0100] "GET /product-category/jewelry/?number=12&pa_color=red&add_to_wishlist=193 HTTP/1.1" 200 49 "-" "Mozilla/5.0 (compatible; DotBot/1.1; http://www.opensiteexplorer.org/dotbot, help@moz.com)"
216.244.66.238 - - [11/Jan/2020:19:26:03 +0100] "GET /product-category/jewelry/?add-to-cart=335&number=12&pa_size=s HTTP/1.1" 200 49 "-" "Mozilla/5.0 (compatible; DotBot/1.1; http://www.opensiteexplorer.org/dotbot, help@moz.com)"
216.244.66.238 - - [11/Jan/2020:19:26:05 +0100] "GET /product-category/jewelry/?number=48&add_to_wishlist=335&pa_size=m HTTP/1.1" 200 49 "-" "Mozilla/5.0 (compatible; DotBot/1.1; http://www.opensiteexplorer.org/dotbot, help@moz.com)"
216.244.66.238 - - [11/Jan/2020:19:26:06 +0100] "GET /product-category/jewelry/?number=48&add_to_wishlist=98&add-to-cart=331 HTTP/1.1" 200 49 "-" "Mozilla/5.0 (compatible; DotBot/1.1; http://www.opensiteexplorer.org/dotbot, help@moz.com)"
216.244.66.238 - - [11/Jan/2020:19:26:07 +0100] "GET /product-category/jewelry/?number=6&add_to_wishlist=335&pa_color=green HTTP/1.1" 200 49 "-" "Mozilla/5.0 (compatible; DotBot/1.1; http://www.opensiteexplorer.org/dotbot, help@moz.com)"
216.244.66.238 - - [11/Jan/2020:19:26:08 +0100] "GET /product-category/jewelry/?pa_color=cyan&action=yith-woocompare-add-product&id=339 HTTP/1.1" 200 49 "-" "Mozilla/5.0 (compatible; DotBot/1.1; http://www.opensiteexplorer.org/dotbot, help@moz.com)"
216.244.66.238 - - [11/Jan/2020:19:26:09 +0100] "GET /product-category/jewelry/?pa_color=red&add-to-cart=107&pa_size=xl HTTP/1.1" 200 49 "-" "Mozilla/5.0 (compatible; DotBot/1.1; http://www.opensiteexplorer.org/dotbot, help@moz.com)"
216.244.66.238 - - [11/Jan/2020:19:26:10 +0100] "GET /product-category/jewelry/?pa_size=s&pa_color=green&add-to-cart=107 HTTP/1.1" 200 49 "-" "Mozilla/5.0 (compatible; DotBot/1.1; http://www.opensiteexplorer.org/dotbot, help@moz.com)"
216.244.66.238 - - [11/Jan/2020:19:26:11 +0100] "GET /product-category/jewelry/?pa_size=s&product_cat=mobile&pa_color=red HTTP/1.1" 200 49 "-" "Mozilla/5.0 (compatible; DotBot/1.1; http://www.opensiteexplorer.org/dotbot, help@moz.com)"
216.244.66.238 - - [11/Jan/2020:19:26:12 +0100] "GET /product-category/jewelry/?pa_size=s&product_cat=shoes-bags&pa_color=yellow HTTP/1.1" 200 49 "-" "Mozilla/5.0 (compatible; DotBot/1.1; http://www.opensiteexplorer.org/dotbot, help@moz.com)"
40.77.167.196 - - [11/Jan/2020:19:30:15 +0100] "GET / HTTP/1.1" 200 49 "-" "Mozilla/5.0 (compatible; bingbot/2.0; +http://www.bing.com/bingbot.htm)"
216.244.66.238 - - [11/Jan/2020:19:53:12 +0100] "GET /product-category/jewelry/?number=9&product_cat=cosmetic HTTP/1.1" 200 49 "-" "Mozilla/5.0 (compatible; DotBot/1.1; http://www.opensiteexplorer.org/dotbot, help@moz.com)"
216.244.66.238 - - [11/Jan/2020:19:54:12 +0100] "GET /product-category/jewelry/?number=24&pa_color=green HTTP/1.1" 200 49 "-" "Mozilla/5.0 (compatible; DotBot/1.1; http://www.opensiteexplorer.org/dotbot, help@moz.com)"
216.244.66.238 - - [11/Jan/2020:19:56:25 +0100] "GET /wp-content/uploads/2016/06/22.jpg HTTP/1.1" 200 118080 "-" "Mozilla/5.0 (compatible; DotBot/1.1; http://www.opensiteexplorer.org/dotbot, help@moz.com)"
216.244.66.238 - - [11/Jan/2020:20:15:50 +0100] "GET /product-category/jewelry/?add-to-cart=107&number=9&product_cat=cosmetic HTTP/1.1" 200 49 "-" "Mozilla/5.0 (compatible; DotBot/1.1; http://www.opensiteexplorer.org/dotbot, help@moz.com)"
216.244.66.238 - - [11/Jan/2020:20:15:51 +0100] "GET /product-category/jewelry/?add-to-cart=193&number=18&pa_color=blue HTTP/1.1" 200 49 "-" "Mozilla/5.0 (compatible; DotBot/1.1; http://www.opensiteexplorer.org/dotbot, help@moz.com)"
216.244.66.238 - - [11/Jan/2020:20:15:53 +0100] "GET /product-category/jewelry/?add-to-cart=193&number=9&pa_size=s HTTP/1.1" 200 49 "-" "Mozilla/5.0 (compatible; DotBot/1.1; http://www.opensiteexplorer.org/dotbot, help@moz.com)"
216.244.66.238 - - [11/Jan/2020:20:15:55 +0100] "GET /product-category/jewelry/?add-to-cart=199&number=18&product_cat=watches HTTP/1.1" 200 49 "-" "Mozilla/5.0 (compatible; DotBot/1.1; http://www.opensiteexplorer.org/dotbot, help@moz.com)"
216.244.66.238 - - [11/Jan/2020:20:15:56 +0100] "GET /product-category/jewelry/?add-to-cart=199&number=24&add_to_wishlist=186 HTTP/1.1" 200 49 "-" "Mozilla/5.0 (compatible; DotBot/1.1; http://www.opensiteexplorer.org/dotbot, help@moz.com)"
216.244.66.238 - - [11/Jan/2020:20:16:04 +0100] "GET /product-category/jewelry/?number=6&add_to_wishlist=335&pa_color=red HTTP/1.1" 200 49 "-" "Mozilla/5.0 (compatible; DotBot/1.1; http://www.opensiteexplorer.org/dotbot, help@moz.com)"
216.244.66.238 - - [11/Jan/2020:20:15:57 +0100] "GET /product-category/jewelry/?add-to-cart=199&number=48&pa_color=yellow HTTP/1.1" 200 49 "-" "Mozilla/5.0 (compatible; DotBot/1.1; http://www.opensiteexplorer.org/dotbot, help@moz.com)"
216.244.66.238 - - [11/Jan/2020:20:15:59 +0100] "GET /product-category/jewelry/?add-to-cart=335&number=9&type=list HTTP/1.1" 200 49 "-" "Mozilla/5.0 (compatible; DotBot/1.1; http://www.opensiteexplorer.org/dotbot, help@moz.com)"
216.244.66.238 - - [11/Jan/2020:20:16:00 +0100] "GET /product-category/jewelry/?number=24&add-to-cart=107&pa_color=blue HTTP/1.1" 200 49 "-" "Mozilla/5.0 (compatible; DotBot/1.1; http://www.opensiteexplorer.org/dotbot, help@moz.com)"
216.244.66.238 - - [11/Jan/2020:20:16:01 +0100] "GET /product-category/jewelry/?number=48&add_to_wishlist=339&add-to-cart=186 HTTP/1.1" 200 49 "-" "Mozilla/5.0 (compatible; DotBot/1.1; http://www.opensiteexplorer.org/dotbot, help@moz.com)"
216.244.66.238 - - [11/Jan/2020:20:16:03 +0100] "GET /product-category/jewelry/?number=48&add_to_wishlist=339&product_cat=shoes-bags HTTP/1.1" 200 49 "-" "Mozilla/5.0 (compatible; DotBot/1.1; http://www.opensiteexplorer.org/dotbot, help@moz.com)"
69.171.251.16 - - [11/Jan/2020:20:47:23 +0100] "GET /about HTTP/1.1" 206 49 "-" "facebookexternalhit/1.1 (+http://www.facebook.com/externalhit_uatext.php)"
69.171.251.17 - - [11/Jan/2020:20:47:23 +0100] "GET /contact HTTP/1.1" 206 49 "-" "facebookexternalhit/1.1 (+http://www.facebook.com/externalhit_uatext.php)"
216.244.66.238 - - [11/Jan/2020:20:56:44 +0100] "GET /product-category/jewelry/?add-to-cart=107&number=18&type=list HTTP/1.1" 200 49 "-" "Mozilla/5.0 (compatible; DotBot/1.1; http://www.opensiteexplorer.org/dotbot, help@moz.com)"
216.244.66.238 - - [11/Jan/2020:20:56:45 +0100] "GET /product-category/jewelry/?add-to-cart=107&number=24&pa_size=xl HTTP/1.1" 200 49 "-" "Mozilla/5.0 (compatible; DotBot/1.1; http://www.opensiteexplorer.org/dotbot, help@moz.com)"
216.244.66.238 - - [11/Jan/2020:20:56:47 +0100] "GET /product-category/jewelry/?add-to-cart=193&number=24&add_to_wishlist=193 HTTP/1.1" 200 49 "-" "Mozilla/5.0 (compatible; DotBot/1.1; http://www.opensiteexplorer.org/dotbot, help@moz.com)"
216.244.66.238 - - [11/Jan/2020:20:56:49 +0100] "GET /product-category/jewelry/?add-to-cart=193&number=48&product_cat=accessories HTTP/1.1" 200 49 "-" "Mozilla/5.0 (compatible; DotBot/1.1; http://www.opensiteexplorer.org/dotbot, help@moz.com)"
216.244.66.238 - - [11/Jan/2020:20:56:50 +0100] "GET /product-category/jewelry/?add-to-cart=199&number=6&add_to_wishlist=199 HTTP/1.1" 200 49 "-" "Mozilla/5.0 (compatible; DotBot/1.1; http://www.opensiteexplorer.org/dotbot, help@moz.com)"
216.244.66.238 - - [11/Jan/2020:20:56:52 +0100] "GET /product-category/jewelry/?add-to-cart=335&number=18&product_cat=watches HTTP/1.1" 200 49 "-" "Mozilla/5.0 (compatible; DotBot/1.1; http://www.opensiteexplorer.org/dotbot, help@moz.com)"
216.244.66.238 - - [11/Jan/2020:20:56:53 +0100] "GET /product-category/jewelry/?number=18&pa_color=green&add-to-cart=193 HTTP/1.1" 200 49 "-" "Mozilla/5.0 (compatible; DotBot/1.1; http://www.opensiteexplorer.org/dotbot, help@moz.com)"
216.244.66.238 - - [11/Jan/2020:20:56:55 +0100] "GET /product-category/jewelry/?number=48&add_to_wishlist=98&product_cat=furniture HTTP/1.1" 200 49 "-" "Mozilla/5.0 (compatible; DotBot/1.1; http://www.opensiteexplorer.org/dotbot, help@moz.com)"
216.244.66.238 - - [11/Jan/2020:20:56:56 +0100] "GET /product-category/jewelry/?pa_size=s&product_cat=fashion&add_to_wishlist=339 HTTP/1.1" 200 49 "-" "Mozilla/5.0 (compatible; DotBot/1.1; http://www.opensiteexplorer.org/dotbot, help@moz.com)"
216.244.66.238 - - [11/Jan/2020:21:14:08 +0100] "GET /category/jewelry/ HTTP/1.1" 200 49 "-" "Mozilla/5.0 (compatible; DotBot/1.1; http://www.opensiteexplorer.org/dotbot, help@moz.com)"
