216.244.66.238 - - [03/Feb/2020:21:54:38 +0100] "GET /home-3/?action=yith-woocompare-add-product&id=334 HTTP/1.1" 200 49 "-" "Mozilla/5.0 (compatible; DotBot/1.1; http://www.opensiteexplorer.org/dotbot, help@moz.com)"
216.244.66.238 - - [03/Feb/2020:21:54:40 +0100] "GET /home-3/?action=yith-woocompare-add-product&id=335 HTTP/1.1" 200 49 "-" "Mozilla/5.0 (compatible; DotBot/1.1; http://www.opensiteexplorer.org/dotbot, help@moz.com)"
216.244.66.238 - - [03/Feb/2020:21:54:43 +0100] "GET /home-9/?action=yith-woocompare-add-product&id=107 HTTP/1.1" 200 49 "-" "Mozilla/5.0 (compatible; DotBot/1.1; http://www.opensiteexplorer.org/dotbot, help@moz.com)"
216.244.66.238 - - [03/Feb/2020:21:54:43 +0100] "GET /home-7/?action=yith-woocompare-add-product&id=198 HTTP/1.1" 200 49 "-" "Mozilla/5.0 (compatible; DotBot/1.1; http://www.opensiteexplorer.org/dotbot, help@moz.com)"
216.244.66.238 - - [03/Feb/2020:21:54:43 +0100] "GET /home-8/?action=yith-woocompare-add-product&id=335 HTTP/1.1" 200 49 "-" "Mozilla/5.0 (compatible; DotBot/1.1; http://www.opensiteexplorer.org/dotbot, help@moz.com)"
216.244.66.238 - - [03/Feb/2020:21:54:46 +0100] "GET /product-tag/fashion/?product_cat=watches HTTP/1.1" 200 49 "-" "Mozilla/5.0 (compatible; DotBot/1.1; http://www.opensiteexplorer.org/dotbot, help@moz.com)"
216.244.66.238 - - [03/Feb/2020:21:54:46 +0100] "GET /product-tag/food/?product_cat=watches HTTP/1.1" 200 49 "-" "Mozilla/5.0 (compatible; DotBot/1.1; http://www.opensiteexplorer.org/dotbot, help@moz.com)"
216.244.66.238 - - [03/Feb/2020:21:54:47 +0100] "GET /product-tag/jewelry/?product_cat=fashion HTTP/1.1" 200 49 "-" "Mozilla/5.0 (compatible; DotBot/1.1; http://www.opensiteexplorer.org/dotbot, help@moz.com)"
216.244.66.238 - - [03/Feb/2020:22:38:35 +0100] "GET /home-13/?action=yith-woocompare-add-product&id=190 HTTP/1.1" 200 49 "-" "Mozilla/5.0 (compatible; DotBot/1.1; http://www.opensiteexplorer.org/dotbot, help@moz.com)"
216.244.66.238 - - [03/Feb/2020:22:38:36 +0100] "GET /home-3/?action=yith-woocompare-add-product&id=194 HTTP/1.1" 200 49 "-" "Mozilla/5.0 (compatible; DotBot/1.1; http://www.opensiteexplorer.org/dotbot, help@moz.com)"
216.244.66.238 - - [03/Feb/2020:22:38:38 +0100] "GET /product-tag/mobile/?action=yith-woocompare-add-product&id=335 HTTP/1.1" 200 49 "-" "Mozilla/5.0 (compatible; DotBot/1.1; http://www.opensiteexplorer.org/dotbot, help@moz.com)"
216.244.66.238 - - [03/Feb/2020:23:03:26 +0100] "GET /product/fashion-mangto/7uptheme.com HTTP/1.1" 200 49 "-" "Mozilla/5.0 (compatible; DotBot/1.1; http://www.opensiteexplorer.org/dotbot, help@moz.com)"
216.244.66.238 - - [03/Feb/2020:23:15:18 +0100] "GET /home-14/?action=yith-woocompare-add-product&id=186 HTTP/1.1" 200 49 "-" "Mozilla/5.0 (compatible; DotBot/1.1; http://www.opensiteexplorer.org/dotbot, help@moz.com)"
216.244.66.238 - - [03/Feb/2020:23:15:18 +0100] "GET /home-6/?action=yith-woocompare-add-product&id=107 HTTP/1.1" 200 49 "-" "Mozilla/5.0 (compatible; DotBot/1.1; http://www.opensiteexplorer.org/dotbot, help@moz.com)"
216.244.66.238 - - [03/Feb/2020:23:15:19 +0100] "GET /product-tag/watch/?add_to_wishlist=339 HTTP/1.1" 200 49 "-" "Mozilla/5.0 (compatible; DotBot/1.1; http://www.opensiteexplorer.org/dotbot, help@moz.com)"
216.244.66.238 - - [03/Feb/2020:23:47:36 +0100] "GET /product/fashion-mangto/feed/ HTTP/1.1" 200 49 "-" "Mozilla/5.0 (compatible; DotBot/1.1; http://www.opensiteexplorer.org/dotbot, help@moz.com)"
195.154.22.98 - - [04/Feb/2020:00:33:56 +0100] "GET /admin/images/cal_date_over.gif HTTP/1.1" 200 49 "-" "Mozilla/5.0 (Windows NT 10.0; Win64; x64; rv:64.0) Gecko/20100101 Firefox/64.0"
195.154.22.98 - - [04/Feb/2020:00:33:56 +0100] "GET /admin/login.php HTTP/1.1" 200 49 "-" "Mozilla/5.0 (Windows NT 10.0; Win64; x64; rv:64.0) Gecko/20100101 Firefox/64.0"
195.154.22.98 - - [04/Feb/2020:00:33:57 +0100] "GET /templates/system/css/system.css HTTP/1.1" 200 49 "-" "Mozilla/5.0 (Windows NT 10.0; Win64; x64; rv:64.0) Gecko/20100101 Firefox/64.0"
195.154.22.98 - - [04/Feb/2020:00:33:57 +0100] "GET / HTTP/1.1" 200 49 "-" "Mozilla/5.0 (Windows NT 10.0; Win64; x64; rv:64.0) Gecko/20100101 Firefox/64.0"
195.154.22.98 - - [04/Feb/2020:00:33:57 +0100] "GET /language/en-GB/en-GB.xml HTTP/1.1" 200 49 "-" "python-requests/2.22.0"
195.154.22.98 - - [04/Feb/2020:00:33:58 +0100] "POST /index.php?option=com_adsmanager&task=upload&tmpl=component HTTP/1.1" 200 49 "-" "Mozilla/5.0 (Windows NT 10.0; Win64; x64; rv:64.0) Gecko/20100101 Firefox/64.0"
195.154.22.98 - - [04/Feb/2020:00:33:58 +0100] "GET /index.php?option=com_adsmanager&task=upload&tmpl=component HTTP/1.1" 200 49 "-" "python-requests/2.22.0"
195.154.22.98 - - [04/Feb/2020:00:33:58 +0100] "GET /administrator/components/com_alberghi/upload.alberghi.php HTTP/1.1" 200 49 "-" "Mozilla/5.0 (Windows NT 10.0; Win64; x64; rv:64.0) Gecko/20100101 Firefox/64.0"
195.154.22.98 - - [04/Feb/2020:00:33:59 +0100] "GET /index.php?option=com_cckjseblod&task=download&file=configuration.php HTTP/1.1" 200 49 "-" "Mozilla/5.0 (Windows NT 10.0; Win64; x64; rv:64.0) Gecko/20100101 Firefox/64.0"
195.154.22.98 - - [04/Feb/2020:00:33:59 +0100] "GET /index.php?option=com_cckjseblod&task=download&file=configuration.php HTTP/1.1" 200 49 "-" "python-requests/2.22.0"
195.154.22.98 - - [04/Feb/2020:00:33:59 +0100] "POST /index.php?option=com_fabrik&c=import&view=import&filetype=csv&table= HTTP/1.1" 200 49 "-" "Mozilla/5.0 (Windows NT 10.0; Win64; x64; rv:64.0) Gecko/20100101 Firefox/64.0"
195.154.22.98 - - [04/Feb/2020:00:34:00 +0100] "GET /media/spy.txt HTTP/1.1" 200 49 "-" "Mozilla/5.0 (Windows NT 10.0; Win64; x64; rv:64.0) Gecko/20100101 Firefox/64.0"
195.154.22.98 - - [04/Feb/2020:00:34:00 +0100] "GET /index.php?option=com_fabrik&c=import&view=import&filetype=csv&table= HTTP/1.1" 200 49 "-" "python-requests/2.22.0"
195.154.22.98 - - [04/Feb/2020:00:34:00 +0100] "GET /components/com_hdflvplayer/hdflvplayer/download.php?f=../../../configuration.php HTTP/1.1" 200 49 "-" "Mozilla/5.0 (Windows NT 10.0; Win64; x64; rv:64.0) Gecko/20100101 Firefox/64.0"
195.154.22.98 - - [04/Feb/2020:00:34:00 +0100] "GET /components/com_hdflvplayer/hdflvplayer/download.php?f=../../../configuration.php HTTP/1.1" 200 49 "-" "python-requests/2.22.0"
195.154.22.98 - - [04/Feb/2020:00:34:01 +0100] "POST /index.php?option=com_jdownloads&Itemid=0&view=upload HTTP/1.1" 200 49 "-" "Mozilla/5.0 (Windows NT 10.0; Win64; x64; rv:64.0) Gecko/20100101 Firefox/64.0"
195.154.22.98 - - [04/Feb/2020:00:34:01 +0100] "POST /index.php?option=com_jdownloads&Itemid=0&view=upload HTTP/1.1" 200 49 "-" "Mozilla/5.0 (Windows NT 10.0; Win64; x64; rv:64.0) Gecko/20100101 Firefox/64.0"
195.154.22.98 - - [04/Feb/2020:00:34:01 +0100] "GET /index.php?option=com_joomanager&controller=details&task=download&path=configuration.php HTTP/1.1" 200 49 "-" "Mozilla/5.0 (Windows NT 10.0; Win64; x64; rv:64.0) Gecko/20100101 Firefox/64.0"
195.154.22.98 - - [04/Feb/2020:00:34:01 +0100] "GET /index.php?option=com_joomanager&controller=details&task=download&path=configuration.php HTTP/1.1" 200 49 "-" "python-requests/2.22.0"
195.154.22.98 - - [04/Feb/2020:00:34:01 +0100] "POST /index.php?option=com_myblog&task=ajaxupload HTTP/1.1" 200 49 "-" "Mozilla/5.0 (Windows NT 10.0; Win64; x64; rv:64.0) Gecko/20100101 Firefox/64.0"
195.154.22.98 - - [04/Feb/2020:00:34:01 +0100] "GET /images/pwn.gif HTTP/1.1" 200 49 "-" "Mozilla/5.0 (Windows NT 10.0; Win64; x64; rv:64.0) Gecko/20100101 Firefox/64.0"
195.154.22.98 - - [04/Feb/2020:00:34:01 +0100] "GET /index.php?option=com_myblog&task=ajaxupload HTTP/1.1" 200 49 "-" "python-requests/2.22.0"
195.154.22.98 - - [04/Feb/2020:00:34:01 +0100] "GET /index.php?option=com_macgallery&view=download&albumid=../../configuration.php HTTP/1.1" 200 49 "-" "Mozilla/5.0 (Windows NT 10.0; Win64; x64; rv:64.0) Gecko/20100101 Firefox/64.0"
195.154.22.98 - - [04/Feb/2020:00:34:01 +0100] "GET /index.php?option=com_macgallery&view=download&albumid=../../configuration.php HTTP/1.1" 200 49 "-" "python-requests/2.22.0"
195.154.22.98 - - [04/Feb/2020:00:34:02 +0100] "POST /index.php?option=com_jce&task=plugin&plugin=imgmanager&file=imgmanager&method=form HTTP/1.1" 200 49 "-" "python-requests/2.22.0"
195.154.22.98 - - [04/Feb/2020:00:34:02 +0100] "POST /index.php?option=com_jce&task=plugin&plugin=imgmanager&file=imgmanager&method=form HTTP/1.1" 200 49 "-" "python-requests/2.22.0"
195.154.22.98 - - [04/Feb/2020:00:34:02 +0100] "POST /index.php?option=com_jce&task=plugin&plugin=imgmanager&file=imgmanager&method=form HTTP/1.1" 200 49 "-" "python-requests/2.22.0"
195.154.22.98 - - [04/Feb/2020:00:34:02 +0100] "GET /plugins/content/s5_media_player/helper.php?fileurl=Li4vLi4vLi4vY29uZmlndXJhdGlvbi5waHA= HTTP/1.1" 200 49 "-" "Mozilla/5.0 (Windows NT 10.0; Win64; x64; rv:64.0) Gecko/20100101 Firefox/64.0"
195.154.22.98 - - [04/Feb/2020:00:34:02 +0100] "GET /plugins/content/s5_media_player/helper.php?fileurl=Li4vLi4vLi4vY29uZmlndXJhdGlvbi5waHA= HTTP/1.1" 200 49 "-" "python-requests/2.22.0"
195.154.22.98 - - [04/Feb/2020:00:34:02 +0100] "GET /components/com_jbcatalog/libraries/jsupload/server/php HTTP/1.1" 200 49 "-" "Mozilla/5.0 (Windows NT 10.0; Win64; x64; rv:64.0) Gecko/20100101 Firefox/64.0"
195.154.22.98 - - [04/Feb/2020:00:34:02 +0100] "POST /components/com_jbcatalog/libraries/jsupload/server/php HTTP/1.1" 200 49 "-" "Mozilla/5.0 (Windows NT 10.0; Win64; x64; rv:64.0) Gecko/20100101 Firefox/64.0"
195.154.22.98 - - [04/Feb/2020:00:34:02 +0100] "GET /components/com_jbcatalog/libraries/jsupload/server/php/files/up.php HTTP/1.1" 200 49 "-" "Mozilla/5.0 (Windows NT 10.0; Win64; x64; rv:64.0) Gecko/20100101 Firefox/64.0"
195.154.22.98 - - [04/Feb/2020:00:34:02 +0100] "POST /components/com_jbcatalog/libraries/jsupload/server/php HTTP/1.1" 200 49 "-" "Mozilla/5.0 (Windows NT 10.0; Win64; x64; rv:64.0) Gecko/20100101 Firefox/64.0"
195.154.22.98 - - [04/Feb/2020:00:34:03 +0100] "GET /components/com_jbcatalog/libraries/jsupload/server/php/files/pwn.gif HTTP/1.1" 200 49 "-" "Mozilla/5.0 (Windows NT 10.0; Win64; x64; rv:64.0) Gecko/20100101 Firefox/64.0"
195.154.22.98 - - [04/Feb/2020:00:34:03 +0100] "GET /components/com_jbcatalog/libraries/jsupload/server/php HTTP/1.1" 200 49 "-" "python-requests/2.22.0"
195.154.22.98 - - [04/Feb/2020:00:34:03 +0100] "GET /components/com_sexycontactform/fileupload/ HTTP/1.1" 200 49 "-" "Mozilla/5.0 (Windows NT 10.0; Win64; x64; rv:64.0) Gecko/20100101 Firefox/64.0"
195.154.22.98 - - [04/Feb/2020:00:34:03 +0100] "POST /components/com_sexycontactform/fileupload/ HTTP/1.1" 200 49 "-" "Mozilla/5.0 (Windows NT 10.0; Win64; x64; rv:64.0) Gecko/20100101 Firefox/64.0"
195.154.22.98 - - [04/Feb/2020:00:34:03 +0100] "GET /components/com_sexycontactform/fileupload/files/up.php HTTP/1.1" 200 49 "-" "Mozilla/5.0 (Windows NT 10.0; Win64; x64; rv:64.0) Gecko/20100101 Firefox/64.0"
195.154.22.98 - - [04/Feb/2020:00:34:03 +0100] "POST /components/com_jbcatalog/libraries/jsupload/server/php HTTP/1.1" 200 49 "-" "Mozilla/5.0 (Windows NT 10.0; Win64; x64; rv:64.0) Gecko/20100101 Firefox/64.0"
195.154.22.98 - - [04/Feb/2020:00:34:03 +0100] "GET /components/com_sexycontactform/fileupload/files/pwn.gif HTTP/1.1" 200 49 "-" "Mozilla/5.0 (Windows NT 10.0; Win64; x64; rv:64.0) Gecko/20100101 Firefox/64.0"
195.154.22.98 - - [04/Feb/2020:00:34:04 +0100] "GET /components/com_sexycontactform/fileupload/ HTTP/1.1" 200 49 "-" "python-requests/2.22.0"
195.154.22.98 - - [04/Feb/2020:00:34:04 +0100] "GET /administrator/components/com_rokdownloads/assets/uploadhandler.php HTTP/1.1" 200 49 "-" "Mozilla/5.0 (Windows NT 10.0; Win64; x64; rv:64.0) Gecko/20100101 Firefox/64.0"
195.154.22.98 - - [04/Feb/2020:00:34:04 +0100] "POST /administrator/components/com_rokdownloads/assets/uploadhandler.php HTTP/1.1" 200 49 "-" "Mozilla/5.0 (Windows NT 10.0; Win64; x64; rv:64.0) Gecko/20100101 Firefox/64.0"
195.154.22.98 - - [04/Feb/2020:00:34:04 +0100] "GET /images/stories/up.php HTTP/1.1" 200 49 "-" "Mozilla/5.0 (Windows NT 10.0; Win64; x64; rv:64.0) Gecko/20100101 Firefox/64.0"
195.154.22.98 - - [04/Feb/2020:00:34:04 +0100] "POST /administrator/components/com_rokdownloads/assets/uploadhandler.php HTTP/1.1" 200 49 "-" "Mozilla/5.0 (Windows NT 10.0; Win64; x64; rv:64.0) Gecko/20100101 Firefox/64.0"
195.154.22.98 - - [04/Feb/2020:00:34:04 +0100] "GET /images/stories/pwn.gif HTTP/1.1" 200 49 "-" "Mozilla/5.0 (Windows NT 10.0; Win64; x64; rv:64.0) Gecko/20100101 Firefox/64.0"
195.154.22.98 - - [04/Feb/2020:00:34:04 +0100] "GET /administrator/components/com_rokdownloads/assets/uploadhandler.php HTTP/1.1" 200 49 "-" "python-requests/2.22.0"
195.154.22.98 - - [04/Feb/2020:00:34:04 +0100] "GET /administrator/components/com_extplorer/uploadhandler.php HTTP/1.1" 200 49 "-" "Mozilla/5.0 (Windows NT 10.0; Win64; x64; rv:64.0) Gecko/20100101 Firefox/64.0"
195.154.22.98 - - [04/Feb/2020:00:34:04 +0100] "POST /administrator/components/com_extplorer/uploadhandler.php HTTP/1.1" 200 49 "-" "Mozilla/5.0 (Windows NT 10.0; Win64; x64; rv:64.0) Gecko/20100101 Firefox/64.0"
195.154.22.98 - - [04/Feb/2020:00:34:04 +0100] "GET /images/stories/up.php HTTP/1.1" 200 49 "-" "Mozilla/5.0 (Windows NT 10.0; Win64; x64; rv:64.0) Gecko/20100101 Firefox/64.0"
195.154.22.98 - - [04/Feb/2020:00:34:05 +0100] "POST /administrator/components/com_extplorer/uploadhandler.php HTTP/1.1" 200 49 "-" "Mozilla/5.0 (Windows NT 10.0; Win64; x64; rv:64.0) Gecko/20100101 Firefox/64.0"
195.154.22.98 - - [04/Feb/2020:00:34:05 +0100] "GET /images/stories/pwn.gif HTTP/1.1" 200 49 "-" "Mozilla/5.0 (Windows NT 10.0; Win64; x64; rv:64.0) Gecko/20100101 Firefox/64.0"
195.154.22.98 - - [04/Feb/2020:00:34:05 +0100] "GET /administrator/components/com_extplorer/uploadhandler.php HTTP/1.1" 200 49 "-" "python-requests/2.22.0"
216.244.66.238 - - [04/Feb/2020:00:36:32 +0100] "GET /product-tag/mobile/?product_cat=mobile HTTP/1.1" 200 49 "-" "Mozilla/5.0 (compatible; DotBot/1.1; http://www.opensiteexplorer.org/dotbot, help@moz.com)"
216.244.66.238 - - [04/Feb/2020:01:17:04 +0100] "GET /product-tag/food/?add_to_wishlist=339 HTTP/1.1" 200 49 "-" "Mozilla/5.0 (compatible; DotBot/1.1; http://www.opensiteexplorer.org/dotbot, help@moz.com)"
207.46.13.229 - - [04/Feb/2020:01:26:21 +0100] "GET / HTTP/1.1" 200 49 "-" "Mozilla/5.0 (compatible; bingbot/2.0; +http://www.bing.com/bingbot.htm)"
216.244.66.238 - - [04/Feb/2020:02:01:32 +0100] "GET /product-tag/food/?number=18 HTTP/1.1" 200 49 "-" "Mozilla/5.0 (compatible; DotBot/1.1; http://www.opensiteexplorer.org/dotbot, help@moz.com)"
216.244.66.238 - - [04/Feb/2020:02:01:34 +0100] "GET /product-category/shoes-bags/7uptheme.com HTTP/1.1" 200 49 "-" "Mozilla/5.0 (compatible; DotBot/1.1; http://www.opensiteexplorer.org/dotbot, help@moz.com)"
216.244.66.238 - - [04/Feb/2020:02:04:22 +0100] "GET /product-tag/food/?pa_color=cyan HTTP/1.1" 200 49 "-" "Mozilla/5.0 (compatible; DotBot/1.1; http://www.opensiteexplorer.org/dotbot, help@moz.com)"
141.8.142.149 - - [04/Feb/2020:02:23:41 +0100] "GET /robots.txt HTTP/1.1" 200 49 "-" "Mozilla/5.0 (compatible; YandexBot/3.0; +http://yandex.com/bots)"
141.8.142.149 - - [04/Feb/2020:02:23:45 +0100] "GET / HTTP/1.1" 200 49 "-" "Mozilla/5.0 (compatible; YandexBot/3.0; +http://yandex.com/bots)"
216.244.66.238 - - [04/Feb/2020:02:29:47 +0100] "GET /product/light-classic/feed/ HTTP/1.1" 200 49 "-" "Mozilla/5.0 (compatible; DotBot/1.1; http://www.opensiteexplorer.org/dotbot, help@moz.com)"
216.244.66.238 - - [04/Feb/2020:02:39:11 +0100] "GET /product-tag/mobile/?action=yith-woocompare-add-product&id=193 HTTP/1.1" 200 49 "-" "Mozilla/5.0 (compatible; DotBot/1.1; http://www.opensiteexplorer.org/dotbot, help@moz.com)"
207.46.13.98 - - [04/Feb/2020:03:27:38 +0100] "GET /robots.txt HTTP/1.1" 200 49 "-" "msnbot/2.0b (+http://search.msn.com/msnbot.htm)"
216.244.66.238 - - [04/Feb/2020:03:33:03 +0100] "GET /product-tag/watch/?pa_color=green HTTP/1.1" 200 49 "-" "Mozilla/5.0 (compatible; DotBot/1.1; http://www.opensiteexplorer.org/dotbot, help@moz.com)"
216.244.66.238 - - [04/Feb/2020:04:14:48 +0100] "GET /shop/?add_to_wishlist=188&number=12 HTTP/1.1" 200 49 "-" "Mozilla/5.0 (compatible; DotBot/1.1; http://www.opensiteexplorer.org/dotbot, help@moz.com)"
216.244.66.238 - - [04/Feb/2020:04:14:49 +0100] "GET /shop/?product_cat=furniture&add_to_wishlist=193 HTTP/1.1" 200 49 "-" "Mozilla/5.0 (compatible; DotBot/1.1; http://www.opensiteexplorer.org/dotbot, help@moz.com)"
216.244.66.238 - - [04/Feb/2020:04:46:32 +0100] "GET /product-tag/mobile/?add_to_wishlist=335 HTTP/1.1" 200 49 "-" "Mozilla/5.0 (compatible; DotBot/1.1; http://www.opensiteexplorer.org/dotbot, help@moz.com)"
216.244.66.238 - - [04/Feb/2020:05:30:47 +0100] "GET /home-13/?action=yith-woocompare-add-product&id=191 HTTP/1.1" 200 49 "-" "Mozilla/5.0 (compatible; DotBot/1.1; http://www.opensiteexplorer.org/dotbot, help@moz.com)"
216.244.66.238 - - [04/Feb/2020:06:44:05 +0100] "GET /product/blackberry-passpost/7uptheme.com HTTP/1.1" 200 49 "-" "Mozilla/5.0 (compatible; DotBot/1.1; http://www.opensiteexplorer.org/dotbot, help@moz.com)"
216.244.66.238 - - [04/Feb/2020:06:52:31 +0100] "GET /product-tag/fashion/?action=yith-woocompare-add-product&id=193 HTTP/1.1" 200 49 "-" "Mozilla/5.0 (compatible; DotBot/1.1; http://www.opensiteexplorer.org/dotbot, help@moz.com)"
216.244.66.238 - - [04/Feb/2020:06:52:32 +0100] "GET /product-tag/jewelry/?action=yith-woocompare-add-product&id=107 HTTP/1.1" 200 49 "-" "Mozilla/5.0 (compatible; DotBot/1.1; http://www.opensiteexplorer.org/dotbot, help@moz.com)"
216.244.66.238 - - [04/Feb/2020:06:52:33 +0100] "GET /product-tag/watch/?action=yith-woocompare-add-product&id=105 HTTP/1.1" 200 49 "-" "Mozilla/5.0 (compatible; DotBot/1.1; http://www.opensiteexplorer.org/dotbot, help@moz.com)"
216.244.66.238 - - [04/Feb/2020:06:52:34 +0100] "GET /product-tag/watch/?action=yith-woocompare-add-product&id=339 HTTP/1.1" 200 49 "-" "Mozilla/5.0 (compatible; DotBot/1.1; http://www.opensiteexplorer.org/dotbot, help@moz.com)"
209.17.96.242 - - [04/Feb/2020:07:06:58 +0100] "GET / HTTP/1.1" 200 49 "-" "Mozilla/5.0 (compatible; Nimbostratus-Bot/v1.3.2; http://cloudsystemnetworks.com)"
216.244.66.238 - - [04/Feb/2020:07:26:15 +0100] "GET /product/cookie-packaging/feed/ HTTP/1.1" 200 49 "-" "Mozilla/5.0 (compatible; DotBot/1.1; http://www.opensiteexplorer.org/dotbot, help@moz.com)"
216.244.66.238 - - [04/Feb/2020:08:29:26 +0100] "GET /product-tag/mobile/?number=6 HTTP/1.1" 200 49 "-" "Mozilla/5.0 (compatible; DotBot/1.1; http://www.opensiteexplorer.org/dotbot, help@moz.com)"
216.244.66.238 - - [04/Feb/2020:10:28:56 +0100] "GET /shop/page/3/7uptheme.com HTTP/1.1" 200 49 "-" "Mozilla/5.0 (compatible; DotBot/1.1; http://www.opensiteexplorer.org/dotbot, help@moz.com)"
216.244.66.238 - - [04/Feb/2020:11:12:48 +0100] "GET /product-tag/fashion/feed/ HTTP/1.1" 200 49 "-" "Mozilla/5.0 (compatible; DotBot/1.1; http://www.opensiteexplorer.org/dotbot, help@moz.com)"
216.244.66.238 - - [04/Feb/2020:11:57:43 +0100] "GET /shop/page/4/7uptheme.com HTTP/1.1" 200 49 "-" "Mozilla/5.0 (compatible; DotBot/1.1; http://www.opensiteexplorer.org/dotbot, help@moz.com)"
31.13.127.17 - - [04/Feb/2020:12:30:33 +0100] "GET /contact HTTP/1.1" 206 49 "-" "facebookexternalhit/1.1 (+http://www.facebook.com/externalhit_uatext.php)"
31.13.127.13 - - [04/Feb/2020:12:30:34 +0100] "GET /about HTTP/1.1" 206 49 "-" "facebookexternalhit/1.1 (+http://www.facebook.com/externalhit_uatext.php)"
176.31.116.194 - - [04/Feb/2020:12:33:04 +0100] "POST /wp-cron.php?doing_wp_cron=1580815984.9154369831085205078125 HTTP/1.1" 200 - "http://megastore.7uptheme.net/wp-cron.php?doing_wp_cron=1580815984.9154369831085205078125" "WordPress/5.1.4; https://megastore.7uptheme.net"
50.87.248.20 - - [04/Feb/2020:12:33:04 +0100] "HEAD /wp-admin/ HTTP/1.1" 302 - "https://vshoped.com" "Mozilla/5.0 (Windows NT 10.0; Win64; x64) AppleWebKit/537.36 (KHTML, like Gecko) Chrome/70.0.3538.102 Safari/537.36"
216.244.66.238 - - [04/Feb/2020:12:48:16 +0100] "GET /robots.txt HTTP/1.1" 200 49 "-" "Mozilla/5.0 (compatible; DotBot/1.1; http://www.opensiteexplorer.org/dotbot, help@moz.com)"
31.13.103.23 - - [04/Feb/2020:15:44:29 +0100] "GET /contact HTTP/1.1" 206 49 "-" "facebookexternalhit/1.1 (+http://www.facebook.com/externalhit_uatext.php)"
31.13.103.9 - - [04/Feb/2020:15:44:29 +0100] "GET /about HTTP/1.1" 206 49 "-" "facebookexternalhit/1.1 (+http://www.facebook.com/externalhit_uatext.php)"
207.46.13.229 - - [04/Feb/2020:15:54:35 +0100] "GET / HTTP/1.1" 200 49 "-" "Mozilla/5.0 (compatible; bingbot/2.0; +http://www.bing.com/bingbot.htm)"
94.130.219.241 - - [04/Feb/2020:15:59:35 +0100] "GET /robots.txt HTTP/1.1" 200 49 "-" "Mozilla/5.0 (compatible; BLEXBot/1.0; +http://webmeup-crawler.com/)"
94.130.219.241 - - [04/Feb/2020:15:59:35 +0100] "GET /sitemap.xml HTTP/1.1" 200 49 "-" "Mozilla/5.0 (compatible; BLEXBot/1.0; +http://webmeup-crawler.com/)"
157.55.39.44 - - [04/Feb/2020:16:00:29 +0100] "GET /robots.txt HTTP/1.1" 200 49 "-" "Mozilla/5.0 (compatible; bingbot/2.0; +http://www.bing.com/bingbot.htm)"
207.46.13.98 - - [04/Feb/2020:17:05:02 +0100] "GET /robots.txt HTTP/1.1" 200 49 "-" "msnbot/2.0b (+http://search.msn.com/msnbot.htm)"
40.77.167.55 - - [05/Feb/2020:04:00:17 +0100] "GET /robots.txt HTTP/1.1" 200 49 "-" "msnbot/2.0b (+http://search.msn.com/msnbot.htm)"
207.46.13.229 - - [05/Feb/2020:04:49:31 +0100] "GET / HTTP/1.1" 200 49 "-" "Mozilla/5.0 (compatible; bingbot/2.0; +http://www.bing.com/bingbot.htm)"
157.55.39.44 - - [05/Feb/2020:04:59:19 +0100] "GET /robots.txt HTTP/1.1" 200 49 "-" "Mozilla/5.0 (compatible; bingbot/2.0; +http://www.bing.com/bingbot.htm)"
114.119.154.112 - - [05/Feb/2020:05:44:26 +0100] "GET /robots.txt HTTP/1.1" 200 49 "-" "Mozilla/5.0(Linux;U;Android 5.1.1;zh-CN;OPPO A33 Build/LMY47V) AppleWebKit/537.36(KHTML,like Gecko) Version/4.0 Chrome/40.0.2214.89 UCBrowser/11.7.0.953 Mobile Safari/537.36"
114.119.128.165 - - [05/Feb/2020:10:32:25 +0100] "GET /robots.txt HTTP/1.1" 200 49 "-" "Mozilla/5.0(Linux;U;Android 5.1.1;zh-CN;OPPO A33 Build/LMY47V) AppleWebKit/537.36(KHTML,like Gecko) Version/4.0 Chrome/40.0.2214.89 UCBrowser/11.7.0.953 Mobile Safari/537.36"
216.244.66.238 - - [05/Feb/2020:11:30:53 +0100] "GET /product-category/electronics/feed/ HTTP/1.1" 200 49 "-" "Mozilla/5.0 (compatible; DotBot/1.1; http://www.opensiteexplorer.org/dotbot, help@moz.com)"
216.244.66.238 - - [05/Feb/2020:14:05:18 +0100] "GET /robots.txt HTTP/1.1" 200 49 "-" "Mozilla/5.0 (compatible; DotBot/1.1; http://www.opensiteexplorer.org/dotbot, help@moz.com)"
40.77.167.55 - - [05/Feb/2020:16:03:32 +0100] "GET /robots.txt HTTP/1.1" 200 49 "-" "msnbot/2.0b (+http://search.msn.com/msnbot.htm)"
157.55.39.44 - - [05/Feb/2020:18:10:01 +0100] "GET /robots.txt HTTP/1.1" 200 49 "-" "Mozilla/5.0 (compatible; bingbot/2.0; +http://www.bing.com/bingbot.htm)"
31.13.127.26 - - [05/Feb/2020:18:39:01 +0100] "GET /contact HTTP/1.1" 206 49 "-" "facebookexternalhit/1.1 (+http://www.facebook.com/externalhit_uatext.php)"
31.13.127.18 - - [05/Feb/2020:18:39:02 +0100] "GET /about HTTP/1.1" 206 49 "-" "facebookexternalhit/1.1 (+http://www.facebook.com/externalhit_uatext.php)"
216.244.66.238 - - [05/Feb/2020:18:39:03 +0100] "GET /product-category/accessories/feed/ HTTP/1.1" 200 49 "-" "Mozilla/5.0 (compatible; DotBot/1.1; http://www.opensiteexplorer.org/dotbot, help@moz.com)"
157.55.39.44 - - [06/Feb/2020:01:57:40 +0100] "GET /robots.txt HTTP/1.1" 200 49 "-" "Mozilla/5.0 (compatible; bingbot/2.0; +http://www.bing.com/bingbot.htm)"
157.55.39.46 - - [06/Feb/2020:01:57:43 +0100] "GET / HTTP/1.1" 200 49 "-" "Mozilla/5.0 (compatible; bingbot/2.0; +http://www.bing.com/bingbot.htm)"
54.208.102.37 - - [06/Feb/2020:03:50:44 +0100] "GET / HTTP/1.1" 200 49 "http://megastore.7uptheme.net/" "Mozilla/5.0 (compatible; DuckDuckGo-Favicons-Bot/1.0; +http://duckduckgo.com)"
54.208.102.37 - - [06/Feb/2020:03:50:44 +0100] "GET /favicon.ico HTTP/1.1" 200 49 "http://megastore.7uptheme.net/favicon.ico" "Mozilla/5.0 (compatible; DuckDuckGo-Favicons-Bot/1.0; +http://duckduckgo.com)"
107.21.1.8 - - [06/Feb/2020:03:51:17 +0100] "GET / HTTP/1.1" 200 49 "http://megastore.7uptheme.net/" "Mozilla/5.0 (compatible; DuckDuckGo-Favicons-Bot/1.0; +http://duckduckgo.com)"
107.21.1.8 - - [06/Feb/2020:03:51:18 +0100] "GET /favicon.ico HTTP/1.1" 200 49 "http://megastore.7uptheme.net/favicon.ico" "Mozilla/5.0 (compatible; DuckDuckGo-Favicons-Bot/1.0; +http://duckduckgo.com)"
157.230.24.223 - - [06/Feb/2020:10:30:49 +0100] "GET /wp-login.php HTTP/1.1" 302 - "-" "Mozilla/5.0 (X11; Ubuntu; Linux x86_64; rv:62.0) Gecko/20100101 Firefox/62.0"
157.230.24.223 - - [06/Feb/2020:10:30:54 +0100] "GET ///?author=1 HTTP/1.1" 200 49 "-" "Mozilla/5.0 (X11; Ubuntu; Linux x86_64; rv:62.0) Gecko/20100101 Firefox/62.0"
157.230.24.223 - - [06/Feb/2020:10:30:54 +0100] "GET ///wp-json/wp/v2/users/ HTTP/1.1" 200 49 "-" "Mozilla/5.0 (X11; Ubuntu; Linux x86_64; rv:62.0) Gecko/20100101 Firefox/62.0"
176.31.116.194 - - [06/Feb/2020:10:30:52 +0100] "POST /wp-cron.php?doing_wp_cron=1580981452.7725598812103271484375 HTTP/1.1" 200 - "http://megastore.7uptheme.net/wp-cron.php?doing_wp_cron=1580981452.7725598812103271484375" "WordPress/5.1.4; https://megastore.7uptheme.net"
157.55.39.44 - - [06/Feb/2020:14:07:30 +0100] "GET /robots.txt HTTP/1.1" 200 49 "-" "Mozilla/5.0 (compatible; bingbot/2.0; +http://www.bing.com/bingbot.htm)"
40.77.167.55 - - [06/Feb/2020:14:07:32 +0100] "GET /robots.txt HTTP/1.1" 200 49 "-" "msnbot/2.0b (+http://search.msn.com/msnbot.htm)"
216.244.66.238 - - [06/Feb/2020:14:53:34 +0100] "GET /robots.txt HTTP/1.1" 200 49 "-" "Mozilla/5.0 (compatible; DotBot/1.1; http://www.opensiteexplorer.org/dotbot, help@moz.com)"
157.55.39.44 - - [06/Feb/2020:16:23:00 +0100] "GET /robots.txt HTTP/1.1" 200 49 "-" "Mozilla/5.0 (compatible; bingbot/2.0; +http://www.bing.com/bingbot.htm)"
157.55.39.44 - - [06/Feb/2020:17:05:08 +0100] "GET /robots.txt HTTP/1.1" 200 49 "-" "Mozilla/5.0 (compatible; bingbot/2.0; +http://www.bing.com/bingbot.htm)"
40.77.167.201 - - [06/Feb/2020:17:45:24 +0100] "GET / HTTP/1.1" 200 49 "-" "Mozilla/5.0 (compatible; bingbot/2.0; +http://www.bing.com/bingbot.htm)"
216.244.66.238 - - [06/Feb/2020:18:59:02 +0100] "GET /product-category/cosmetic/perfume/ HTTP/1.1" 200 49 "-" "Mozilla/5.0 (compatible; DotBot/1.1; http://www.opensiteexplorer.org/dotbot, help@moz.com)"
144.168.162.250 - - [06/Feb/2020:20:05:56 +0100] "GET / HTTP/1.1" 200 49 "-" "Mozilla/5.0 (Windows NT 6.1; WOW64) AppleWebKit/537.36 (KHTML, like Gecko) Chrome/34.0.1847.131 Safari/537.36"
157.55.39.44 - - [07/Feb/2020:00:02:52 +0100] "GET /robots.txt HTTP/1.1" 200 49 "-" "Mozilla/5.0 (compatible; bingbot/2.0; +http://www.bing.com/bingbot.htm)"
40.77.167.55 - - [07/Feb/2020:00:03:33 +0100] "GET /robots.txt HTTP/1.1" 200 49 "-" "msnbot/2.0b (+http://search.msn.com/msnbot.htm)"
40.77.167.55 - - [07/Feb/2020:05:10:28 +0100] "GET / HTTP/1.1" 200 49 "-" "Mozilla/5.0 (compatible; bingbot/2.0; +http://www.bing.com/bingbot.htm)"
40.77.167.55 - - [07/Feb/2020:11:47:33 +0100] "GET /robots.txt HTTP/1.1" 200 49 "-" "msnbot/2.0b (+http://search.msn.com/msnbot.htm)"
50.87.248.20 - - [07/Feb/2020:12:33:33 +0100] "HEAD /wp-admin/ HTTP/1.1" 302 - "https://vshoped.com" "Mozilla/5.0 (Windows NT 10.0; Win64; x64) AppleWebKit/537.36 (KHTML, like Gecko) Chrome/70.0.3538.102 Safari/537.36"
176.31.116.194 - - [07/Feb/2020:12:33:34 +0100] "POST /wp-cron.php?doing_wp_cron=1581075214.4558370113372802734375 HTTP/1.1" 200 - "http://megastore.7uptheme.net/wp-cron.php?doing_wp_cron=1581075214.4558370113372802734375" "WordPress/5.1.4; https://megastore.7uptheme.net"
216.244.66.238 - - [07/Feb/2020:15:50:14 +0100] "GET /robots.txt HTTP/1.1" 200 49 "-" "Mozilla/5.0 (compatible; DotBot/1.1; http://www.opensiteexplorer.org/dotbot, help@moz.com)"
216.244.66.238 - - [07/Feb/2020:20:33:47 +0100] "GET /product-tag/men/?add_to_wishlist=193 HTTP/1.1" 200 49 "-" "Mozilla/5.0 (compatible; DotBot/1.1; http://www.opensiteexplorer.org/dotbot, help@moz.com)"
216.244.66.238 - - [07/Feb/2020:20:33:48 +0100] "GET /product-tag/mobile/?action=yith-woocompare-add-product&id=339 HTTP/1.1" 200 49 "-" "Mozilla/5.0 (compatible; DotBot/1.1; http://www.opensiteexplorer.org/dotbot, help@moz.com)"
40.77.167.55 - - [07/Feb/2020:21:15:51 +0100] "GET /robots.txt HTTP/1.1" 200 49 "-" "msnbot/2.0b (+http://search.msn.com/msnbot.htm)"
216.244.66.238 - - [07/Feb/2020:21:58:54 +0100] "GET /product-tag/men/?action=yith-woocompare-add-product&id=107 HTTP/1.1" 200 49 "-" "Mozilla/5.0 (compatible; DotBot/1.1; http://www.opensiteexplorer.org/dotbot, help@moz.com)"
216.244.66.238 - - [07/Feb/2020:21:58:56 +0100] "GET /product-tag/watch/?add_to_wishlist=107 HTTP/1.1" 200 49 "-" "Mozilla/5.0 (compatible; DotBot/1.1; http://www.opensiteexplorer.org/dotbot, help@moz.com)"
216.244.66.238 - - [07/Feb/2020:21:58:56 +0100] "GET /product-tag/men/?product_cat=watches HTTP/1.1" 200 49 "-" "Mozilla/5.0 (compatible; DotBot/1.1; http://www.opensiteexplorer.org/dotbot, help@moz.com)"
216.244.66.238 - - [07/Feb/2020:23:33:39 +0100] "GET /shop/?product_cat=cosmetic&add_to_wishlist=334 HTTP/1.1" 200 49 "-" "Mozilla/5.0 (compatible; DotBot/1.1; http://www.opensiteexplorer.org/dotbot, help@moz.com)"
216.244.66.238 - - [08/Feb/2020:00:58:41 +0100] "GET /home-17/?add-to-cart=92 HTTP/1.1" 200 49 "-" "Mozilla/5.0 (compatible; DotBot/1.1; http://www.opensiteexplorer.org/dotbot, help@moz.com)"
216.244.66.238 - - [08/Feb/2020:00:58:44 +0100] "GET /shop-no-sidebar/?pa_color=blue HTTP/1.1" 200 49 "-" "Mozilla/5.0 (compatible; DotBot/1.1; http://www.opensiteexplorer.org/dotbot, help@moz.com)"
216.244.66.238 - - [08/Feb/2020:02:50:51 +0100] "GET /product-category/jewelry/?pa_color=red&pa_size=s%2Cm HTTP/1.1" 200 49 "-" "Mozilla/5.0 (compatible; DotBot/1.1; http://www.opensiteexplorer.org/dotbot, help@moz.com)"
216.244.66.238 - - [08/Feb/2020:03:45:32 +0100] "GET /product-category/jewelry/?pa_size=m&product_cat=cosmetic HTTP/1.1" 200 49 "-" "Mozilla/5.0 (compatible; DotBot/1.1; http://www.opensiteexplorer.org/dotbot, help@moz.com)"
216.244.66.238 - - [08/Feb/2020:04:28:27 +0100] "GET /product-category/jewelry/?pa_size=xl&add_to_wishlist=339 HTTP/1.1" 200 49 "-" "Mozilla/5.0 (compatible; DotBot/1.1; http://www.opensiteexplorer.org/dotbot, help@moz.com)"
40.77.167.55 - - [08/Feb/2020:04:47:52 +0100] "GET / HTTP/1.1" 200 49 "-" "Mozilla/5.0 (compatible; bingbot/2.0; +http://www.bing.com/bingbot.htm)"
216.244.66.238 - - [08/Feb/2020:04:57:46 +0100] "GET /product-category/accessories/page/2/ HTTP/1.1" 200 49 "-" "Mozilla/5.0 (compatible; DotBot/1.1; http://www.opensiteexplorer.org/dotbot, help@moz.com)"
216.244.66.238 - - [08/Feb/2020:05:08:47 +0100] "GET /home-2/?add-to-cart=87 HTTP/1.1" 200 49 "-" "Mozilla/5.0 (compatible; DotBot/1.1; http://www.opensiteexplorer.org/dotbot, help@moz.com)"
216.244.66.238 - - [08/Feb/2020:05:08:48 +0100] "GET /product-category/jewelry/?number=18&add_to_wishlist=331 HTTP/1.1" 200 49 "-" "Mozilla/5.0 (compatible; DotBot/1.1; http://www.opensiteexplorer.org/dotbot, help@moz.com)"
187.172.219.233 - - [08/Feb/2020:05:09:19 +0100] "GET / HTTP/1.1" 200 49 "http://every-lang-seo.com" "Mozilla/5.0 (Windows NT 10.0; Win64; x64) AppleWebKit/537.36 (KHTML, like Gecko) Chrome/74.0.3729.169 Safari/537.36"
216.244.66.238 - - [08/Feb/2020:05:41:55 +0100] "GET /product/strap-bungee/feed/ HTTP/1.1" 200 49 "-" "Mozilla/5.0 (compatible; DotBot/1.1; http://www.opensiteexplorer.org/dotbot, help@moz.com)"
216.244.66.238 - - [08/Feb/2020:05:49:06 +0100] "GET /product-tag/food/?action=yith-woocompare-add-product&id=193 HTTP/1.1" 200 49 "-" "Mozilla/5.0 (compatible; DotBot/1.1; http://www.opensiteexplorer.org/dotbot, help@moz.com)"
216.244.66.238 - - [08/Feb/2020:05:49:07 +0100] "GET /product/blackberry-passpost/feed/ HTTP/1.1" 200 49 "-" "Mozilla/5.0 (compatible; DotBot/1.1; http://www.opensiteexplorer.org/dotbot, help@moz.com)"
216.244.66.238 - - [08/Feb/2020:08:00:32 +0100] "GET /product-tag/men/?product_cat=fashion HTTP/1.1" 200 49 "-" "Mozilla/5.0 (compatible; DotBot/1.1; http://www.opensiteexplorer.org/dotbot, help@moz.com)"
209.17.97.106 - - [08/Feb/2020:08:30:32 +0100] "GET / HTTP/1.1" 200 49 "-" "Mozilla/5.0 (compatible; Nimbostratus-Bot/v1.3.2; http://cloudsystemnetworks.com)"
216.244.66.238 - - [08/Feb/2020:08:47:17 +0100] "GET /product-tag/food/?product_cat=fashion HTTP/1.1" 200 49 "-" "Mozilla/5.0 (compatible; DotBot/1.1; http://www.opensiteexplorer.org/dotbot, help@moz.com)"
216.244.66.238 - - [08/Feb/2020:08:47:18 +0100] "GET /product-tag/men/?add_to_wishlist=335 HTTP/1.1" 200 49 "-" "Mozilla/5.0 (compatible; DotBot/1.1; http://www.opensiteexplorer.org/dotbot, help@moz.com)"
216.244.66.238 - - [08/Feb/2020:10:59:55 +0100] "GET /product-category/jewelry/ring/7uptheme.com HTTP/1.1" 200 49 "-" "Mozilla/5.0 (compatible; DotBot/1.1; http://www.opensiteexplorer.org/dotbot, help@moz.com)"
173.252.111.3 - - [08/Feb/2020:12:43:44 +0100] "GET /contact HTTP/1.1" 206 49 "-" "facebookexternalhit/1.1 (+http://www.facebook.com/externalhit_uatext.php)"
173.252.111.11 - - [08/Feb/2020:12:43:44 +0100] "GET /about HTTP/1.1" 206 49 "-" "facebookexternalhit/1.1 (+http://www.facebook.com/externalhit_uatext.php)"
40.77.167.55 - - [08/Feb/2020:15:05:06 +0100] "GET /robots.txt HTTP/1.1" 200 49 "-" "msnbot/2.0b (+http://search.msn.com/msnbot.htm)"
216.244.66.238 - - [08/Feb/2020:15:57:39 +0100] "GET /product/sculpt-highlight/feed/ HTTP/1.1" 200 49 "-" "Mozilla/5.0 (compatible; DotBot/1.1; http://www.opensiteexplorer.org/dotbot, help@moz.com)"
216.244.66.238 - - [08/Feb/2020:16:08:15 +0100] "GET /robots.txt HTTP/1.1" 200 49 "-" "Mozilla/5.0 (compatible; DotBot/1.1; http://www.opensiteexplorer.org/dotbot, help@moz.com)"
216.244.66.238 - - [08/Feb/2020:16:31:56 +0100] "GET /product-category/cosmetic/skill/ HTTP/1.1" 200 49 "-" "Mozilla/5.0 (compatible; DotBot/1.1; http://www.opensiteexplorer.org/dotbot, help@moz.com)"
187.104.145.59 - - [08/Feb/2020:19:36:49 +0100] "GET / HTTP/1.1" 200 49 "http://every-lang-seo.com" "Mozilla/5.0 (Windows NT 10.0; Win64; x64) AppleWebKit/537.36 (KHTML, like Gecko) Chrome/74.0.3729.169 Safari/537.36"
40.77.167.55 - - [08/Feb/2020:20:16:58 +0100] "GET / HTTP/1.1" 200 49 "-" "Mozilla/5.0 (compatible; bingbot/2.0; +http://www.bing.com/bingbot.htm)"
216.244.66.238 - - [08/Feb/2020:20:22:17 +0100] "GET /author/7uptheme/page/2/ HTTP/1.1" 200 49 "-" "Mozilla/5.0 (compatible; DotBot/1.1; http://www.opensiteexplorer.org/dotbot, help@moz.com)"
157.55.39.44 - - [09/Feb/2020:01:22:53 +0100] "GET /robots.txt HTTP/1.1" 200 49 "-" "Mozilla/5.0 (compatible; bingbot/2.0; +http://www.bing.com/bingbot.htm)"
40.77.167.55 - - [09/Feb/2020:01:23:15 +0100] "GET /robots.txt HTTP/1.1" 200 49 "-" "msnbot/2.0b (+http://search.msn.com/msnbot.htm)"
40.77.167.55 - - [09/Feb/2020:08:46:41 +0100] "GET /robots.txt HTTP/1.1" 200 49 "-" "msnbot/2.0b (+http://search.msn.com/msnbot.htm)"
40.77.167.55 - - [09/Feb/2020:08:48:51 +0100] "GET / HTTP/1.1" 200 49 "-" "Mozilla/5.0 (compatible; bingbot/2.0; +http://www.bing.com/bingbot.htm)"
31.13.127.15 - - [09/Feb/2020:13:16:29 +0100] "GET /about HTTP/1.1" 206 49 "-" "facebookexternalhit/1.1 (+http://www.facebook.com/externalhit_uatext.php)"
31.13.127.15 - - [09/Feb/2020:13:16:29 +0100] "GET /contact HTTP/1.1" 206 49 "-" "facebookexternalhit/1.1 (+http://www.facebook.com/externalhit_uatext.php)"
216.244.66.238 - - [09/Feb/2020:18:43:45 +0100] "GET /robots.txt HTTP/1.1" 200 49 "-" "Mozilla/5.0 (compatible; DotBot/1.1; http://www.opensiteexplorer.org/dotbot, help@moz.com)"
31.13.127.16 - - [09/Feb/2020:18:46:54 +0100] "GET /contact HTTP/1.1" 206 49 "-" "facebookexternalhit/1.1 (+http://www.facebook.com/externalhit_uatext.php)"
31.13.127.7 - - [09/Feb/2020:18:46:54 +0100] "GET /about HTTP/1.1" 206 49 "-" "facebookexternalhit/1.1 (+http://www.facebook.com/externalhit_uatext.php)"
40.77.167.55 - - [09/Feb/2020:18:51:32 +0100] "GET /robots.txt HTTP/1.1" 200 49 "-" "msnbot/2.0b (+http://search.msn.com/msnbot.htm)"
157.55.39.44 - - [09/Feb/2020:20:08:24 +0100] "GET /robots.txt HTTP/1.1" 200 49 "-" "Mozilla/5.0 (compatible; bingbot/2.0; +http://www.bing.com/bingbot.htm)"
14.244.163.227 - - [10/Feb/2020:00:28:35 +0100] "GET / HTTP/1.1" 200 49 "http://every-lang-seo.com" "Mozilla/5.0 (Windows NT 10.0; Win64; x64) AppleWebKit/537.36 (KHTML, like Gecko) Chrome/74.0.3729.169 Safari/537.36"
78.47.71.23 - - [10/Feb/2020:10:14:42 +0100] "GET /.env HTTP/1.1" 200 49 "-" "Mozlila/5.0 (Linux; Android 7.0; SM-G892A Bulid/NRD90M; wv) AppleWebKit/537.36 (KHTML, like Gecko) Version/4.0 Chrome/60.0.3112.107 Moblie Safari/537.36"
78.47.71.23 - - [10/Feb/2020:10:14:55 +0100] "GET /index.php?option=com_download-monitor&file=configuration.php HTTP/1.1" 200 49 "-" "python-requests/2.22.0"
78.47.71.23 - - [10/Feb/2020:10:14:55 +0100] "GET /components/com_contushdvideoshare/hdflvplayer/download.php?f=../../../configuration.php HTTP/1.1" 200 49 "-" "python-requests/2.22.0"
78.47.71.23 - - [10/Feb/2020:10:14:56 +0100] "GET /index.php?option=com_addproperty&task=listing&propertyId=73&action=filedownload&fname=../configuration.php HTTP/1.1" 200 49 "-" "python-requests/2.22.0"
78.47.71.23 - - [10/Feb/2020:10:14:57 +0100] "GET /modules/mod_dvfoldercontent/download.php?f=Li4vLi4vLi4vLi4vLi4vLi4vLi4vdGFyZ2V0L3d3dy9jb25maWd1cmF0aW9uLnBocA== HTTP/1.1" 200 49 "-" "python-requests/2.22.0"
78.47.71.23 - - [10/Feb/2020:10:14:57 +0100] "GET /components/com_docman/dl2.php?archive=0&file=Li4vLi4vLi4vLi4vLi4vLi4vLi4vdGFyZ2V0L3d3dy9jb25maWd1cmF0aW9uLnBocA== HTTP/1.1" 200 49 "-" "python-requests/2.22.0"
78.47.71.23 - - [10/Feb/2020:10:14:59 +0100] "GET /wp-admin/admin-ajax.php?action=revslider_show_image&img=../wp-config.php HTTP/1.1" 400 1 "-" "Python-urllib/2.7"
176.31.116.194 - - [10/Feb/2020:10:15:04 +0100] "POST /wp-cron.php?doing_wp_cron=1581326104.0443289279937744140625 HTTP/1.1" 200 - "http://megastore.7uptheme.net/wp-cron.php?doing_wp_cron=1581326104.0443289279937744140625" "WordPress/5.1.4; https://megastore.7uptheme.net"
31.13.127.2 - - [10/Feb/2020:10:36:43 +0100] "GET /about HTTP/1.1" 206 49 "-" "facebookexternalhit/1.1 (+http://www.facebook.com/externalhit_uatext.php)"
31.13.127.17 - - [10/Feb/2020:10:36:43 +0100] "GET /contact HTTP/1.1" 206 49 "-" "facebookexternalhit/1.1 (+http://www.facebook.com/externalhit_uatext.php)"
50.87.248.20 - - [10/Feb/2020:12:37:17 +0100] "HEAD /wp-admin/ HTTP/1.1" 302 - "https://vshoped.com" "Mozilla/5.0 (Windows NT 10.0; Win64; x64) AppleWebKit/537.36 (KHTML, like Gecko) Chrome/70.0.3538.102 Safari/537.36"
176.31.116.194 - - [10/Feb/2020:12:37:24 +0100] "POST /wp-cron.php?doing_wp_cron=1581334642.3584859371185302734375 HTTP/1.1" 200 - "http://megastore.7uptheme.net/wp-cron.php?doing_wp_cron=1581334642.3584859371185302734375" "WordPress/5.1.4; https://megastore.7uptheme.net"
188.166.22.77 - - [10/Feb/2020:19:07:55 +0100] "GET / HTTP/1.1" 200 49 "-" "Mozilla/5.0 (Windows NT 10.0; Win64; x64) AppleWebKit/537.36 (KHTML, like Gecko) Chrome/78.0.3904.70 Safari/537.36"
40.77.167.122 - - [10/Feb/2020:21:05:07 +0100] "GET / HTTP/1.1" 200 49 "-" "Mozilla/5.0 (compatible; bingbot/2.0; +http://www.bing.com/bingbot.htm)"
216.244.66.238 - - [10/Feb/2020:21:40:44 +0100] "GET /robots.txt HTTP/1.1" 200 49 "-" "Mozilla/5.0 (compatible; DotBot/1.1; http://www.opensiteexplorer.org/dotbot, help@moz.com)"
40.77.167.85 - - [11/Feb/2020:00:41:55 +0100] "GET /robots.txt HTTP/1.1" 200 49 "-" "msnbot/2.0b (+http://search.msn.com/msnbot.htm)"
209.17.96.114 - - [11/Feb/2020:07:04:59 +0100] "GET / HTTP/1.1" 200 49 "-" "Mozilla/5.0 (compatible; Nimbostratus-Bot/v1.3.2; http://cloudsystemnetworks.com)"
216.244.66.238 - - [11/Feb/2020:10:09:43 +0100] "GET /author/7uptheme/page/2/7uptheme.com HTTP/1.1" 200 49 "-" "Mozilla/5.0 (compatible; DotBot/1.1; http://www.opensiteexplorer.org/dotbot, help@moz.com)"
31.13.127.15 - - [11/Feb/2020:12:43:06 +0100] "GET /contact HTTP/1.1" 206 49 "-" "facebookexternalhit/1.1 (+http://www.facebook.com/externalhit_uatext.php)"
31.13.127.10 - - [11/Feb/2020:12:43:06 +0100] "GET /about HTTP/1.1" 206 49 "-" "facebookexternalhit/1.1 (+http://www.facebook.com/externalhit_uatext.php)"
40.77.167.122 - - [11/Feb/2020:15:18:29 +0100] "GET / HTTP/1.1" 200 49 "-" "Mozilla/5.0 (compatible; bingbot/2.0; +http://www.bing.com/bingbot.htm)"
114.119.145.120 - - [11/Feb/2020:16:36:20 +0100] "GET /robots.txt HTTP/1.1" 200 49 "-" "Mozilla/5.0(Linux;Android 5.1.1;OPPO A33 Build/LMY47V;wv) AppleWebKit/537.36(KHTML,link Gecko) Version/4.0 Chrome/43.0.2357.121 Mobile Safari/537.36 LieBaoFast/4.51.3"
31.13.115.1 - - [11/Feb/2020:17:32:26 +0100] "GET /contact HTTP/1.1" 206 49 "-" "facebookexternalhit/1.1 (+http://www.facebook.com/externalhit_uatext.php)"
31.13.115.11 - - [11/Feb/2020:17:32:26 +0100] "GET /about HTTP/1.1" 206 49 "-" "facebookexternalhit/1.1 (+http://www.facebook.com/externalhit_uatext.php)"
40.77.167.85 - - [11/Feb/2020:19:30:40 +0100] "GET /robots.txt HTTP/1.1" 200 49 "-" "msnbot/2.0b (+http://search.msn.com/msnbot.htm)"
216.244.66.238 - - [12/Feb/2020:01:41:16 +0100] "GET /robots.txt HTTP/1.1" 200 49 "-" "Mozilla/5.0 (compatible; DotBot/1.1; http://www.opensiteexplorer.org/dotbot, help@moz.com)"
125.166.191.143 - - [12/Feb/2020:04:02:34 +0100] "GET / HTTP/1.1" 200 49 "http://every-lang-seo.com" "Mozilla/5.0 (Windows NT 10.0; Win64; x64) AppleWebKit/537.36 (KHTML, like Gecko) Chrome/74.0.3729.169 Safari/537.36"
157.55.39.44 - - [12/Feb/2020:07:31:40 +0100] "GET /robots.txt HTTP/1.1" 200 49 "-" "Mozilla/5.0 (compatible; bingbot/2.0; +http://www.bing.com/bingbot.htm)"
157.55.39.169 - - [12/Feb/2020:07:31:49 +0100] "GET /robots.txt HTTP/1.1" 200 49 "-" "msnbot/2.0b (+http://search.msn.com/msnbot.htm)"
40.77.167.122 - - [12/Feb/2020:07:39:07 +0100] "GET / HTTP/1.1" 200 49 "-" "Mozilla/5.0 (compatible; bingbot/2.0; +http://www.bing.com/bingbot.htm)"
31.13.115.12 - - [12/Feb/2020:09:42:35 +0100] "GET /about HTTP/1.1" 206 49 "-" "facebookexternalhit/1.1 (+http://www.facebook.com/externalhit_uatext.php)"
31.13.115.20 - - [12/Feb/2020:09:42:35 +0100] "GET /contact HTTP/1.1" 206 49 "-" "facebookexternalhit/1.1 (+http://www.facebook.com/externalhit_uatext.php)"
103.136.189.246 - - [12/Feb/2020:13:55:58 +0100] "GET / HTTP/1.1" 200 49 "http://every-lang-seo.com" "Mozilla/5.0 (Windows NT 10.0; Win64; x64) AppleWebKit/537.36 (KHTML, like Gecko) Chrome/74.0.3729.169 Safari/537.36"
40.77.167.196 - - [12/Feb/2020:17:54:01 +0100] "GET /robots.txt HTTP/1.1" 200 49 "-" "msnbot/2.0b (+http://search.msn.com/msnbot.htm)"
31.13.127.12 - - [12/Feb/2020:18:55:18 +0100] "GET /contact HTTP/1.1" 206 49 "-" "facebookexternalhit/1.1 (+http://www.facebook.com/externalhit_uatext.php)"
31.13.127.16 - - [12/Feb/2020:18:55:18 +0100] "GET /about HTTP/1.1" 206 49 "-" "facebookexternalhit/1.1 (+http://www.facebook.com/externalhit_uatext.php)"
157.55.39.44 - - [12/Feb/2020:21:21:33 +0100] "GET /robots.txt HTTP/1.1" 200 49 "-" "Mozilla/5.0 (compatible; bingbot/2.0; +http://www.bing.com/bingbot.htm)"
207.46.13.184 - - [12/Feb/2020:21:24:00 +0100] "GET / HTTP/1.1" 200 49 "-" "Mozilla/5.0 (compatible; bingbot/2.0; +http://www.bing.com/bingbot.htm)"
141.8.142.149 - - [13/Feb/2020:01:48:18 +0100] "GET /robots.txt HTTP/1.1" 200 49 "-" "Mozilla/5.0 (compatible; YandexBot/3.0; +http://yandex.com/bots)"
141.8.142.149 - - [13/Feb/2020:01:48:21 +0100] "GET / HTTP/1.1" 200 49 "-" "Mozilla/5.0 (compatible; YandexBot/3.0; +http://yandex.com/bots)"
216.244.66.238 - - [13/Feb/2020:02:10:40 +0100] "GET /robots.txt HTTP/1.1" 200 49 "-" "Mozilla/5.0 (compatible; DotBot/1.1; http://www.opensiteexplorer.org/dotbot, help@moz.com)"
40.77.167.196 - - [13/Feb/2020:04:28:43 +0100] "GET /robots.txt HTTP/1.1" 200 49 "-" "msnbot/2.0b (+http://search.msn.com/msnbot.htm)"
207.46.13.23 - - [13/Feb/2020:08:45:37 +0100] "GET / HTTP/1.1" 200 49 "-" "Mozilla/5.0 (compatible; bingbot/2.0; +http://www.bing.com/bingbot.htm)"
31.13.115.10 - - [13/Feb/2020:11:37:23 +0100] "GET /about HTTP/1.1" 206 49 "-" "facebookexternalhit/1.1 (+http://www.facebook.com/externalhit_uatext.php)"
31.13.115.12 - - [13/Feb/2020:11:37:24 +0100] "GET /contact HTTP/1.1" 206 49 "-" "facebookexternalhit/1.1 (+http://www.facebook.com/externalhit_uatext.php)"
50.87.248.20 - - [13/Feb/2020:12:37:22 +0100] "HEAD /wp-admin/ HTTP/1.1" 302 - "https://vshoped.com" "Mozilla/5.0 (Windows NT 10.0; Win64; x64) AppleWebKit/537.36 (KHTML, like Gecko) Chrome/70.0.3538.102 Safari/537.36"
176.31.116.194 - - [13/Feb/2020:12:37:24 +0100] "POST /wp-cron.php?doing_wp_cron=1581593843.9155590534210205078125 HTTP/1.1" 200 - "http://megastore.7uptheme.net/wp-cron.php?doing_wp_cron=1581593843.9155590534210205078125" "WordPress/5.1.4; https://megastore.7uptheme.net"
157.55.39.44 - - [13/Feb/2020:17:09:35 +0100] "GET /robots.txt HTTP/1.1" 200 49 "-" "Mozilla/5.0 (compatible; bingbot/2.0; +http://www.bing.com/bingbot.htm)"
157.55.39.108 - - [13/Feb/2020:17:09:48 +0100] "GET /robots.txt HTTP/1.1" 200 49 "-" "msnbot/2.0b (+http://search.msn.com/msnbot.htm)"
31.13.115.17 - - [13/Feb/2020:22:04:11 +0100] "GET /contact HTTP/1.1" 206 49 "-" "facebookexternalhit/1.1 (+http://www.facebook.com/externalhit_uatext.php)"
31.13.115.12 - - [13/Feb/2020:22:04:11 +0100] "GET /about HTTP/1.1" 206 49 "-" "facebookexternalhit/1.1 (+http://www.facebook.com/externalhit_uatext.php)"
40.77.167.170 - - [13/Feb/2020:22:15:36 +0100] "GET / HTTP/1.1" 200 49 "-" "Mozilla/5.0 (compatible; bingbot/2.0; +http://www.bing.com/bingbot.htm)"
69.171.251.13 - - [14/Feb/2020:08:45:33 +0100] "GET /contact HTTP/1.1" 206 49 "-" "facebookexternalhit/1.1 (+http://www.facebook.com/externalhit_uatext.php)"
216.244.66.238 - - [14/Feb/2020:09:05:59 +0100] "GET /robots.txt HTTP/1.1" 200 49 "-" "Mozilla/5.0 (compatible; DotBot/1.1; http://www.opensiteexplorer.org/dotbot, help@moz.com)"
31.13.115.12 - - [14/Feb/2020:10:27:39 +0100] "GET /about HTTP/1.1" 206 49 "-" "facebookexternalhit/1.1 (+http://www.facebook.com/externalhit_uatext.php)"
196.52.43.73 - - [14/Feb/2020:11:55:22 +0100] "GET / HTTP/1.1" 200 49 "-" "Mozilla/5.0 (X11; Linux x86_64) AppleWebKit/537.36 (KHTML, like Gecko) Chrome/72.0.3602.2 Safari/537.36"
157.55.39.108 - - [14/Feb/2020:13:38:45 +0100] "GET /robots.txt HTTP/1.1" 200 49 "-" "msnbot/2.0b (+http://search.msn.com/msnbot.htm)"
40.77.167.170 - - [14/Feb/2020:17:37:06 +0100] "GET / HTTP/1.1" 200 49 "-" "Mozilla/5.0 (compatible; bingbot/2.0; +http://www.bing.com/bingbot.htm)"
144.168.162.250 - - [14/Feb/2020:18:00:32 +0100] "GET / HTTP/1.1" 200 49 "-" "Mozilla/5.0 (Windows NT 6.1; WOW64) AppleWebKit/537.36 (KHTML, like Gecko) Chrome/34.0.1847.131 Safari/537.36"
209.17.96.138 - - [14/Feb/2020:23:36:50 +0100] "GET / HTTP/1.1" 200 49 "-" "Mozilla/5.0 (compatible; Nimbostratus-Bot/v1.3.2; http://cloudsystemnetworks.com)"
31.13.115.4 - - [15/Feb/2020:00:18:55 +0100] "GET /about HTTP/1.1" 206 49 "-" "facebookexternalhit/1.1 (+http://www.facebook.com/externalhit_uatext.php)"
31.13.115.24 - - [15/Feb/2020:00:18:55 +0100] "GET /contact HTTP/1.1" 206 49 "-" "facebookexternalhit/1.1 (+http://www.facebook.com/externalhit_uatext.php)"
40.77.167.170 - - [15/Feb/2020:05:45:23 +0100] "GET / HTTP/1.1" 200 49 "-" "Mozilla/5.0 (compatible; bingbot/2.0; +http://www.bing.com/bingbot.htm)"
216.244.66.238 - - [15/Feb/2020:09:34:25 +0100] "GET /robots.txt HTTP/1.1" 200 49 "-" "Mozilla/5.0 (compatible; DotBot/1.1; http://www.opensiteexplorer.org/dotbot, help@moz.com)"
157.55.39.108 - - [15/Feb/2020:09:49:41 +0100] "GET /robots.txt HTTP/1.1" 200 49 "-" "msnbot/2.0b (+http://search.msn.com/msnbot.htm)"
54.208.102.37 - - [15/Feb/2020:12:30:08 +0100] "GET / HTTP/1.1" 200 49 "http://megastore.7uptheme.net/" "Mozilla/5.0 (compatible; DuckDuckGo-Favicons-Bot/1.0; +http://duckduckgo.com)"
54.208.102.37 - - [15/Feb/2020:12:30:08 +0100] "GET /favicon.ico HTTP/1.1" 200 49 "http://megastore.7uptheme.net/favicon.ico" "Mozilla/5.0 (compatible; DuckDuckGo-Favicons-Bot/1.0; +http://duckduckgo.com)"
78.187.28.172 - - [15/Feb/2020:13:54:09 +0100] "GET / HTTP/1.1" 200 49 "http://every-lang-seo.com" "Mozilla/5.0 (Windows NT 10.0; Win64; x64) AppleWebKit/537.36 (KHTML, like Gecko) Chrome/74.0.3729.169 Safari/537.36"
31.13.115.15 - - [15/Feb/2020:13:58:06 +0100] "GET /about HTTP/1.1" 206 49 "-" "facebookexternalhit/1.1 (+http://www.facebook.com/externalhit_uatext.php)"
31.13.115.3 - - [15/Feb/2020:13:58:07 +0100] "GET /contact HTTP/1.1" 206 49 "-" "facebookexternalhit/1.1 (+http://www.facebook.com/externalhit_uatext.php)"
216.244.66.238 - - [15/Feb/2020:15:31:24 +0100] "GET /product-tag/food/?pa_color=red HTTP/1.1" 200 49 "-" "Mozilla/5.0 (compatible; DotBot/1.1; http://www.opensiteexplorer.org/dotbot, help@moz.com)"
157.55.39.44 - - [15/Feb/2020:19:04:12 +0100] "GET /robots.txt HTTP/1.1" 200 49 "-" "Mozilla/5.0 (compatible; bingbot/2.0; +http://www.bing.com/bingbot.htm)"
40.77.167.170 - - [15/Feb/2020:19:04:30 +0100] "GET / HTTP/1.1" 200 49 "-" "Mozilla/5.0 (compatible; bingbot/2.0; +http://www.bing.com/bingbot.htm)"
168.121.134.32 - - [15/Feb/2020:20:08:13 +0100] "GET / HTTP/1.1" 200 49 "http://every-lang-seo.com" "Mozilla/5.0 (Windows NT 6.1; WOW64) AppleWebKit/537.36 (KHTML, like Gecko) Chrome/36.0.1985.143 Safari/537.36"
40.77.167.68 - - [15/Feb/2020:23:37:04 +0100] "GET /robots.txt HTTP/1.1" 200 49 "-" "msnbot/2.0b (+http://search.msn.com/msnbot.htm)"
40.77.167.68 - - [15/Feb/2020:23:37:05 +0100] "GET /robots.txt HTTP/1.1" 200 49 "-" "msnbot/2.0b (+http://search.msn.com/msnbot.htm)"
31.13.115.19 - - [16/Feb/2020:04:53:35 +0100] "GET /contact HTTP/1.1" 206 49 "-" "facebookexternalhit/1.1 (+http://www.facebook.com/externalhit_uatext.php)"
31.13.115.20 - - [16/Feb/2020:04:53:35 +0100] "GET /about HTTP/1.1" 206 49 "-" "facebookexternalhit/1.1 (+http://www.facebook.com/externalhit_uatext.php)"
157.55.39.131 - - [16/Feb/2020:08:54:13 +0100] "GET / HTTP/1.1" 200 49 "-" "Mozilla/5.0 (compatible; bingbot/2.0; +http://www.bing.com/bingbot.htm)"
216.244.66.238 - - [16/Feb/2020:10:24:34 +0100] "GET /robots.txt HTTP/1.1" 200 49 "-" "Mozilla/5.0 (compatible; DotBot/1.1; http://www.opensiteexplorer.org/dotbot, help@moz.com)"
