14.248.79.62 - - [18/Apr/2019:05:56:08 +0200] "GET / HTTP/1.1" 403 4897 "-" "Mozilla/5.0 (Windows NT 6.2; Win64; x64) AppleWebKit/537.36 (KHTML, like Gecko) Chrome/73.0.3683.103 Safari/537.36"
14.248.79.62 - - [18/Apr/2019:05:56:08 +0200] "GET /noindex/css/bootstrap.min.css HTTP/1.1" 200 19341 "http://megastore.7uptheme.net/" "Mozilla/5.0 (Windows NT 6.2; Win64; x64) AppleWebKit/537.36 (KHTML, like Gecko) Chrome/73.0.3683.103 Safari/537.36"
14.248.79.62 - - [18/Apr/2019:05:56:08 +0200] "GET /noindex/css/open-sans.css HTTP/1.1" 200 5081 "http://megastore.7uptheme.net/" "Mozilla/5.0 (Windows NT 6.2; Win64; x64) AppleWebKit/537.36 (KHTML, like Gecko) Chrome/73.0.3683.103 Safari/537.36"
14.248.79.62 - - [18/Apr/2019:05:56:08 +0200] "GET /images/apache_pb.gif HTTP/1.1" 200 2326 "http://megastore.7uptheme.net/" "Mozilla/5.0 (Windows NT 6.2; Win64; x64) AppleWebKit/537.36 (KHTML, like Gecko) Chrome/73.0.3683.103 Safari/537.36"
14.248.79.62 - - [18/Apr/2019:05:56:08 +0200] "GET /images/poweredby.png HTTP/1.1" 200 3956 "http://megastore.7uptheme.net/" "Mozilla/5.0 (Windows NT 6.2; Win64; x64) AppleWebKit/537.36 (KHTML, like Gecko) Chrome/73.0.3683.103 Safari/537.36"
14.248.79.62 - - [18/Apr/2019:05:56:08 +0200] "GET /noindex/css/fonts/Bold/OpenSans-Bold.woff HTTP/1.1" 404 239 "http://megastore.7uptheme.net/noindex/css/open-sans.css" "Mozilla/5.0 (Windows NT 6.2; Win64; x64) AppleWebKit/537.36 (KHTML, like Gecko) Chrome/73.0.3683.103 Safari/537.36"
14.248.79.62 - - [18/Apr/2019:05:56:08 +0200] "GET /noindex/css/fonts/Light/OpenSans-Light.woff HTTP/1.1" 404 241 "http://megastore.7uptheme.net/noindex/css/open-sans.css" "Mozilla/5.0 (Windows NT 6.2; Win64; x64) AppleWebKit/537.36 (KHTML, like Gecko) Chrome/73.0.3683.103 Safari/537.36"
14.248.79.62 - - [18/Apr/2019:05:56:09 +0200] "GET /noindex/css/fonts/Light/OpenSans-Light.ttf HTTP/1.1" 404 240 "http://megastore.7uptheme.net/noindex/css/open-sans.css" "Mozilla/5.0 (Windows NT 6.2; Win64; x64) AppleWebKit/537.36 (KHTML, like Gecko) Chrome/73.0.3683.103 Safari/537.36"
14.248.79.62 - - [18/Apr/2019:05:56:09 +0200] "GET /noindex/css/fonts/Bold/OpenSans-Bold.ttf HTTP/1.1" 404 238 "http://megastore.7uptheme.net/noindex/css/open-sans.css" "Mozilla/5.0 (Windows NT 6.2; Win64; x64) AppleWebKit/537.36 (KHTML, like Gecko) Chrome/73.0.3683.103 Safari/537.36"
14.248.79.62 - - [18/Apr/2019:05:56:09 +0200] "GET /favicon.ico HTTP/1.1" 404 209 "http://megastore.7uptheme.net/" "Mozilla/5.0 (Windows NT 6.2; Win64; x64) AppleWebKit/537.36 (KHTML, like Gecko) Chrome/73.0.3683.103 Safari/537.36"
14.248.79.62 - - [18/Apr/2019:05:56:16 +0200] "GET /unzipper.php HTTP/1.1" 200 2385 "-" "Mozilla/5.0 (Windows NT 6.2; Win64; x64) AppleWebKit/537.36 (KHTML, like Gecko) Chrome/73.0.3683.103 Safari/537.36"
14.248.79.62 - - [18/Apr/2019:05:56:17 +0200] "POST /unzipper.php HTTP/1.1" 200 2430 "http://megastore.7uptheme.net/unzipper.php" "Mozilla/5.0 (Windows NT 6.2; Win64; x64) AppleWebKit/537.36 (KHTML, like Gecko) Chrome/73.0.3683.103 Safari/537.36"
14.248.79.62 - - [18/Apr/2019:05:56:20 +0200] "GET / HTTP/1.1" 302 - "-" "Mozilla/5.0 (Windows NT 6.2; Win64; x64) AppleWebKit/537.36 (KHTML, like Gecko) Chrome/73.0.3683.103 Safari/537.36"
14.248.79.62 - - [18/Apr/2019:05:56:20 +0200] "GET /wp-admin/setup-config.php HTTP/1.1" 200 11492 "-" "Mozilla/5.0 (Windows NT 6.2; Win64; x64) AppleWebKit/537.36 (KHTML, like Gecko) Chrome/73.0.3683.103 Safari/537.36"
14.248.79.62 - - [18/Apr/2019:05:56:21 +0200] "GET /wp-includes/css/buttons.min.css?ver=5.1.1 HTTP/1.1" 200 6134 "http://megastore.7uptheme.net/wp-admin/setup-config.php" "Mozilla/5.0 (Windows NT 6.2; Win64; x64) AppleWebKit/537.36 (KHTML, like Gecko) Chrome/73.0.3683.103 Safari/537.36"
14.248.79.62 - - [18/Apr/2019:05:56:21 +0200] "GET /wp-admin/css/install.min.css?ver=5.1.1 HTTP/1.1" 200 5840 "http://megastore.7uptheme.net/wp-admin/setup-config.php" "Mozilla/5.0 (Windows NT 6.2; Win64; x64) AppleWebKit/537.36 (KHTML, like Gecko) Chrome/73.0.3683.103 Safari/537.36"
14.248.79.62 - - [18/Apr/2019:05:56:21 +0200] "GET /wp-includes/js/jquery/jquery-migrate.min.js?ver=1.4.1 HTTP/1.1" 200 10056 "http://megastore.7uptheme.net/wp-admin/setup-config.php" "Mozilla/5.0 (Windows NT 6.2; Win64; x64) AppleWebKit/537.36 (KHTML, like Gecko) Chrome/73.0.3683.103 Safari/537.36"
14.248.79.62 - - [18/Apr/2019:05:56:21 +0200] "GET /wp-admin/js/language-chooser.min.js?ver=5.1.1 HTTP/1.1" 200 374 "http://megastore.7uptheme.net/wp-admin/setup-config.php" "Mozilla/5.0 (Windows NT 6.2; Win64; x64) AppleWebKit/537.36 (KHTML, like Gecko) Chrome/73.0.3683.103 Safari/537.36"
14.248.79.62 - - [18/Apr/2019:05:56:21 +0200] "GET /wp-admin/images/wordpress-logo.svg?ver=20131107 HTTP/1.1" 200 1521 "http://megastore.7uptheme.net/wp-admin/css/install.min.css?ver=5.1.1" "Mozilla/5.0 (Windows NT 6.2; Win64; x64) AppleWebKit/537.36 (KHTML, like Gecko) Chrome/73.0.3683.103 Safari/537.36"
14.248.79.62 - - [18/Apr/2019:05:56:21 +0200] "GET /wp-admin/images/spinner.gif HTTP/1.1" 200 3656 "http://megastore.7uptheme.net/wp-admin/css/install.min.css?ver=5.1.1" "Mozilla/5.0 (Windows NT 6.2; Win64; x64) AppleWebKit/537.36 (KHTML, like Gecko) Chrome/73.0.3683.103 Safari/537.36"
14.248.79.62 - - [18/Apr/2019:05:56:21 +0200] "GET /wp-includes/js/jquery/jquery.js?ver=1.12.4 HTTP/1.1" 200 97183 "http://megastore.7uptheme.net/wp-admin/setup-config.php" "Mozilla/5.0 (Windows NT 6.2; Win64; x64) AppleWebKit/537.36 (KHTML, like Gecko) Chrome/73.0.3683.103 Safari/537.36"
14.248.79.62 - - [18/Apr/2019:05:56:23 +0200] "POST /wp-admin/setup-config.php?step=0 HTTP/1.1" 200 2348 "http://megastore.7uptheme.net/wp-admin/setup-config.php" "Mozilla/5.0 (Windows NT 6.2; Win64; x64) AppleWebKit/537.36 (KHTML, like Gecko) Chrome/73.0.3683.103 Safari/537.36"
14.248.79.62 - - [18/Apr/2019:05:56:23 +0200] "GET /wp-includes/css/buttons.min.css?ver=5.1.1 HTTP/1.1" 304 - "http://megastore.7uptheme.net/wp-admin/setup-config.php?step=0" "Mozilla/5.0 (Windows NT 6.2; Win64; x64) AppleWebKit/537.36 (KHTML, like Gecko) Chrome/73.0.3683.103 Safari/537.36"
14.248.79.62 - - [18/Apr/2019:05:56:23 +0200] "GET /wp-admin/css/install.min.css?ver=5.1.1 HTTP/1.1" 304 - "http://megastore.7uptheme.net/wp-admin/setup-config.php?step=0" "Mozilla/5.0 (Windows NT 6.2; Win64; x64) AppleWebKit/537.36 (KHTML, like Gecko) Chrome/73.0.3683.103 Safari/537.36"
14.248.79.62 - - [18/Apr/2019:05:56:23 +0200] "GET /wp-includes/js/jquery/jquery.js?ver=1.12.4 HTTP/1.1" 304 - "http://megastore.7uptheme.net/wp-admin/setup-config.php?step=0" "Mozilla/5.0 (Windows NT 6.2; Win64; x64) AppleWebKit/537.36 (KHTML, like Gecko) Chrome/73.0.3683.103 Safari/537.36"
14.248.79.62 - - [18/Apr/2019:05:56:23 +0200] "GET /wp-includes/js/jquery/jquery-migrate.min.js?ver=1.4.1 HTTP/1.1" 304 - "http://megastore.7uptheme.net/wp-admin/setup-config.php?step=0" "Mozilla/5.0 (Windows NT 6.2; Win64; x64) AppleWebKit/537.36 (KHTML, like Gecko) Chrome/73.0.3683.103 Safari/537.36"
14.248.79.62 - - [18/Apr/2019:05:56:23 +0200] "GET /wp-admin/js/language-chooser.min.js?ver=5.1.1 HTTP/1.1" 304 - "http://megastore.7uptheme.net/wp-admin/setup-config.php?step=0" "Mozilla/5.0 (Windows NT 6.2; Win64; x64) AppleWebKit/537.36 (KHTML, like Gecko) Chrome/73.0.3683.103 Safari/537.36"
14.248.79.62 - - [18/Apr/2019:05:56:23 +0200] "GET /wp-admin/images/wordpress-logo.svg?ver=20131107 HTTP/1.1" 304 - "http://megastore.7uptheme.net/wp-admin/css/install.min.css?ver=5.1.1" "Mozilla/5.0 (Windows NT 6.2; Win64; x64) AppleWebKit/537.36 (KHTML, like Gecko) Chrome/73.0.3683.103 Safari/537.36"
14.248.79.62 - - [18/Apr/2019:05:56:25 +0200] "GET /wp-admin/setup-config.php?step=1 HTTP/1.1" 200 2742 "http://megastore.7uptheme.net/wp-admin/setup-config.php?step=0" "Mozilla/5.0 (Windows NT 6.2; Win64; x64) AppleWebKit/537.36 (KHTML, like Gecko) Chrome/73.0.3683.103 Safari/537.36"
14.248.79.62 - - [18/Apr/2019:05:56:25 +0200] "GET /wp-includes/css/buttons.min.css?ver=5.1.1 HTTP/1.1" 304 - "http://megastore.7uptheme.net/wp-admin/setup-config.php?step=1" "Mozilla/5.0 (Windows NT 6.2; Win64; x64) AppleWebKit/537.36 (KHTML, like Gecko) Chrome/73.0.3683.103 Safari/537.36"
14.248.79.62 - - [18/Apr/2019:05:56:25 +0200] "GET /wp-admin/css/install.min.css?ver=5.1.1 HTTP/1.1" 304 - "http://megastore.7uptheme.net/wp-admin/setup-config.php?step=1" "Mozilla/5.0 (Windows NT 6.2; Win64; x64) AppleWebKit/537.36 (KHTML, like Gecko) Chrome/73.0.3683.103 Safari/537.36"
14.248.79.62 - - [18/Apr/2019:05:56:25 +0200] "GET /wp-includes/js/jquery/jquery.js?ver=1.12.4 HTTP/1.1" 304 - "http://megastore.7uptheme.net/wp-admin/setup-config.php?step=1" "Mozilla/5.0 (Windows NT 6.2; Win64; x64) AppleWebKit/537.36 (KHTML, like Gecko) Chrome/73.0.3683.103 Safari/537.36"
14.248.79.62 - - [18/Apr/2019:05:56:25 +0200] "GET /wp-includes/js/jquery/jquery-migrate.min.js?ver=1.4.1 HTTP/1.1" 304 - "http://megastore.7uptheme.net/wp-admin/setup-config.php?step=1" "Mozilla/5.0 (Windows NT 6.2; Win64; x64) AppleWebKit/537.36 (KHTML, like Gecko) Chrome/73.0.3683.103 Safari/537.36"
14.248.79.62 - - [18/Apr/2019:05:56:25 +0200] "GET /wp-admin/js/language-chooser.min.js?ver=5.1.1 HTTP/1.1" 304 - "http://megastore.7uptheme.net/wp-admin/setup-config.php?step=1" "Mozilla/5.0 (Windows NT 6.2; Win64; x64) AppleWebKit/537.36 (KHTML, like Gecko) Chrome/73.0.3683.103 Safari/537.36"
14.248.79.62 - - [18/Apr/2019:05:56:25 +0200] "GET /wp-admin/images/wordpress-logo.svg?ver=20131107 HTTP/1.1" 304 - "http://megastore.7uptheme.net/wp-admin/css/install.min.css?ver=5.1.1" "Mozilla/5.0 (Windows NT 6.2; Win64; x64) AppleWebKit/537.36 (KHTML, like Gecko) Chrome/73.0.3683.103 Safari/537.36"
14.248.79.62 - - [18/Apr/2019:05:56:36 +0200] "POST /wp-admin/setup-config.php?step=2 HTTP/1.1" 200 1447 "http://megastore.7uptheme.net/wp-admin/setup-config.php?step=1" "Mozilla/5.0 (Windows NT 6.2; Win64; x64) AppleWebKit/537.36 (KHTML, like Gecko) Chrome/73.0.3683.103 Safari/537.36"
14.248.79.62 - - [18/Apr/2019:05:56:36 +0200] "GET /wp-includes/css/buttons.min.css?ver=5.1.1 HTTP/1.1" 304 - "http://megastore.7uptheme.net/wp-admin/setup-config.php?step=2" "Mozilla/5.0 (Windows NT 6.2; Win64; x64) AppleWebKit/537.36 (KHTML, like Gecko) Chrome/73.0.3683.103 Safari/537.36"
14.248.79.62 - - [18/Apr/2019:05:56:36 +0200] "GET /wp-admin/css/install.min.css?ver=5.1.1 HTTP/1.1" 304 - "http://megastore.7uptheme.net/wp-admin/setup-config.php?step=2" "Mozilla/5.0 (Windows NT 6.2; Win64; x64) AppleWebKit/537.36 (KHTML, like Gecko) Chrome/73.0.3683.103 Safari/537.36"
14.248.79.62 - - [18/Apr/2019:05:56:37 +0200] "GET /wp-includes/js/jquery/jquery.js?ver=1.12.4 HTTP/1.1" 304 - "http://megastore.7uptheme.net/wp-admin/setup-config.php?step=2" "Mozilla/5.0 (Windows NT 6.2; Win64; x64) AppleWebKit/537.36 (KHTML, like Gecko) Chrome/73.0.3683.103 Safari/537.36"
14.248.79.62 - - [18/Apr/2019:05:56:37 +0200] "GET /wp-includes/js/jquery/jquery-migrate.min.js?ver=1.4.1 HTTP/1.1" 304 - "http://megastore.7uptheme.net/wp-admin/setup-config.php?step=2" "Mozilla/5.0 (Windows NT 6.2; Win64; x64) AppleWebKit/537.36 (KHTML, like Gecko) Chrome/73.0.3683.103 Safari/537.36"
14.248.79.62 - - [18/Apr/2019:05:56:37 +0200] "GET /wp-admin/js/language-chooser.min.js?ver=5.1.1 HTTP/1.1" 304 - "http://megastore.7uptheme.net/wp-admin/setup-config.php?step=2" "Mozilla/5.0 (Windows NT 6.2; Win64; x64) AppleWebKit/537.36 (KHTML, like Gecko) Chrome/73.0.3683.103 Safari/537.36"
14.248.79.62 - - [18/Apr/2019:05:56:37 +0200] "GET /wp-admin/images/wordpress-logo.svg?ver=20131107 HTTP/1.1" 304 - "http://megastore.7uptheme.net/wp-admin/css/install.min.css?ver=5.1.1" "Mozilla/5.0 (Windows NT 6.2; Win64; x64) AppleWebKit/537.36 (KHTML, like Gecko) Chrome/73.0.3683.103 Safari/537.36"
14.248.79.62 - - [18/Apr/2019:05:56:38 +0200] "GET /wp-admin/install.php?language=en_US HTTP/1.1" 200 6048 "http://megastore.7uptheme.net/wp-admin/setup-config.php?step=2" "Mozilla/5.0 (Windows NT 6.2; Win64; x64) AppleWebKit/537.36 (KHTML, like Gecko) Chrome/73.0.3683.103 Safari/537.36"
14.248.79.62 - - [18/Apr/2019:05:56:39 +0200] "GET /wp-includes/css/buttons.min.css?ver=5.1.1 HTTP/1.1" 304 - "http://megastore.7uptheme.net/wp-admin/install.php?language=en_US" "Mozilla/5.0 (Windows NT 6.2; Win64; x64) AppleWebKit/537.36 (KHTML, like Gecko) Chrome/73.0.3683.103 Safari/537.36"
14.248.79.62 - - [18/Apr/2019:05:56:39 +0200] "GET /wp-admin/css/install.min.css?ver=5.1.1 HTTP/1.1" 304 - "http://megastore.7uptheme.net/wp-admin/install.php?language=en_US" "Mozilla/5.0 (Windows NT 6.2; Win64; x64) AppleWebKit/537.36 (KHTML, like Gecko) Chrome/73.0.3683.103 Safari/537.36"
14.248.79.62 - - [18/Apr/2019:05:56:39 +0200] "GET /wp-includes/js/jquery/jquery.js?ver=1.12.4 HTTP/1.1" 304 - "http://megastore.7uptheme.net/wp-admin/install.php?language=en_US" "Mozilla/5.0 (Windows NT 6.2; Win64; x64) AppleWebKit/537.36 (KHTML, like Gecko) Chrome/73.0.3683.103 Safari/537.36"
14.248.79.62 - - [18/Apr/2019:05:56:39 +0200] "GET /wp-includes/js/jquery/jquery-migrate.min.js?ver=1.4.1 HTTP/1.1" 304 - "http://megastore.7uptheme.net/wp-admin/install.php?language=en_US" "Mozilla/5.0 (Windows NT 6.2; Win64; x64) AppleWebKit/537.36 (KHTML, like Gecko) Chrome/73.0.3683.103 Safari/537.36"
14.248.79.62 - - [18/Apr/2019:05:56:39 +0200] "GET /wp-includes/js/zxcvbn-async.min.js?ver=1.0 HTTP/1.1" 200 324 "http://megastore.7uptheme.net/wp-admin/install.php?language=en_US" "Mozilla/5.0 (Windows NT 6.2; Win64; x64) AppleWebKit/537.36 (KHTML, like Gecko) Chrome/73.0.3683.103 Safari/537.36"
14.248.79.62 - - [18/Apr/2019:05:56:39 +0200] "GET /wp-admin/js/password-strength-meter.min.js?ver=5.1.1 HTTP/1.1" 200 769 "http://megastore.7uptheme.net/wp-admin/install.php?language=en_US" "Mozilla/5.0 (Windows NT 6.2; Win64; x64) AppleWebKit/537.36 (KHTML, like Gecko) Chrome/73.0.3683.103 Safari/537.36"
14.248.79.62 - - [18/Apr/2019:05:56:39 +0200] "GET /wp-includes/css/dashicons.min.css?ver=5.1.1 HTTP/1.1" 200 46358 "http://megastore.7uptheme.net/wp-admin/install.php?language=en_US" "Mozilla/5.0 (Windows NT 6.2; Win64; x64) AppleWebKit/537.36 (KHTML, like Gecko) Chrome/73.0.3683.103 Safari/537.36"
14.248.79.62 - - [18/Apr/2019:05:56:39 +0200] "GET /wp-includes/js/underscore.min.js?ver=1.8.3 HTTP/1.1" 200 16184 "http://megastore.7uptheme.net/wp-admin/install.php?language=en_US" "Mozilla/5.0 (Windows NT 6.2; Win64; x64) AppleWebKit/537.36 (KHTML, like Gecko) Chrome/73.0.3683.103 Safari/537.36"
14.248.79.62 - - [18/Apr/2019:05:56:39 +0200] "GET /wp-includes/js/wp-util.min.js?ver=5.1.1 HTTP/1.1" 200 1046 "http://megastore.7uptheme.net/wp-admin/install.php?language=en_US" "Mozilla/5.0 (Windows NT 6.2; Win64; x64) AppleWebKit/537.36 (KHTML, like Gecko) Chrome/73.0.3683.103 Safari/537.36"
14.248.79.62 - - [18/Apr/2019:05:56:39 +0200] "GET /wp-admin/js/user-profile.min.js?ver=5.1.1 HTTP/1.1" 200 6313 "http://megastore.7uptheme.net/wp-admin/install.php?language=en_US" "Mozilla/5.0 (Windows NT 6.2; Win64; x64) AppleWebKit/537.36 (KHTML, like Gecko) Chrome/73.0.3683.103 Safari/537.36"
14.248.79.62 - - [18/Apr/2019:05:56:39 +0200] "GET /wp-admin/images/wordpress-logo.svg?ver=20131107 HTTP/1.1" 304 - "http://megastore.7uptheme.net/wp-admin/css/install.min.css?ver=5.1.1" "Mozilla/5.0 (Windows NT 6.2; Win64; x64) AppleWebKit/537.36 (KHTML, like Gecko) Chrome/73.0.3683.103 Safari/537.36"
14.248.79.62 - - [18/Apr/2019:05:56:39 +0200] "GET /wp-includes/js/zxcvbn.min.js HTTP/1.1" 200 822202 "http://megastore.7uptheme.net/wp-admin/install.php?language=en_US" "Mozilla/5.0 (Windows NT 6.2; Win64; x64) AppleWebKit/537.36 (KHTML, like Gecko) Chrome/73.0.3683.103 Safari/537.36"
176.31.116.194 - - [18/Apr/2019:05:56:58 +0200] "GET /2019/04/18/hello-world/ HTTP/1.1" 200 18101 "http://megastore.7uptheme.net/2019/04/18/hello-world/" "WordPress/5.1.1; http://megastore.7uptheme.net"
14.248.79.62 - - [18/Apr/2019:05:56:56 +0200] "POST /wp-admin/install.php?step=2 HTTP/1.1" 200 3177 "http://megastore.7uptheme.net/wp-admin/install.php?language=en_US" "Mozilla/5.0 (Windows NT 6.2; Win64; x64) AppleWebKit/537.36 (KHTML, like Gecko) Chrome/73.0.3683.103 Safari/537.36"
14.248.79.62 - - [18/Apr/2019:05:56:59 +0200] "GET /wp-includes/css/buttons.min.css?ver=5.1.1 HTTP/1.1" 304 - "http://megastore.7uptheme.net/wp-admin/install.php?step=2" "Mozilla/5.0 (Windows NT 6.2; Win64; x64) AppleWebKit/537.36 (KHTML, like Gecko) Chrome/73.0.3683.103 Safari/537.36"
14.248.79.62 - - [18/Apr/2019:05:56:59 +0200] "GET /wp-admin/css/install.min.css?ver=5.1.1 HTTP/1.1" 304 - "http://megastore.7uptheme.net/wp-admin/install.php?step=2" "Mozilla/5.0 (Windows NT 6.2; Win64; x64) AppleWebKit/537.36 (KHTML, like Gecko) Chrome/73.0.3683.103 Safari/537.36"
14.248.79.62 - - [18/Apr/2019:05:56:59 +0200] "GET /wp-includes/css/dashicons.min.css?ver=5.1.1 HTTP/1.1" 304 - "http://megastore.7uptheme.net/wp-admin/install.php?step=2" "Mozilla/5.0 (Windows NT 6.2; Win64; x64) AppleWebKit/537.36 (KHTML, like Gecko) Chrome/73.0.3683.103 Safari/537.36"
14.248.79.62 - - [18/Apr/2019:05:56:59 +0200] "GET /wp-includes/js/jquery/jquery.js?ver=1.12.4 HTTP/1.1" 304 - "http://megastore.7uptheme.net/wp-admin/install.php?step=2" "Mozilla/5.0 (Windows NT 6.2; Win64; x64) AppleWebKit/537.36 (KHTML, like Gecko) Chrome/73.0.3683.103 Safari/537.36"
14.248.79.62 - - [18/Apr/2019:05:56:59 +0200] "GET /wp-includes/js/jquery/jquery-migrate.min.js?ver=1.4.1 HTTP/1.1" 304 - "http://megastore.7uptheme.net/wp-admin/install.php?step=2" "Mozilla/5.0 (Windows NT 6.2; Win64; x64) AppleWebKit/537.36 (KHTML, like Gecko) Chrome/73.0.3683.103 Safari/537.36"
14.248.79.62 - - [18/Apr/2019:05:56:59 +0200] "GET /wp-includes/js/zxcvbn-async.min.js?ver=1.0 HTTP/1.1" 304 - "http://megastore.7uptheme.net/wp-admin/install.php?step=2" "Mozilla/5.0 (Windows NT 6.2; Win64; x64) AppleWebKit/537.36 (KHTML, like Gecko) Chrome/73.0.3683.103 Safari/537.36"
14.248.79.62 - - [18/Apr/2019:05:56:59 +0200] "GET /wp-admin/js/password-strength-meter.min.js?ver=5.1.1 HTTP/1.1" 304 - "http://megastore.7uptheme.net/wp-admin/install.php?step=2" "Mozilla/5.0 (Windows NT 6.2; Win64; x64) AppleWebKit/537.36 (KHTML, like Gecko) Chrome/73.0.3683.103 Safari/537.36"
14.248.79.62 - - [18/Apr/2019:05:56:59 +0200] "GET /wp-includes/js/underscore.min.js?ver=1.8.3 HTTP/1.1" 304 - "http://megastore.7uptheme.net/wp-admin/install.php?step=2" "Mozilla/5.0 (Windows NT 6.2; Win64; x64) AppleWebKit/537.36 (KHTML, like Gecko) Chrome/73.0.3683.103 Safari/537.36"
14.248.79.62 - - [18/Apr/2019:05:56:59 +0200] "GET /wp-includes/js/wp-util.min.js?ver=5.1.1 HTTP/1.1" 304 - "http://megastore.7uptheme.net/wp-admin/install.php?step=2" "Mozilla/5.0 (Windows NT 6.2; Win64; x64) AppleWebKit/537.36 (KHTML, like Gecko) Chrome/73.0.3683.103 Safari/537.36"
14.248.79.62 - - [18/Apr/2019:05:56:59 +0200] "GET /wp-admin/js/user-profile.min.js?ver=5.1.1 HTTP/1.1" 304 - "http://megastore.7uptheme.net/wp-admin/install.php?step=2" "Mozilla/5.0 (Windows NT 6.2; Win64; x64) AppleWebKit/537.36 (KHTML, like Gecko) Chrome/73.0.3683.103 Safari/537.36"
14.248.79.62 - - [18/Apr/2019:05:57:00 +0200] "GET /wp-admin/images/wordpress-logo.svg?ver=20131107 HTTP/1.1" 304 - "http://megastore.7uptheme.net/wp-admin/css/install.min.css?ver=5.1.1" "Mozilla/5.0 (Windows NT 6.2; Win64; x64) AppleWebKit/537.36 (KHTML, like Gecko) Chrome/73.0.3683.103 Safari/537.36"
14.248.79.62 - - [18/Apr/2019:05:57:00 +0200] "GET /wp-includes/js/zxcvbn.min.js HTTP/1.1" 304 - "http://megastore.7uptheme.net/wp-admin/install.php?step=2" "Mozilla/5.0 (Windows NT 6.2; Win64; x64) AppleWebKit/537.36 (KHTML, like Gecko) Chrome/73.0.3683.103 Safari/537.36"
14.248.79.62 - - [18/Apr/2019:05:57:02 +0200] "GET /wp-login.php HTTP/1.1" 200 3318 "http://megastore.7uptheme.net/wp-admin/install.php?step=2" "Mozilla/5.0 (Windows NT 6.2; Win64; x64) AppleWebKit/537.36 (KHTML, like Gecko) Chrome/73.0.3683.103 Safari/537.36"
14.248.79.62 - - [18/Apr/2019:05:57:03 +0200] "GET /wp-includes/css/dashicons.min.css?ver=5.1.1 HTTP/1.1" 304 - "http://megastore.7uptheme.net/wp-login.php" "Mozilla/5.0 (Windows NT 6.2; Win64; x64) AppleWebKit/537.36 (KHTML, like Gecko) Chrome/73.0.3683.103 Safari/537.36"
14.248.79.62 - - [18/Apr/2019:05:57:03 +0200] "GET /wp-admin/css/forms.min.css?ver=5.1.1 HTTP/1.1" 200 21890 "http://megastore.7uptheme.net/wp-login.php" "Mozilla/5.0 (Windows NT 6.2; Win64; x64) AppleWebKit/537.36 (KHTML, like Gecko) Chrome/73.0.3683.103 Safari/537.36"
14.248.79.62 - - [18/Apr/2019:05:57:03 +0200] "GET /wp-admin/css/l10n.min.css?ver=5.1.1 HTTP/1.1" 200 2477 "http://megastore.7uptheme.net/wp-login.php" "Mozilla/5.0 (Windows NT 6.2; Win64; x64) AppleWebKit/537.36 (KHTML, like Gecko) Chrome/73.0.3683.103 Safari/537.36"
14.248.79.62 - - [18/Apr/2019:05:57:03 +0200] "GET /wp-includes/css/buttons.min.css?ver=5.1.1 HTTP/1.1" 304 - "http://megastore.7uptheme.net/wp-login.php" "Mozilla/5.0 (Windows NT 6.2; Win64; x64) AppleWebKit/537.36 (KHTML, like Gecko) Chrome/73.0.3683.103 Safari/537.36"
14.248.79.62 - - [18/Apr/2019:05:57:03 +0200] "GET /wp-admin/css/login.min.css?ver=5.1.1 HTTP/1.1" 200 27813 "http://megastore.7uptheme.net/wp-login.php" "Mozilla/5.0 (Windows NT 6.2; Win64; x64) AppleWebKit/537.36 (KHTML, like Gecko) Chrome/73.0.3683.103 Safari/537.36"
176.31.116.194 - - [18/Apr/2019:05:57:02 +0200] "POST /wp-cron.php?doing_wp_cron=1555559822.3783791065216064453125 HTTP/1.1" 200 - "http://megastore.7uptheme.net/wp-cron.php?doing_wp_cron=1555559822.3783791065216064453125" "WordPress/5.1.1; http://megastore.7uptheme.net"
14.248.79.62 - - [18/Apr/2019:05:57:08 +0200] "POST /wp-login.php HTTP/1.1" 302 - "http://megastore.7uptheme.net/wp-login.php" "Mozilla/5.0 (Windows NT 6.2; Win64; x64) AppleWebKit/537.36 (KHTML, like Gecko) Chrome/73.0.3683.103 Safari/537.36"
14.248.79.62 - - [18/Apr/2019:05:57:08 +0200] "GET /wp-admin/ HTTP/1.1" 200 57394 "http://megastore.7uptheme.net/wp-login.php" "Mozilla/5.0 (Windows NT 6.2; Win64; x64) AppleWebKit/537.36 (KHTML, like Gecko) Chrome/73.0.3683.103 Safari/537.36"
14.248.79.62 - - [18/Apr/2019:05:57:10 +0200] "GET /wp-includes/js/thickbox/thickbox.css?ver=5.1.1 HTTP/1.1" 200 2658 "http://megastore.7uptheme.net/wp-admin/" "Mozilla/5.0 (Windows NT 6.2; Win64; x64) AppleWebKit/537.36 (KHTML, like Gecko) Chrome/73.0.3683.103 Safari/537.36"
14.248.79.62 - - [18/Apr/2019:05:57:10 +0200] "GET /wp-includes/css/editor.min.css?ver=5.1.1 HTTP/1.1" 200 27128 "http://megastore.7uptheme.net/wp-admin/" "Mozilla/5.0 (Windows NT 6.2; Win64; x64) AppleWebKit/537.36 (KHTML, like Gecko) Chrome/73.0.3683.103 Safari/537.36"
14.248.79.62 - - [18/Apr/2019:05:57:10 +0200] "GET /wp-admin/load-scripts.php?c=0&load%5B%5D=jquery-core,jquery-migrate,utils&ver=5.1.1 HTTP/1.1" 200 109102 "http://megastore.7uptheme.net/wp-admin/" "Mozilla/5.0 (Windows NT 6.2; Win64; x64) AppleWebKit/537.36 (KHTML, like Gecko) Chrome/73.0.3683.103 Safari/537.36"
14.248.79.62 - - [18/Apr/2019:05:57:10 +0200] "GET /wp-includes/js/dist/vendor/wp-polyfill.min.js?ver=7.0.0 HTTP/1.1" 200 96193 "http://megastore.7uptheme.net/wp-admin/" "Mozilla/5.0 (Windows NT 6.2; Win64; x64) AppleWebKit/537.36 (KHTML, like Gecko) Chrome/73.0.3683.103 Safari/537.36"
14.248.79.62 - - [18/Apr/2019:05:57:10 +0200] "GET /wp-admin/load-styles.php?c=0&dir=ltr&load%5B%5D=dashicons,admin-bar,common,forms,admin-menu,dashboard,list-tables,edit,revisions,media,themes,about,nav-menus,wp-pointer,widgets&load%5B%5D=,site-icon,l10n,buttons,wp-auth-check&ver=5.1.1 HTTP/1.1" 200 339095 "http://megastore.7uptheme.net/wp-admin/" "Mozilla/5.0 (Windows NT 6.2; Win64; x64) AppleWebKit/537.36 (KHTML, like Gecko) Chrome/73.0.3683.103 Safari/537.36"
14.248.79.62 - - [18/Apr/2019:05:57:10 +0200] "GET /wp-admin/load-scripts.php?c=0&load%5B%5D=hoverIntent,common,admin-bar,wp-ajax-response,jquery-color,wp-lists,quicktags,jquery-query,admin-comments,jquery-ui-core,jquery-&load%5B%5D=ui-widget,jquery-ui-mouse,jquery-ui-sortable,postbox,underscore,wp-util,wp-a11y,dashboard,thickbox,plugin-install,updates,shortc&load%5B%5D=ode,media-upload,svg-painter&ver=5.1.1 HTTP/1.1" 200 201345 "http://megastore.7uptheme.net/wp-admin/" "Mozilla/5.0 (Windows NT 6.2; Win64; x64) AppleWebKit/537.36 (KHTML, like Gecko) Chrome/73.0.3683.103 Safari/537.36"
14.248.79.62 - - [18/Apr/2019:05:57:11 +0200] "GET /wp-includes/js/dist/hooks.min.js?ver=2.0.5 HTTP/1.1" 200 4905 "http://megastore.7uptheme.net/wp-admin/" "Mozilla/5.0 (Windows NT 6.2; Win64; x64) AppleWebKit/537.36 (KHTML, like Gecko) Chrome/73.0.3683.103 Safari/537.36"
14.248.79.62 - - [18/Apr/2019:05:57:11 +0200] "GET /wp-includes/js/heartbeat.min.js?ver=5.1.1 HTTP/1.1" 200 6017 "http://megastore.7uptheme.net/wp-admin/" "Mozilla/5.0 (Windows NT 6.2; Win64; x64) AppleWebKit/537.36 (KHTML, like Gecko) Chrome/73.0.3683.103 Safari/537.36"
14.248.79.62 - - [18/Apr/2019:05:57:11 +0200] "GET /wp-includes/js/wp-auth-check.min.js?ver=5.1.1 HTTP/1.1" 200 1783 "http://megastore.7uptheme.net/wp-admin/" "Mozilla/5.0 (Windows NT 6.2; Win64; x64) AppleWebKit/537.36 (KHTML, like Gecko) Chrome/73.0.3683.103 Safari/537.36"
14.248.79.62 - - [18/Apr/2019:05:57:11 +0200] "GET /wp-includes/js/wplink.min.js?ver=5.1.1 HTTP/1.1" 200 11262 "http://megastore.7uptheme.net/wp-admin/" "Mozilla/5.0 (Windows NT 6.2; Win64; x64) AppleWebKit/537.36 (KHTML, like Gecko) Chrome/73.0.3683.103 Safari/537.36"
14.248.79.62 - - [18/Apr/2019:05:57:11 +0200] "GET /wp-includes/js/jquery/ui/position.min.js?ver=1.11.4 HTTP/1.1" 200 6527 "http://megastore.7uptheme.net/wp-admin/" "Mozilla/5.0 (Windows NT 6.2; Win64; x64) AppleWebKit/537.36 (KHTML, like Gecko) Chrome/73.0.3683.103 Safari/537.36"
14.248.79.62 - - [18/Apr/2019:05:57:11 +0200] "GET /wp-includes/js/jquery/ui/menu.min.js?ver=1.11.4 HTTP/1.1" 200 9600 "http://megastore.7uptheme.net/wp-admin/" "Mozilla/5.0 (Windows NT 6.2; Win64; x64) AppleWebKit/537.36 (KHTML, like Gecko) Chrome/73.0.3683.103 Safari/537.36"
14.248.79.62 - - [18/Apr/2019:05:57:11 +0200] "GET /wp-includes/js/jquery/ui/autocomplete.min.js?ver=1.11.4 HTTP/1.1" 200 8283 "http://megastore.7uptheme.net/wp-admin/" "Mozilla/5.0 (Windows NT 6.2; Win64; x64) AppleWebKit/537.36 (KHTML, like Gecko) Chrome/73.0.3683.103 Safari/537.36"
14.248.79.62 - - [18/Apr/2019:05:57:11 +0200] "GET /wp-includes/js/wp-emoji-release.min.js?ver=5.1.1 HTTP/1.1" 200 12034 "http://megastore.7uptheme.net/wp-admin/" "Mozilla/5.0 (Windows NT 6.2; Win64; x64) AppleWebKit/537.36 (KHTML, like Gecko) Chrome/73.0.3683.103 Safari/537.36"
14.248.79.62 - - [18/Apr/2019:05:57:11 +0200] "GET /wp-includes/js/thickbox/loadingAnimation.gif HTTP/1.1" 200 15238 "http://megastore.7uptheme.net/wp-admin/" "Mozilla/5.0 (Windows NT 6.2; Win64; x64) AppleWebKit/537.36 (KHTML, like Gecko) Chrome/73.0.3683.103 Safari/537.36"
176.31.116.194 - - [18/Apr/2019:05:57:12 +0200] "POST /wp-cron.php?doing_wp_cron=1555559832.0064280033111572265625 HTTP/1.1" 200 - "http://megastore.7uptheme.net/wp-cron.php?doing_wp_cron=1555559832.0064280033111572265625" "WordPress/5.1.1; http://megastore.7uptheme.net"
14.248.79.62 - - [18/Apr/2019:05:57:11 +0200] "GET /wp-admin/admin-ajax.php?action=wp-compression-test&test=1&_ajax_nonce=833465e1f8&1555559831615 HTTP/1.1" 200 1114 "http://megastore.7uptheme.net/wp-admin/" "Mozilla/5.0 (Windows NT 6.2; Win64; x64) AppleWebKit/537.36 (KHTML, like Gecko) Chrome/73.0.3683.103 Safari/537.36"
14.248.79.62 - - [18/Apr/2019:05:57:11 +0200] "POST /wp-admin/admin-ajax.php HTTP/1.1" 200 69 "http://megastore.7uptheme.net/wp-admin/" "Mozilla/5.0 (Windows NT 6.2; Win64; x64) AppleWebKit/537.36 (KHTML, like Gecko) Chrome/73.0.3683.103 Safari/537.36"
14.248.79.62 - - [18/Apr/2019:05:57:12 +0200] "GET /wp-admin/admin-ajax.php?action=wp-compression-test&test=2&_ajax_nonce=833465e1f8&1555559832418 HTTP/1.1" 200 572 "http://megastore.7uptheme.net/wp-admin/" "Mozilla/5.0 (Windows NT 6.2; Win64; x64) AppleWebKit/537.36 (KHTML, like Gecko) Chrome/73.0.3683.103 Safari/537.36"
14.248.79.62 - - [18/Apr/2019:05:57:13 +0200] "GET /wp-admin/admin-ajax.php?action=wp-compression-test&test=yes&_ajax_nonce=833465e1f8&1555559832836 HTTP/1.1" 200 1 "http://megastore.7uptheme.net/wp-admin/" "Mozilla/5.0 (Windows NT 6.2; Win64; x64) AppleWebKit/537.36 (KHTML, like Gecko) Chrome/73.0.3683.103 Safari/537.36"
14.248.79.62 - - [18/Apr/2019:05:57:13 +0200] "GET /wp-admin/plugins.php HTTP/1.1" 200 44844 "http://megastore.7uptheme.net/wp-admin/" "Mozilla/5.0 (Windows NT 6.2; Win64; x64) AppleWebKit/537.36 (KHTML, like Gecko) Chrome/73.0.3683.103 Safari/537.36"
14.248.79.62 - - [18/Apr/2019:05:57:11 +0200] "GET /wp-admin/admin-ajax.php?action=dashboard-widgets&widget=dashboard_primary&pagenow=dashboard HTTP/1.1" 200 1025 "http://megastore.7uptheme.net/wp-admin/" "Mozilla/5.0 (Windows NT 6.2; Win64; x64) AppleWebKit/537.36 (KHTML, like Gecko) Chrome/73.0.3683.103 Safari/537.36"
14.248.79.62 - - [18/Apr/2019:05:57:13 +0200] "GET /wp-admin/load-scripts.php?c=1&load%5B%5D=jquery-core,jquery-migrate,utils&ver=5.1.1 HTTP/1.1" 200 109102 "http://megastore.7uptheme.net/wp-admin/plugins.php" "Mozilla/5.0 (Windows NT 6.2; Win64; x64) AppleWebKit/537.36 (KHTML, like Gecko) Chrome/73.0.3683.103 Safari/537.36"
14.248.79.62 - - [18/Apr/2019:05:57:13 +0200] "GET /wp-admin/load-scripts.php?c=1&load%5B%5D=hoverIntent,common,admin-bar,underscore,wp-util,wp-a11y,updates,jquery-ui-core,thickbox,plugin-install,svg-painter&ver=5.1.1 HTTP/1.1" 200 102495 "http://megastore.7uptheme.net/wp-admin/plugins.php" "Mozilla/5.0 (Windows NT 6.2; Win64; x64) AppleWebKit/537.36 (KHTML, like Gecko) Chrome/73.0.3683.103 Safari/537.36"
14.248.79.62 - - [18/Apr/2019:05:57:13 +0200] "GET /wp-admin/load-styles.php?c=1&dir=ltr&load%5B%5D=dashicons,admin-bar,common,forms,admin-menu,dashboard,list-tables,edit,revisions,media,themes,about,nav-menus,wp-pointer,widgets&load%5B%5D=,site-icon,l10n,buttons,wp-auth-check&ver=5.1.1 HTTP/1.1" 200 339095 "http://megastore.7uptheme.net/wp-admin/plugins.php" "Mozilla/5.0 (Windows NT 6.2; Win64; x64) AppleWebKit/537.36 (KHTML, like Gecko) Chrome/73.0.3683.103 Safari/537.36"
14.248.79.62 - - [18/Apr/2019:05:57:15 +0200] "GET /wp-admin/images/spinner.gif HTTP/1.1" 304 - "http://megastore.7uptheme.net/wp-admin/load-styles.php?c=1&dir=ltr&load%5B%5D=dashicons,admin-bar,common,forms,admin-menu,dashboard,list-tables,edit,revisions,media,themes,about,nav-menus,wp-pointer,widgets&load%5B%5D=,site-icon,l10n,buttons,wp-auth-check&ver=5.1.1" "Mozilla/5.0 (Windows NT 6.2; Win64; x64) AppleWebKit/537.36 (KHTML, like Gecko) Chrome/73.0.3683.103 Safari/537.36"
14.248.79.62 - - [18/Apr/2019:05:57:16 +0200] "GET /wp-admin/plugins.php?action=activate&plugin=really-simple-ssl%2Frlrsssl-really-simple-ssl.php&plugin_status=all&paged=1&s&_wpnonce=2a0a292f79 HTTP/1.1" 302 - "http://megastore.7uptheme.net/wp-admin/plugins.php" "Mozilla/5.0 (Windows NT 6.2; Win64; x64) AppleWebKit/537.36 (KHTML, like Gecko) Chrome/73.0.3683.103 Safari/537.36"
14.248.79.62 - - [18/Apr/2019:05:57:17 +0200] "GET /wp-admin/plugins.php?activate=true&plugin_status=all&paged=1&s= HTTP/1.1" 200 46334 "http://megastore.7uptheme.net/wp-admin/plugins.php" "Mozilla/5.0 (Windows NT 6.2; Win64; x64) AppleWebKit/537.36 (KHTML, like Gecko) Chrome/73.0.3683.103 Safari/537.36"
14.248.79.62 - - [18/Apr/2019:05:57:17 +0200] "GET /wp-includes/js/thickbox/thickbox.css?ver=5.1.1 HTTP/1.1" 304 - "http://megastore.7uptheme.net/wp-admin/plugins.php?activate=true&plugin_status=all&paged=1&s=" "Mozilla/5.0 (Windows NT 6.2; Win64; x64) AppleWebKit/537.36 (KHTML, like Gecko) Chrome/73.0.3683.103 Safari/537.36"
14.248.79.62 - - [18/Apr/2019:05:57:17 +0200] "GET /wp-content/plugins/really-simple-ssl/css/main.css?ver=3.1.5 HTTP/1.1" 200 10510 "http://megastore.7uptheme.net/wp-admin/plugins.php?activate=true&plugin_status=all&paged=1&s=" "Mozilla/5.0 (Windows NT 6.2; Win64; x64) AppleWebKit/537.36 (KHTML, like Gecko) Chrome/73.0.3683.103 Safari/537.36"
14.248.79.62 - - [18/Apr/2019:05:57:18 +0200] "GET /wp-includes/js/dist/vendor/wp-polyfill.min.js?ver=7.0.0 HTTP/1.1" 304 - "http://megastore.7uptheme.net/wp-admin/plugins.php?activate=true&plugin_status=all&paged=1&s=" "Mozilla/5.0 (Windows NT 6.2; Win64; x64) AppleWebKit/537.36 (KHTML, like Gecko) Chrome/73.0.3683.103 Safari/537.36"
14.248.79.62 - - [18/Apr/2019:05:57:18 +0200] "GET /wp-includes/js/dist/hooks.min.js?ver=2.0.5 HTTP/1.1" 304 - "http://megastore.7uptheme.net/wp-admin/plugins.php?activate=true&plugin_status=all&paged=1&s=" "Mozilla/5.0 (Windows NT 6.2; Win64; x64) AppleWebKit/537.36 (KHTML, like Gecko) Chrome/73.0.3683.103 Safari/537.36"
14.248.79.62 - - [18/Apr/2019:05:57:18 +0200] "GET /wp-includes/js/heartbeat.min.js?ver=5.1.1 HTTP/1.1" 304 - "http://megastore.7uptheme.net/wp-admin/plugins.php?activate=true&plugin_status=all&paged=1&s=" "Mozilla/5.0 (Windows NT 6.2; Win64; x64) AppleWebKit/537.36 (KHTML, like Gecko) Chrome/73.0.3683.103 Safari/537.36"
14.248.79.62 - - [18/Apr/2019:05:57:18 +0200] "GET /wp-includes/js/wp-auth-check.min.js?ver=5.1.1 HTTP/1.1" 304 - "http://megastore.7uptheme.net/wp-admin/plugins.php?activate=true&plugin_status=all&paged=1&s=" "Mozilla/5.0 (Windows NT 6.2; Win64; x64) AppleWebKit/537.36 (KHTML, like Gecko) Chrome/73.0.3683.103 Safari/537.36"
14.248.79.62 - - [18/Apr/2019:05:57:18 +0200] "GET /wp-includes/js/wp-emoji-release.min.js?ver=5.1.1 HTTP/1.1" 304 - "http://megastore.7uptheme.net/wp-admin/plugins.php?activate=true&plugin_status=all&paged=1&s=" "Mozilla/5.0 (Windows NT 6.2; Win64; x64) AppleWebKit/537.36 (KHTML, like Gecko) Chrome/73.0.3683.103 Safari/537.36"
14.248.79.62 - - [18/Apr/2019:05:57:19 +0200] "GET /wp-includes/js/thickbox/loadingAnimation.gif HTTP/1.1" 304 - "http://megastore.7uptheme.net/wp-admin/plugins.php?plugin_status=all&paged=1&s" "Mozilla/5.0 (Windows NT 6.2; Win64; x64) AppleWebKit/537.36 (KHTML, like Gecko) Chrome/73.0.3683.103 Safari/537.36"
14.248.79.62 - - [18/Apr/2019:05:58:20 +0200] "POST /wp-admin/admin-ajax.php HTTP/1.1" 200 48 "http://megastore.7uptheme.net/wp-admin/plugins.php?plugin_status=all&paged=1&s" "Mozilla/5.0 (Windows NT 6.2; Win64; x64) AppleWebKit/537.36 (KHTML, like Gecko) Chrome/73.0.3683.103 Safari/537.36"
14.248.79.62 - - [18/Apr/2019:05:58:20 +0200] "GET /wp-login.php?interim-login=1&wp_lang=en_US HTTP/1.1" 302 - "http://megastore.7uptheme.net/wp-admin/plugins.php?plugin_status=all&paged=1&s" "Mozilla/5.0 (Windows NT 6.2; Win64; x64) AppleWebKit/537.36 (KHTML, like Gecko) Chrome/73.0.3683.103 Safari/537.36"
14.248.79.62 - - [18/Apr/2019:05:58:20 +0200] "GET /wp-includes/images/spinner.gif HTTP/1.1" 200 3656 "http://megastore.7uptheme.net/wp-admin/load-styles.php?c=1&dir=ltr&load%5B%5D=dashicons,admin-bar,common,forms,admin-menu,dashboard,list-tables,edit,revisions,media,themes,about,nav-menus,wp-pointer,widgets&load%5B%5D=,site-icon,l10n,buttons,wp-auth-check&ver=5.1.1" "Mozilla/5.0 (Windows NT 6.2; Win64; x64) AppleWebKit/537.36 (KHTML, like Gecko) Chrome/73.0.3683.103 Safari/537.36"
14.248.79.62 - - [18/Apr/2019:06:00:20 +0200] "POST /wp-admin/admin-ajax.php HTTP/1.1" 200 48 "http://megastore.7uptheme.net/wp-admin/plugins.php?plugin_status=all&paged=1&s" "Mozilla/5.0 (Windows NT 6.2; Win64; x64) AppleWebKit/537.36 (KHTML, like Gecko) Chrome/73.0.3683.103 Safari/537.36"
14.248.79.62 - - [18/Apr/2019:06:02:21 +0200] "POST /wp-admin/admin-ajax.php HTTP/1.1" 200 48 "http://megastore.7uptheme.net/wp-admin/plugins.php?plugin_status=all&paged=1&s" "Mozilla/5.0 (Windows NT 6.2; Win64; x64) AppleWebKit/537.36 (KHTML, like Gecko) Chrome/73.0.3683.103 Safari/537.36"
14.162.165.85 - - [22/Apr/2019:09:56:59 +0200] "GET / HTTP/1.1" 301 - "-" "Mozilla/5.0 (Windows NT 6.2; Win64; x64) AppleWebKit/537.36 (KHTML, like Gecko) Chrome/73.0.3683.103 Safari/537.36"
176.31.116.194 - - [22/Apr/2019:09:56:59 +0200] "POST /wp-cron.php?doing_wp_cron=1555919819.7637670040130615234375 HTTP/1.1" 200 - "http://megastore.7uptheme.net/wp-cron.php?doing_wp_cron=1555919819.7637670040130615234375" "WordPress/5.1.1; https://megastore.7uptheme.net"
176.31.116.194 - - [26/Apr/2019:04:57:29 +0200] "POST /wp-cron.php?doing_wp_cron=1556247449.9194030761718750000000 HTTP/1.1" 200 - "http://megastore.7uptheme.net/wp-cron.php?doing_wp_cron=1556247449.9194030761718750000000" "WordPress/5.1.1; https://megastore.7uptheme.net"
54.208.102.37 - - [26/Apr/2019:04:57:29 +0200] "GET / HTTP/1.1" 301 - "http://megastore.7uptheme.net/" "Mozilla/5.0 (compatible; DuckDuckGo-Favicons-Bot/1.0; +http://duckduckgo.com)"
107.21.1.8 - - [26/Apr/2019:04:57:31 +0200] "GET / HTTP/1.1" 301 - "http://megastore.7uptheme.net/" "Mozilla/5.0 (compatible; DuckDuckGo-Favicons-Bot/1.0; +http://duckduckgo.com)"
54.208.102.37 - - [26/Apr/2019:04:57:32 +0200] "GET /favicon.ico HTTP/1.1" 200 - "http://megastore.7uptheme.net/favicon.ico" "Mozilla/5.0 (compatible; DuckDuckGo-Favicons-Bot/1.0; +http://duckduckgo.com)"
107.21.1.8 - - [26/Apr/2019:04:57:33 +0200] "GET /favicon.ico HTTP/1.1" 200 - "http://megastore.7uptheme.net/favicon.ico" "Mozilla/5.0 (compatible; DuckDuckGo-Favicons-Bot/1.0; +http://duckduckgo.com)"
176.31.116.194 - - [26/Apr/2019:22:18:18 +0200] "POST /wp-cron.php?doing_wp_cron=1556309898.3019289970397949218750 HTTP/1.1" 200 - "http://megastore.7uptheme.net/wp-cron.php?doing_wp_cron=1556309898.3019289970397949218750" "WordPress/5.1.1; https://megastore.7uptheme.net"
84.192.119.8 - - [26/Apr/2019:22:18:17 +0200] "GET / HTTP/1.1" 301 - "https://api.envato.com/" "Scrapy/1.5.1 (+https://scrapy.org)"
207.102.138.158 - - [27/Apr/2019:07:01:08 +0200] "GET / HTTP/1.1" 301 - "-" "Mozilla/5.0 (X11; Linux x86_64) AppleWebKit/537.36 (KHTML, like Gecko) Chrome/38.0.2125.101 Safari/537.36"
176.31.116.194 - - [27/Apr/2019:07:01:08 +0200] "POST /wp-cron.php?doing_wp_cron=1556341268.5772440433502197265625 HTTP/1.1" 200 - "http://megastore.7uptheme.net/wp-cron.php?doing_wp_cron=1556341268.5772440433502197265625" "WordPress/5.1.1; https://megastore.7uptheme.net"
42.236.10.78 - - [30/Apr/2019:09:15:45 +0200] "GET / HTTP/1.1" 301 - "-" "Mozilla/5.0 (Windows NT 6.1) AppleWebKit/537.36 (KHTML, like Gecko) Chrome/36.0.1985.125 Safari/537.36"
176.31.116.194 - - [30/Apr/2019:18:32:38 +0200] "POST /wp-cron.php?doing_wp_cron=1556641958.8518459796905517578125 HTTP/1.1" 200 - "http://megastore.7uptheme.net/wp-cron.php?doing_wp_cron=1556641958.8518459796905517578125" "WordPress/5.1.1; https://megastore.7uptheme.net"
107.21.1.8 - - [30/Apr/2019:18:32:38 +0200] "GET / HTTP/1.1" 301 - "http://megastore.7uptheme.net/" "Mozilla/5.0 (compatible; DuckDuckGo-Favicons-Bot/1.0; +http://duckduckgo.com)"
54.208.102.37 - - [30/Apr/2019:18:32:40 +0200] "GET / HTTP/1.1" 301 - "http://megastore.7uptheme.net/" "Mozilla/5.0 (compatible; DuckDuckGo-Favicons-Bot/1.0; +http://duckduckgo.com)"
107.21.1.8 - - [30/Apr/2019:18:32:41 +0200] "GET /favicon.ico HTTP/1.1" 200 - "http://megastore.7uptheme.net/favicon.ico" "Mozilla/5.0 (compatible; DuckDuckGo-Favicons-Bot/1.0; +http://duckduckgo.com)"
54.208.102.37 - - [30/Apr/2019:18:32:42 +0200] "GET /favicon.ico HTTP/1.1" 200 - "http://megastore.7uptheme.net/favicon.ico" "Mozilla/5.0 (compatible; DuckDuckGo-Favicons-Bot/1.0; +http://duckduckgo.com)"
31.13.127.8 - - [29/Dec/2019:06:38:57 +0100] "GET /contact HTTP/1.1" 301 - "-" "facebookexternalhit/1.1 (+http://www.facebook.com/externalhit_uatext.php)"
31.13.127.5 - - [29/Dec/2019:06:38:57 +0100] "GET /about HTTP/1.1" 301 - "-" "facebookexternalhit/1.1 (+http://www.facebook.com/externalhit_uatext.php)"
207.46.13.101 - - [29/Dec/2019:07:05:23 +0100] "GET /robots.txt HTTP/1.1" 301 - "-" "msnbot/2.0b (+http://search.msn.com/msnbot.htm)"
207.46.13.101 - - [29/Dec/2019:07:05:26 +0100] "GET /robots.txt HTTP/1.1" 301 - "-" "msnbot/2.0b (+http://search.msn.com/msnbot.htm)"
157.55.39.2 - - [29/Dec/2019:08:06:44 +0100] "GET /robots.txt HTTP/1.1" 301 - "-" "Mozilla/5.0 (compatible; bingbot/2.0; +http://www.bing.com/bingbot.htm)"
103.131.71.21 - - [29/Dec/2019:09:07:20 +0100] "GET /robots.txt HTTP/1.1" 301 - "-" "Mozilla/5.0 (compatible; coccocbot-image/1.0; +http://help.coccoc.com/searchengine)"
176.31.116.194 - - [29/Dec/2019:09:19:41 +0100] "POST /wp-cron.php?doing_wp_cron=1577607581.0217521190643310546875 HTTP/1.1" 200 - "http://megastore.7uptheme.net/wp-cron.php?doing_wp_cron=1577607581.0217521190643310546875" "WordPress/5.1.1; https://megastore.7uptheme.net"
113.21.114.174 - - [29/Dec/2019:09:19:40 +0100] "GET / HTTP/1.1" 301 - "-" "Mozilla/5.0 (Windows NT 6.1; rv:60.0) Gecko/20100101 Firefox/60.0"
220.164.2.138 - - [29/Dec/2019:09:19:53 +0100] "GET / HTTP/1.1" 301 - "-" "Mozilla/5.0 (Windows NT 6.1; rv:60.0) Gecko/20100101 Firefox/60.0"
31.13.103.8 - - [29/Dec/2019:09:29:29 +0100] "GET /contact HTTP/1.1" 301 - "-" "facebookexternalhit/1.1 (+http://www.facebook.com/externalhit_uatext.php)"
31.13.103.14 - - [29/Dec/2019:09:29:29 +0100] "GET /about HTTP/1.1" 301 - "-" "facebookexternalhit/1.1 (+http://www.facebook.com/externalhit_uatext.php)"
31.13.127.23 - - [29/Dec/2019:13:10:41 +0100] "GET /about HTTP/1.1" 301 - "-" "facebookexternalhit/1.1 (+http://www.facebook.com/externalhit_uatext.php)"
31.13.127.23 - - [29/Dec/2019:13:10:41 +0100] "GET /contact HTTP/1.1" 301 - "-" "facebookexternalhit/1.1 (+http://www.facebook.com/externalhit_uatext.php)"
176.31.116.194 - - [29/Dec/2019:13:10:44 +0100] "POST /wp-cron.php?doing_wp_cron=1577621443.8074679374694824218750 HTTP/1.1" 200 - "http://megastore.7uptheme.net/wp-cron.php?doing_wp_cron=1577621443.8074679374694824218750" "WordPress/5.1.1; https://megastore.7uptheme.net"
207.46.13.64 - - [29/Dec/2019:14:22:14 +0100] "GET / HTTP/1.1" 301 - "-" "Mozilla/5.0 (compatible; bingbot/2.0; +http://www.bing.com/bingbot.htm)"
222.189.41.46 - - [29/Dec/2019:17:56:03 +0100] "GET / HTTP/1.1" 301 - "-" "Mozilla/5.0 (Windows NT 6.1; rv:60.0) Gecko/20100101 Firefox/60.0"
103.131.71.29 - - [29/Dec/2019:20:06:29 +0100] "GET /robots.txt HTTP/1.1" 301 - "-" "Mozilla/5.0 (compatible; coccocbot-image/1.0; +http://help.coccoc.com/searchengine)"
216.244.66.238 - - [29/Dec/2019:20:37:41 +0100] "GET /robots.txt HTTP/1.1" 301 - "-" "Mozilla/5.0 (compatible; DotBot/1.1; http://www.opensiteexplorer.org/dotbot, help@moz.com)"
207.46.13.101 - - [29/Dec/2019:20:41:05 +0100] "GET /robots.txt HTTP/1.1" 301 - "-" "msnbot/2.0b (+http://search.msn.com/msnbot.htm)"
176.31.116.194 - - [29/Dec/2019:21:28:03 +0100] "POST /wp-cron.php?doing_wp_cron=1577651283.2705650329589843750000 HTTP/1.1" 200 - "http://megastore.7uptheme.net/wp-cron.php?doing_wp_cron=1577651283.2705650329589843750000" "WordPress/5.1.1; https://megastore.7uptheme.net"
163.172.151.47 - - [29/Dec/2019:21:28:02 +0100] "GET /robots.txt HTTP/1.1" 301 - "http://subcontrarily.xyz/" "Mozilla/5.0 (Windows NT 10.0; rv:68.0) Gecko/20100101 Firefox/68.0"
157.55.39.32 - - [29/Dec/2019:21:42:52 +0100] "GET /robots.txt HTTP/1.1" 301 - "-" "Mozilla/5.0 (compatible; bingbot/2.0; +http://www.bing.com/bingbot.htm)"
31.13.127.13 - - [29/Dec/2019:22:45:39 +0100] "GET /contact HTTP/1.1" 301 - "-" "facebookexternalhit/1.1 (+http://www.facebook.com/externalhit_uatext.php)"
31.13.127.22 - - [29/Dec/2019:22:45:39 +0100] "GET /about HTTP/1.1" 301 - "-" "facebookexternalhit/1.1 (+http://www.facebook.com/externalhit_uatext.php)"
207.46.13.101 - - [29/Dec/2019:22:54:20 +0100] "GET /robots.txt HTTP/1.1" 301 - "-" "msnbot/2.0b (+http://search.msn.com/msnbot.htm)"
207.46.13.101 - - [29/Dec/2019:22:54:22 +0100] "GET /robots.txt HTTP/1.1" 301 - "-" "msnbot/2.0b (+http://search.msn.com/msnbot.htm)"
207.46.13.101 - - [29/Dec/2019:22:54:23 +0100] "GET /robots.txt HTTP/1.1" 301 - "-" "msnbot/2.0b (+http://search.msn.com/msnbot.htm)"
190.237.93.113 - - [29/Dec/2019:23:42:15 +0100] "GET / HTTP/1.1" 301 - "http://progressive-seo.com" "Mozilla/5.0 (Windows NT 10.0; Win64; x64) AppleWebKit/537.36 (KHTML, like Gecko) Chrome/74.0.3729.169 Safari/537.36"
176.31.116.194 - - [30/Dec/2019:01:13:24 +0100] "POST /wp-cron.php?doing_wp_cron=1577664804.0124149322509765625000 HTTP/1.1" 200 - "http://megastore.7uptheme.net/wp-cron.php?doing_wp_cron=1577664804.0124149322509765625000" "WordPress/5.1.1; https://megastore.7uptheme.net"
109.70.100.21 - - [30/Dec/2019:01:13:23 +0100] "GET / HTTP/1.1" 301 - "http://thrombolymphangitis.xyz/" "Mozilla/5.0 (Windows NT 10.0; rv:68.0) Gecko/20100101 Firefox/68.0"
61.162.220.97 - - [30/Dec/2019:03:05:50 +0100] "GET / HTTP/1.1" 301 - "-" "Mozilla/5.0 (Windows NT 6.1; rv:60.0) Gecko/20100101 Firefox/60.0"
31.13.127.10 - - [30/Dec/2019:07:40:43 +0100] "GET /about HTTP/1.1" 301 - "-" "facebookexternalhit/1.1 (+http://www.facebook.com/externalhit_uatext.php)"
31.13.127.10 - - [30/Dec/2019:07:40:43 +0100] "GET /contact HTTP/1.1" 301 - "-" "facebookexternalhit/1.1 (+http://www.facebook.com/externalhit_uatext.php)"
207.46.13.101 - - [30/Dec/2019:08:55:58 +0100] "GET /robots.txt HTTP/1.1" 301 - "-" "msnbot/2.0b (+http://search.msn.com/msnbot.htm)"
31.13.127.8 - - [30/Dec/2019:09:53:13 +0100] "GET /about HTTP/1.1" 301 - "-" "facebookexternalhit/1.1 (+http://www.facebook.com/externalhit_uatext.php)"
176.31.116.194 - - [30/Dec/2019:09:53:13 +0100] "POST /wp-cron.php?doing_wp_cron=1577695993.9172871112823486328125 HTTP/1.1" 200 - "http://megastore.7uptheme.net/wp-cron.php?doing_wp_cron=1577695993.9172871112823486328125" "WordPress/5.1.1; https://megastore.7uptheme.net"
31.13.127.8 - - [30/Dec/2019:09:53:13 +0100] "GET /contact HTTP/1.1" 301 - "-" "facebookexternalhit/1.1 (+http://www.facebook.com/externalhit_uatext.php)"
50.87.248.20 - - [30/Dec/2019:11:01:03 +0100] "HEAD /wp-admin/ HTTP/1.1" 302 - "https://vshoped.com" "Mozilla/5.0 (Windows NT 10.0; Win64; x64) AppleWebKit/537.36 (KHTML, like Gecko) Chrome/70.0.3538.102 Safari/537.36"
218.204.69.3 - - [30/Dec/2019:11:22:01 +0100] "GET / HTTP/1.1" 301 - "-" "Mozilla/5.0 (Windows NT 6.1; rv:60.0) Gecko/20100101 Firefox/60.0"
103.131.71.22 - - [30/Dec/2019:11:51:51 +0100] "GET /robots.txt HTTP/1.1" 301 - "-" "Mozilla/5.0 (compatible; coccocbot-image/1.0; +http://help.coccoc.com/searchengine)"
31.13.127.19 - - [30/Dec/2019:12:20:42 +0100] "GET /contact HTTP/1.1" 301 - "-" "facebookexternalhit/1.1 (+http://www.facebook.com/externalhit_uatext.php)"
31.13.127.22 - - [30/Dec/2019:12:20:42 +0100] "GET /about HTTP/1.1" 301 - "-" "facebookexternalhit/1.1 (+http://www.facebook.com/externalhit_uatext.php)"
123.57.232.24 - - [30/Dec/2019:12:25:29 +0100] "GET / HTTP/1.1" 301 - "-" "Mozilla/5.0 (Linux; Android 6.0; Nexus 5 Build/MRA58N) AppleWebKit/537.36 (KHTML, like Gecko) Chrome/70.0.3538.110 Mobile Safari/537.36"
157.55.39.6 - - [30/Dec/2019:13:39:03 +0100] "GET /robots.txt HTTP/1.1" 301 - "-" "Mozilla/5.0 (compatible; bingbot/2.0; +http://www.bing.com/bingbot.htm)"
176.31.116.194 - - [30/Dec/2019:13:39:04 +0100] "POST /wp-cron.php?doing_wp_cron=1577709544.4719390869140625000000 HTTP/1.1" 200 - "http://megastore.7uptheme.net/wp-cron.php?doing_wp_cron=1577709544.4719390869140625000000" "WordPress/5.1.1; https://megastore.7uptheme.net"
40.77.167.8 - - [30/Dec/2019:14:40:11 +0100] "GET / HTTP/1.1" 301 - "-" "Mozilla/5.0 (compatible; bingbot/2.0; +http://www.bing.com/bingbot.htm)"
45.224.105.40 - - [30/Dec/2019:19:35:57 +0100] "GET / HTTP/1.1" 301 - "-" "Mozilla/5.0 (Windows NT 6.1; rv:60.0) Gecko/20100101 Firefox/60.0"
209.17.96.210 - - [30/Dec/2019:20:05:39 +0100] "GET / HTTP/1.1" 301 - "-" "Mozilla/5.0 (compatible; Nimbostratus-Bot/v1.3.2; http://cloudsystemnetworks.com)"
176.31.116.194 - - [30/Dec/2019:20:05:41 +0100] "POST /wp-cron.php?doing_wp_cron=1577732740.1508700847625732421875 HTTP/1.1" 200 - "http://megastore.7uptheme.net/wp-cron.php?doing_wp_cron=1577732740.1508700847625732421875" "WordPress/5.1.1; https://megastore.7uptheme.net"
216.244.66.238 - - [30/Dec/2019:20:45:42 +0100] "GET /robots.txt HTTP/1.1" 301 - "-" "Mozilla/5.0 (compatible; DotBot/1.1; http://www.opensiteexplorer.org/dotbot, help@moz.com)"
157.55.39.237 - - [30/Dec/2019:21:23:04 +0100] "GET /robots.txt HTTP/1.1" 301 - "-" "msnbot/2.0b (+http://search.msn.com/msnbot.htm)"
176.31.116.194 - - [30/Dec/2019:21:23:12 +0100] "POST /wp-cron.php?doing_wp_cron=1577737385.1338920593261718750000 HTTP/1.1" 200 - "http://megastore.7uptheme.net/wp-cron.php?doing_wp_cron=1577737385.1338920593261718750000" "WordPress/5.1.1; https://megastore.7uptheme.net"
31.13.127.5 - - [30/Dec/2019:21:44:38 +0100] "GET /contact HTTP/1.1" 301 - "-" "facebookexternalhit/1.1 (+http://www.facebook.com/externalhit_uatext.php)"
31.13.127.4 - - [30/Dec/2019:21:44:38 +0100] "GET /about HTTP/1.1" 301 - "-" "facebookexternalhit/1.1 (+http://www.facebook.com/externalhit_uatext.php)"
176.31.116.194 - - [30/Dec/2019:23:49:04 +0100] "POST /wp-cron.php?doing_wp_cron=1577746144.2146520614624023437500 HTTP/1.1" 200 - "http://megastore.7uptheme.net/wp-cron.php?doing_wp_cron=1577746144.2146520614624023437500" "WordPress/5.1.1; https://megastore.7uptheme.net"
103.131.71.24 - - [30/Dec/2019:23:49:03 +0100] "GET /robots.txt HTTP/1.1" 301 - "-" "Mozilla/5.0 (compatible; coccocbot-image/1.0; +http://help.coccoc.com/searchengine)"
157.55.39.237 - - [31/Dec/2019:03:50:52 +0100] "GET /robots.txt HTTP/1.1" 301 - "-" "msnbot/2.0b (+http://search.msn.com/msnbot.htm)"
81.240.4.161 - - [31/Dec/2019:04:10:35 +0100] "GET / HTTP/1.1" 301 - "-" "Mozilla/5.0 (Windows NT 6.1; rv:60.0) Gecko/20100101 Firefox/60.0"
40.77.167.81 - - [31/Dec/2019:04:36:39 +0100] "GET / HTTP/1.1" 301 - "-" "Mozilla/5.0 (compatible; bingbot/2.0; +http://www.bing.com/bingbot.htm)"
31.13.103.16 - - [31/Dec/2019:07:56:41 +0100] "GET /contact HTTP/1.1" 301 - "-" "facebookexternalhit/1.1 (+http://www.facebook.com/externalhit_uatext.php)"
31.13.103.6 - - [31/Dec/2019:07:56:42 +0100] "GET /about HTTP/1.1" 301 - "-" "facebookexternalhit/1.1 (+http://www.facebook.com/externalhit_uatext.php)"
176.31.116.194 - - [31/Dec/2019:08:48:15 +0100] "POST /wp-cron.php?doing_wp_cron=1577778493.7954399585723876953125 HTTP/1.1" 200 - "http://megastore.7uptheme.net/wp-cron.php?doing_wp_cron=1577778493.7954399585723876953125" "WordPress/5.1.1; https://megastore.7uptheme.net"
35.204.176.134 - - [31/Dec/2019:08:48:11 +0100] "GET /contact/ HTTP/1.1" 301 - "-" "Mozilla/5.0 (Macintosh; Intel Mac OS X 10_10_1) AppleWebKit/537.36 (KHTML, like Gecko) Chrome/39.0.2171.95 Safari/537.36"
