31.13.127.17 - - [16/Feb/2020:12:18:32 +0100] "GET /contact HTTP/1.1" 206 49 "-" "facebookexternalhit/1.1 (+http://www.facebook.com/externalhit_uatext.php)"
31.13.127.12 - - [16/Feb/2020:12:18:32 +0100] "GET /about HTTP/1.1" 206 49 "-" "facebookexternalhit/1.1 (+http://www.facebook.com/externalhit_uatext.php)"
50.87.248.20 - - [16/Feb/2020:12:40:51 +0100] "HEAD /wp-admin/ HTTP/1.1" 302 - "https://vshoped.com" "Mozilla/5.0 (Windows NT 10.0; Win64; x64) AppleWebKit/537.36 (KHTML, like Gecko) Chrome/70.0.3538.102 Safari/537.36"
176.31.116.194 - - [16/Feb/2020:12:40:55 +0100] "POST /wp-cron.php?doing_wp_cron=1581853255.4464130401611328125000 HTTP/1.1" 200 - "http://megastore.7uptheme.net/wp-cron.php?doing_wp_cron=1581853255.4464130401611328125000" "WordPress/5.1.4; https://megastore.7uptheme.net"
209.97.175.58 - - [16/Feb/2020:13:01:20 +0100] "GET /wp-login.php HTTP/1.1" 302 - "-" "Mozilla/5.0 (X11; Ubuntu; Linux x86_64; rv:62.0) Gecko/20100101 Firefox/62.0"
176.31.116.194 - - [16/Feb/2020:13:01:23 +0100] "POST /wp-cron.php?doing_wp_cron=1581854482.2795419692993164062500 HTTP/1.1" 200 - "http://megastore.7uptheme.net/wp-cron.php?doing_wp_cron=1581854482.2795419692993164062500" "WordPress/5.1.4; https://megastore.7uptheme.net"
157.55.39.164 - - [16/Feb/2020:15:54:22 +0100] "GET /robots.txt HTTP/1.1" 200 49 "-" "msnbot/2.0b (+http://search.msn.com/msnbot.htm)"
14.192.212.139 - - [16/Feb/2020:17:09:22 +0100] "GET / HTTP/1.1" 200 49 "http://every-lang-seo.com" "Mozilla/5.0 (Windows NT 10.0; Win64; x64) AppleWebKit/537.36 (KHTML, like Gecko) Chrome/74.0.3729.169 Safari/537.36"
31.13.115.8 - - [16/Feb/2020:18:06:32 +0100] "GET /contact HTTP/1.1" 206 49 "-" "facebookexternalhit/1.1 (+http://www.facebook.com/externalhit_uatext.php)"
31.13.115.21 - - [16/Feb/2020:18:06:32 +0100] "GET /about HTTP/1.1" 206 49 "-" "facebookexternalhit/1.1 (+http://www.facebook.com/externalhit_uatext.php)"
157.55.39.131 - - [16/Feb/2020:22:21:48 +0100] "GET / HTTP/1.1" 200 49 "-" "Mozilla/5.0 (compatible; bingbot/2.0; +http://www.bing.com/bingbot.htm)"
31.13.115.2 - - [17/Feb/2020:06:25:06 +0100] "GET /about HTTP/1.1" 206 49 "-" "facebookexternalhit/1.1 (+http://www.facebook.com/externalhit_uatext.php)"
31.13.115.26 - - [17/Feb/2020:06:25:06 +0100] "GET /contact HTTP/1.1" 206 49 "-" "facebookexternalhit/1.1 (+http://www.facebook.com/externalhit_uatext.php)"
157.55.39.164 - - [17/Feb/2020:09:59:11 +0100] "GET /robots.txt HTTP/1.1" 200 49 "-" "msnbot/2.0b (+http://search.msn.com/msnbot.htm)"
40.77.167.72 - - [17/Feb/2020:10:20:17 +0100] "GET / HTTP/1.1" 200 49 "-" "Mozilla/5.0 (compatible; bingbot/2.0; +http://www.bing.com/bingbot.htm)"
31.13.127.18 - - [17/Feb/2020:10:49:33 +0100] "GET /about HTTP/1.1" 206 49 "-" "facebookexternalhit/1.1 (+http://www.facebook.com/externalhit_uatext.php)"
31.13.127.9 - - [17/Feb/2020:10:49:33 +0100] "GET /contact HTTP/1.1" 206 49 "-" "facebookexternalhit/1.1 (+http://www.facebook.com/externalhit_uatext.php)"
216.244.66.238 - - [17/Feb/2020:10:51:49 +0100] "GET /robots.txt HTTP/1.1" 200 49 "-" "Mozilla/5.0 (compatible; DotBot/1.1; http://www.opensiteexplorer.org/dotbot, help@moz.com)"
207.46.13.128 - - [17/Feb/2020:16:24:47 +0100] "GET /robots.txt HTTP/1.1" 200 49 "-" "msnbot/2.0b (+http://search.msn.com/msnbot.htm)"
31.13.115.24 - - [17/Feb/2020:19:25:33 +0100] "GET /contact HTTP/1.1" 206 49 "-" "facebookexternalhit/1.1 (+http://www.facebook.com/externalhit_uatext.php)"
31.13.115.14 - - [17/Feb/2020:19:25:33 +0100] "GET /about HTTP/1.1" 206 49 "-" "facebookexternalhit/1.1 (+http://www.facebook.com/externalhit_uatext.php)"
157.55.39.44 - - [17/Feb/2020:21:43:43 +0100] "GET /robots.txt HTTP/1.1" 200 49 "-" "Mozilla/5.0 (compatible; bingbot/2.0; +http://www.bing.com/bingbot.htm)"
207.46.13.128 - - [17/Feb/2020:21:43:57 +0100] "GET /robots.txt HTTP/1.1" 200 49 "-" "msnbot/2.0b (+http://search.msn.com/msnbot.htm)"
207.46.13.128 - - [18/Feb/2020:05:16:50 +0100] "GET /robots.txt HTTP/1.1" 200 49 "-" "msnbot/2.0b (+http://search.msn.com/msnbot.htm)"
31.13.115.8 - - [18/Feb/2020:08:51:17 +0100] "GET /about HTTP/1.1" 206 49 "-" "facebookexternalhit/1.1 (+http://www.facebook.com/externalhit_uatext.php)"
31.13.115.29 - - [18/Feb/2020:08:51:17 +0100] "GET /contact HTTP/1.1" 206 49 "-" "facebookexternalhit/1.1 (+http://www.facebook.com/externalhit_uatext.php)"
103.81.84.173 - - [18/Feb/2020:11:00:57 +0100] "GET / HTTP/1.1" 200 49 "-" "-"
103.81.84.173 - - [18/Feb/2020:11:00:58 +0100] "GET //wp-json/wp/v2/users/ HTTP/1.1" 200 49 "-" "-"
103.81.84.173 - - [18/Feb/2020:11:00:59 +0100] "GET /?author=1 HTTP/1.1" 200 49 "-" "-"
103.81.84.173 - - [18/Feb/2020:11:01:00 +0100] "GET /?author=2 HTTP/1.1" 200 49 "-" "-"
103.81.84.173 - - [18/Feb/2020:11:01:01 +0100] "GET /?author=3 HTTP/1.1" 200 49 "-" "-"
103.81.84.173 - - [18/Feb/2020:11:01:02 +0100] "GET /?author=4 HTTP/1.1" 200 49 "-" "-"
103.81.84.173 - - [18/Feb/2020:11:01:03 +0100] "GET /?author=5 HTTP/1.1" 200 49 "-" "-"
103.81.84.173 - - [18/Feb/2020:11:01:03 +0100] "GET /?author=6 HTTP/1.1" 200 49 "-" "-"
103.81.84.173 - - [18/Feb/2020:11:01:04 +0100] "GET /?author=7 HTTP/1.1" 200 49 "-" "-"
103.81.84.173 - - [18/Feb/2020:11:01:05 +0100] "GET /?author=8 HTTP/1.1" 200 49 "-" "-"
103.81.84.173 - - [18/Feb/2020:11:01:05 +0100] "GET /?author=9 HTTP/1.1" 200 49 "-" "-"
103.81.84.173 - - [18/Feb/2020:11:01:06 +0100] "GET /?author=10 HTTP/1.1" 200 49 "-" "-"
103.81.84.173 - - [18/Feb/2020:11:01:06 +0100] "GET /?author=11 HTTP/1.1" 200 49 "-" "-"
103.81.84.173 - - [18/Feb/2020:11:01:07 +0100] "GET /?author=12 HTTP/1.1" 200 49 "-" "-"
103.81.84.173 - - [18/Feb/2020:11:01:07 +0100] "GET /?author=13 HTTP/1.1" 200 49 "-" "-"
103.81.84.173 - - [18/Feb/2020:11:01:07 +0100] "GET /?author=14 HTTP/1.1" 200 49 "-" "-"
103.81.84.173 - - [18/Feb/2020:11:01:08 +0100] "GET /?author=15 HTTP/1.1" 200 49 "-" "-"
103.81.84.173 - - [18/Feb/2020:11:01:08 +0100] "GET /?author=16 HTTP/1.1" 200 49 "-" "-"
103.81.84.173 - - [18/Feb/2020:11:01:09 +0100] "GET /?author=17 HTTP/1.1" 200 49 "-" "-"
103.81.84.173 - - [18/Feb/2020:11:01:09 +0100] "GET /?author=18 HTTP/1.1" 200 49 "-" "-"
103.81.84.173 - - [18/Feb/2020:11:01:10 +0100] "GET /?author=19 HTTP/1.1" 200 49 "-" "-"
103.81.84.173 - - [18/Feb/2020:11:01:10 +0100] "GET /?author=20 HTTP/1.1" 200 49 "-" "-"
103.81.84.173 - - [18/Feb/2020:11:01:10 +0100] "GET /?author=21 HTTP/1.1" 200 49 "-" "-"
103.81.84.173 - - [18/Feb/2020:11:01:11 +0100] "GET /?author=22 HTTP/1.1" 200 49 "-" "-"
103.81.84.173 - - [18/Feb/2020:11:01:11 +0100] "GET /?author=23 HTTP/1.1" 200 49 "-" "-"
103.81.84.173 - - [18/Feb/2020:11:01:12 +0100] "GET /?author=24 HTTP/1.1" 200 49 "-" "-"
103.81.84.173 - - [18/Feb/2020:11:01:12 +0100] "GET /?author=25 HTTP/1.1" 200 49 "-" "-"
103.81.84.173 - - [18/Feb/2020:11:01:12 +0100] "GET /?author=26 HTTP/1.1" 200 49 "-" "-"
103.81.84.173 - - [18/Feb/2020:11:01:13 +0100] "GET /?author=27 HTTP/1.1" 200 49 "-" "-"
103.81.84.173 - - [18/Feb/2020:11:01:13 +0100] "GET /?author=28 HTTP/1.1" 200 49 "-" "-"
103.81.84.173 - - [18/Feb/2020:11:01:14 +0100] "GET /?author=29 HTTP/1.1" 200 49 "-" "-"
103.81.84.173 - - [18/Feb/2020:11:01:14 +0100] "GET /?author=30 HTTP/1.1" 200 49 "-" "-"
103.81.84.173 - - [18/Feb/2020:11:01:15 +0100] "GET /?author=31 HTTP/1.1" 200 49 "-" "-"
103.81.84.173 - - [18/Feb/2020:11:01:15 +0100] "GET /?author=32 HTTP/1.1" 200 49 "-" "-"
103.81.84.173 - - [18/Feb/2020:11:01:15 +0100] "GET /?author=33 HTTP/1.1" 200 49 "-" "-"
52.20.28.127 - - [18/Feb/2020:11:02:20 +0100] "GET / HTTP/1.1" 200 49 "-" "-"
52.20.28.127 - - [18/Feb/2020:11:02:20 +0100] "GET //wp-json/wp/v2/users/ HTTP/1.1" 200 49 "-" "-"
52.20.28.127 - - [18/Feb/2020:11:02:20 +0100] "GET /?author=1 HTTP/1.1" 200 49 "-" "-"
52.20.28.127 - - [18/Feb/2020:11:02:21 +0100] "GET /?author=2 HTTP/1.1" 200 49 "-" "-"
52.20.28.127 - - [18/Feb/2020:11:02:21 +0100] "GET /?author=3 HTTP/1.1" 200 49 "-" "-"
52.20.28.127 - - [18/Feb/2020:11:02:21 +0100] "GET /?author=4 HTTP/1.1" 200 49 "-" "-"
52.20.28.127 - - [18/Feb/2020:11:02:21 +0100] "GET /?author=5 HTTP/1.1" 200 49 "-" "-"
52.20.28.127 - - [18/Feb/2020:11:02:22 +0100] "GET /?author=6 HTTP/1.1" 200 49 "-" "-"
52.20.28.127 - - [18/Feb/2020:11:02:22 +0100] "GET /?author=7 HTTP/1.1" 200 49 "-" "-"
52.20.28.127 - - [18/Feb/2020:11:02:22 +0100] "GET /?author=8 HTTP/1.1" 200 49 "-" "-"
52.20.28.127 - - [18/Feb/2020:11:02:23 +0100] "GET /?author=9 HTTP/1.1" 200 49 "-" "-"
52.20.28.127 - - [18/Feb/2020:11:02:23 +0100] "GET /?author=10 HTTP/1.1" 200 49 "-" "-"
52.20.28.127 - - [18/Feb/2020:11:02:23 +0100] "GET /?author=11 HTTP/1.1" 200 49 "-" "-"
52.20.28.127 - - [18/Feb/2020:11:02:24 +0100] "GET /?author=12 HTTP/1.1" 200 49 "-" "-"
52.20.28.127 - - [18/Feb/2020:11:02:24 +0100] "GET /?author=13 HTTP/1.1" 200 49 "-" "-"
52.20.28.127 - - [18/Feb/2020:11:02:24 +0100] "GET /?author=14 HTTP/1.1" 200 49 "-" "-"
52.20.28.127 - - [18/Feb/2020:11:02:25 +0100] "GET /?author=15 HTTP/1.1" 200 49 "-" "-"
52.20.28.127 - - [18/Feb/2020:11:02:25 +0100] "GET /?author=16 HTTP/1.1" 200 49 "-" "-"
52.20.28.127 - - [18/Feb/2020:11:02:26 +0100] "GET /?author=17 HTTP/1.1" 200 49 "-" "-"
52.20.28.127 - - [18/Feb/2020:11:02:27 +0100] "GET /?author=18 HTTP/1.1" 200 49 "-" "-"
52.20.28.127 - - [18/Feb/2020:11:02:27 +0100] "GET /?author=19 HTTP/1.1" 200 49 "-" "-"
52.20.28.127 - - [18/Feb/2020:11:02:27 +0100] "GET /?author=20 HTTP/1.1" 200 49 "-" "-"
52.20.28.127 - - [18/Feb/2020:11:02:28 +0100] "GET /?author=21 HTTP/1.1" 200 49 "-" "-"
52.20.28.127 - - [18/Feb/2020:11:02:28 +0100] "GET /?author=22 HTTP/1.1" 200 49 "-" "-"
52.20.28.127 - - [18/Feb/2020:11:02:29 +0100] "GET /?author=23 HTTP/1.1" 200 49 "-" "-"
52.20.28.127 - - [18/Feb/2020:11:02:29 +0100] "GET /?author=24 HTTP/1.1" 200 49 "-" "-"
52.20.28.127 - - [18/Feb/2020:11:02:30 +0100] "GET /?author=25 HTTP/1.1" 200 49 "-" "-"
52.20.28.127 - - [18/Feb/2020:11:02:31 +0100] "GET /?author=26 HTTP/1.1" 200 49 "-" "-"
52.20.28.127 - - [18/Feb/2020:11:02:31 +0100] "GET /?author=27 HTTP/1.1" 200 49 "-" "-"
52.20.28.127 - - [18/Feb/2020:11:02:31 +0100] "GET /?author=28 HTTP/1.1" 200 49 "-" "-"
52.20.28.127 - - [18/Feb/2020:11:02:31 +0100] "GET /?author=29 HTTP/1.1" 200 49 "-" "-"
52.20.28.127 - - [18/Feb/2020:11:02:31 +0100] "GET /?author=30 HTTP/1.1" 200 49 "-" "-"
52.20.28.127 - - [18/Feb/2020:11:02:32 +0100] "GET /?author=31 HTTP/1.1" 200 49 "-" "-"
52.20.28.127 - - [18/Feb/2020:11:02:32 +0100] "GET /?author=32 HTTP/1.1" 200 49 "-" "-"
52.20.28.127 - - [18/Feb/2020:11:02:33 +0100] "GET /?author=33 HTTP/1.1" 200 49 "-" "-"
52.20.28.127 - - [18/Feb/2020:11:02:34 +0100] "GET /?author=34 HTTP/1.1" 200 49 "-" "-"
52.20.28.127 - - [18/Feb/2020:11:02:34 +0100] "GET /?author=35 HTTP/1.1" 200 49 "-" "-"
52.20.28.127 - - [18/Feb/2020:11:02:34 +0100] "GET /?author=36 HTTP/1.1" 200 49 "-" "-"
46.30.45.77 - - [18/Feb/2020:11:02:34 +0100] "GET / HTTP/1.1" 200 49 "-" "-"
46.30.45.77 - - [18/Feb/2020:11:02:34 +0100] "GET //wp-json/wp/v2/users/ HTTP/1.1" 200 49 "-" "-"
46.30.45.77 - - [18/Feb/2020:11:02:34 +0100] "GET /?author=1 HTTP/1.1" 200 49 "-" "-"
46.30.45.77 - - [18/Feb/2020:11:02:34 +0100] "GET /?author=2 HTTP/1.1" 200 49 "-" "-"
46.30.45.77 - - [18/Feb/2020:11:02:34 +0100] "GET /?author=3 HTTP/1.1" 200 49 "-" "-"
46.30.45.77 - - [18/Feb/2020:11:02:34 +0100] "GET /?author=4 HTTP/1.1" 200 49 "-" "-"
46.30.45.77 - - [18/Feb/2020:11:02:34 +0100] "GET /?author=5 HTTP/1.1" 200 49 "-" "-"
46.30.45.77 - - [18/Feb/2020:11:02:34 +0100] "GET /?author=6 HTTP/1.1" 200 49 "-" "-"
46.30.45.77 - - [18/Feb/2020:11:02:34 +0100] "GET /?author=7 HTTP/1.1" 200 49 "-" "-"
46.30.45.77 - - [18/Feb/2020:11:02:34 +0100] "GET /?author=8 HTTP/1.1" 200 49 "-" "-"
46.30.45.77 - - [18/Feb/2020:11:02:34 +0100] "GET /?author=9 HTTP/1.1" 200 49 "-" "-"
46.30.45.77 - - [18/Feb/2020:11:02:34 +0100] "GET /?author=10 HTTP/1.1" 200 49 "-" "-"
46.30.45.77 - - [18/Feb/2020:11:02:34 +0100] "GET /?author=11 HTTP/1.1" 200 49 "-" "-"
46.30.45.77 - - [18/Feb/2020:11:02:34 +0100] "GET /?author=12 HTTP/1.1" 200 49 "-" "-"
46.30.45.77 - - [18/Feb/2020:11:02:34 +0100] "GET /?author=13 HTTP/1.1" 200 49 "-" "-"
46.30.45.77 - - [18/Feb/2020:11:02:34 +0100] "GET /?author=14 HTTP/1.1" 200 49 "-" "-"
52.20.28.127 - - [18/Feb/2020:11:02:34 +0100] "GET /?author=37 HTTP/1.1" 200 49 "-" "-"
46.30.45.77 - - [18/Feb/2020:11:02:34 +0100] "GET /?author=15 HTTP/1.1" 200 49 "-" "-"
46.30.45.77 - - [18/Feb/2020:11:02:34 +0100] "GET /?author=16 HTTP/1.1" 200 49 "-" "-"
46.30.45.77 - - [18/Feb/2020:11:02:34 +0100] "GET /?author=17 HTTP/1.1" 200 49 "-" "-"
46.30.45.77 - - [18/Feb/2020:11:02:34 +0100] "GET /?author=18 HTTP/1.1" 200 49 "-" "-"
46.30.45.77 - - [18/Feb/2020:11:02:34 +0100] "GET /?author=19 HTTP/1.1" 200 49 "-" "-"
46.30.45.77 - - [18/Feb/2020:11:02:34 +0100] "GET /?author=20 HTTP/1.1" 200 49 "-" "-"
46.30.45.77 - - [18/Feb/2020:11:02:34 +0100] "GET /?author=21 HTTP/1.1" 200 49 "-" "-"
46.30.45.77 - - [18/Feb/2020:11:02:34 +0100] "GET /?author=22 HTTP/1.1" 200 49 "-" "-"
46.30.45.77 - - [18/Feb/2020:11:02:34 +0100] "GET /?author=23 HTTP/1.1" 200 49 "-" "-"
46.30.45.77 - - [18/Feb/2020:11:02:34 +0100] "GET /?author=24 HTTP/1.1" 200 49 "-" "-"
46.30.45.77 - - [18/Feb/2020:11:02:34 +0100] "GET /?author=25 HTTP/1.1" 200 49 "-" "-"
46.30.45.77 - - [18/Feb/2020:11:02:35 +0100] "GET /?author=26 HTTP/1.1" 200 49 "-" "-"
46.30.45.77 - - [18/Feb/2020:11:02:35 +0100] "GET /?author=27 HTTP/1.1" 200 49 "-" "-"
46.30.45.77 - - [18/Feb/2020:11:02:35 +0100] "GET /?author=28 HTTP/1.1" 200 49 "-" "-"
46.30.45.77 - - [18/Feb/2020:11:02:35 +0100] "GET /?author=29 HTTP/1.1" 200 49 "-" "-"
46.30.45.77 - - [18/Feb/2020:11:02:35 +0100] "GET /?author=30 HTTP/1.1" 200 49 "-" "-"
46.30.45.77 - - [18/Feb/2020:11:02:35 +0100] "GET /?author=31 HTTP/1.1" 200 49 "-" "-"
46.30.45.77 - - [18/Feb/2020:11:02:35 +0100] "GET /?author=32 HTTP/1.1" 200 49 "-" "-"
46.30.45.77 - - [18/Feb/2020:11:02:35 +0100] "GET /?author=33 HTTP/1.1" 200 49 "-" "-"
46.30.45.77 - - [18/Feb/2020:11:02:35 +0100] "GET /?author=34 HTTP/1.1" 200 49 "-" "-"
46.30.45.77 - - [18/Feb/2020:11:02:35 +0100] "GET /?author=35 HTTP/1.1" 200 49 "-" "-"
46.30.45.77 - - [18/Feb/2020:11:02:35 +0100] "GET /?author=36 HTTP/1.1" 200 49 "-" "-"
46.30.45.77 - - [18/Feb/2020:11:02:35 +0100] "GET /?author=37 HTTP/1.1" 200 49 "-" "-"
46.30.45.77 - - [18/Feb/2020:11:02:35 +0100] "GET /?author=38 HTTP/1.1" 200 49 "-" "-"
46.30.45.77 - - [18/Feb/2020:11:02:35 +0100] "GET /?author=39 HTTP/1.1" 200 49 "-" "-"
46.30.45.77 - - [18/Feb/2020:11:02:35 +0100] "GET /?author=40 HTTP/1.1" 200 49 "-" "-"
46.30.45.77 - - [18/Feb/2020:11:02:35 +0100] "GET /?author=41 HTTP/1.1" 200 49 "-" "-"
46.30.45.77 - - [18/Feb/2020:11:02:35 +0100] "GET /?author=42 HTTP/1.1" 200 49 "-" "-"
46.30.45.77 - - [18/Feb/2020:11:02:35 +0100] "GET /?author=43 HTTP/1.1" 200 49 "-" "-"
46.30.45.77 - - [18/Feb/2020:11:02:35 +0100] "GET /?author=44 HTTP/1.1" 200 49 "-" "-"
46.30.45.77 - - [18/Feb/2020:11:02:35 +0100] "GET /?author=45 HTTP/1.1" 200 49 "-" "-"
46.30.45.77 - - [18/Feb/2020:11:02:35 +0100] "GET /?author=46 HTTP/1.1" 200 49 "-" "-"
46.30.45.77 - - [18/Feb/2020:11:02:35 +0100] "GET /?author=47 HTTP/1.1" 200 49 "-" "-"
46.30.45.77 - - [18/Feb/2020:11:02:35 +0100] "GET /?author=48 HTTP/1.1" 200 49 "-" "-"
46.30.45.77 - - [18/Feb/2020:11:02:35 +0100] "GET /?author=49 HTTP/1.1" 200 49 "-" "-"
46.30.45.77 - - [18/Feb/2020:11:02:35 +0100] "GET /?author=50 HTTP/1.1" 200 49 "-" "-"
46.30.45.77 - - [18/Feb/2020:11:02:35 +0100] "GET /?author=51 HTTP/1.1" 200 49 "-" "-"
46.30.45.77 - - [18/Feb/2020:11:02:35 +0100] "GET /?author=52 HTTP/1.1" 200 49 "-" "-"
46.30.45.77 - - [18/Feb/2020:11:02:35 +0100] "GET /?author=53 HTTP/1.1" 200 49 "-" "-"
46.30.45.77 - - [18/Feb/2020:11:02:35 +0100] "GET /?author=54 HTTP/1.1" 200 49 "-" "-"
46.30.45.77 - - [18/Feb/2020:11:02:35 +0100] "GET /?author=55 HTTP/1.1" 200 49 "-" "-"
46.30.45.77 - - [18/Feb/2020:11:02:35 +0100] "GET /?author=56 HTTP/1.1" 200 49 "-" "-"
46.30.45.77 - - [18/Feb/2020:11:02:35 +0100] "GET /?author=57 HTTP/1.1" 200 49 "-" "-"
46.30.45.77 - - [18/Feb/2020:11:02:35 +0100] "GET /?author=58 HTTP/1.1" 200 49 "-" "-"
46.30.45.77 - - [18/Feb/2020:11:02:35 +0100] "GET /?author=59 HTTP/1.1" 200 49 "-" "-"
52.20.28.127 - - [18/Feb/2020:11:02:35 +0100] "GET /?author=38 HTTP/1.1" 200 49 "-" "-"
52.20.28.127 - - [18/Feb/2020:11:02:35 +0100] "GET /?author=39 HTTP/1.1" 200 49 "-" "-"
52.20.28.127 - - [18/Feb/2020:11:02:36 +0100] "GET /?author=40 HTTP/1.1" 200 49 "-" "-"
52.20.28.127 - - [18/Feb/2020:11:02:36 +0100] "GET /?author=41 HTTP/1.1" 200 49 "-" "-"
52.20.28.127 - - [18/Feb/2020:11:02:36 +0100] "GET /?author=42 HTTP/1.1" 200 49 "-" "-"
52.20.28.127 - - [18/Feb/2020:11:02:36 +0100] "GET /?author=43 HTTP/1.1" 200 49 "-" "-"
52.20.28.127 - - [18/Feb/2020:11:02:36 +0100] "GET /?author=44 HTTP/1.1" 200 49 "-" "-"
52.20.28.127 - - [18/Feb/2020:11:02:37 +0100] "GET /?author=45 HTTP/1.1" 200 49 "-" "-"
52.20.28.127 - - [18/Feb/2020:11:02:37 +0100] "GET /?author=46 HTTP/1.1" 200 49 "-" "-"
52.20.28.127 - - [18/Feb/2020:11:02:37 +0100] "GET /?author=47 HTTP/1.1" 200 49 "-" "-"
52.20.28.127 - - [18/Feb/2020:11:02:37 +0100] "GET /?author=48 HTTP/1.1" 200 49 "-" "-"
52.20.28.127 - - [18/Feb/2020:11:02:38 +0100] "GET /?author=49 HTTP/1.1" 200 49 "-" "-"
52.20.28.127 - - [18/Feb/2020:11:02:38 +0100] "GET /?author=50 HTTP/1.1" 200 49 "-" "-"
52.20.28.127 - - [18/Feb/2020:11:02:38 +0100] "GET /?author=51 HTTP/1.1" 200 49 "-" "-"
52.20.28.127 - - [18/Feb/2020:11:02:38 +0100] "GET /?author=52 HTTP/1.1" 200 49 "-" "-"
52.20.28.127 - - [18/Feb/2020:11:02:39 +0100] "GET /?author=53 HTTP/1.1" 200 49 "-" "-"
52.20.28.127 - - [18/Feb/2020:11:02:39 +0100] "GET /?author=54 HTTP/1.1" 200 49 "-" "-"
52.20.28.127 - - [18/Feb/2020:11:02:39 +0100] "GET /?author=55 HTTP/1.1" 200 49 "-" "-"
52.20.28.127 - - [18/Feb/2020:11:02:40 +0100] "GET /?author=56 HTTP/1.1" 200 49 "-" "-"
52.20.28.127 - - [18/Feb/2020:11:02:40 +0100] "GET /?author=57 HTTP/1.1" 200 49 "-" "-"
52.20.28.127 - - [18/Feb/2020:11:02:41 +0100] "GET /?author=58 HTTP/1.1" 200 49 "-" "-"
52.20.28.127 - - [18/Feb/2020:11:02:42 +0100] "GET /?author=59 HTTP/1.1" 200 49 "-" "-"
207.46.13.95 - - [18/Feb/2020:16:34:05 +0100] "GET / HTTP/1.1" 200 49 "-" "Mozilla/5.0 (compatible; bingbot/2.0; +http://www.bing.com/bingbot.htm)"
31.13.127.23 - - [18/Feb/2020:17:41:30 +0100] "GET /contact HTTP/1.1" 206 49 "-" "facebookexternalhit/1.1 (+http://www.facebook.com/externalhit_uatext.php)"
31.13.127.11 - - [18/Feb/2020:17:41:30 +0100] "GET /about HTTP/1.1" 206 49 "-" "facebookexternalhit/1.1 (+http://www.facebook.com/externalhit_uatext.php)"
216.244.66.238 - - [18/Feb/2020:18:15:29 +0100] "GET /robots.txt HTTP/1.1" 200 49 "-" "Mozilla/5.0 (compatible; DotBot/1.1; http://www.opensiteexplorer.org/dotbot, help@moz.com)"
31.13.115.27 - - [18/Feb/2020:21:19:16 +0100] "GET /contact HTTP/1.1" 206 49 "-" "facebookexternalhit/1.1 (+http://www.facebook.com/externalhit_uatext.php)"
31.13.115.25 - - [18/Feb/2020:21:19:16 +0100] "GET /about HTTP/1.1" 206 49 "-" "facebookexternalhit/1.1 (+http://www.facebook.com/externalhit_uatext.php)"
220.181.51.112 - - [19/Feb/2020:07:37:27 +0100] "GET /robots.txt HTTP/1.1" 200 49 "-" "Mozilla/5.0 (Windows NT 10.0; WOW64) AppleWebKit/537.36 (KHTML, like Gecko) Chrome/48.0.2564.116 Safari/537.36"
31.13.115.8 - - [19/Feb/2020:11:21:04 +0100] "GET /about HTTP/1.1" 206 49 "-" "facebookexternalhit/1.1 (+http://www.facebook.com/externalhit_uatext.php)"
31.13.115.16 - - [19/Feb/2020:11:21:04 +0100] "GET /contact HTTP/1.1" 206 49 "-" "facebookexternalhit/1.1 (+http://www.facebook.com/externalhit_uatext.php)"
207.46.13.95 - - [19/Feb/2020:12:14:26 +0100] "GET / HTTP/1.1" 200 49 "-" "Mozilla/5.0 (compatible; bingbot/2.0; +http://www.bing.com/bingbot.htm)"
176.31.116.194 - - [19/Feb/2020:12:41:10 +0100] "POST /wp-cron.php?doing_wp_cron=1582112470.2955460548400878906250 HTTP/1.1" 200 - "http://megastore.7uptheme.net/wp-cron.php?doing_wp_cron=1582112470.2955460548400878906250" "WordPress/5.1.4; https://megastore.7uptheme.net"
50.87.248.20 - - [19/Feb/2020:12:41:09 +0100] "HEAD /wp-admin/ HTTP/1.1" 302 - "https://vshoped.com" "Mozilla/5.0 (Windows NT 10.0; Win64; x64) AppleWebKit/537.36 (KHTML, like Gecko) Chrome/70.0.3538.102 Safari/537.36"
35.157.32.153 - - [19/Feb/2020:12:54:50 +0100] "GET / HTTP/1.1" 200 49 "-" "Mozilla/5.0 (Windows NT 10.0; Win64; x64) AppleWebKit/537.36 (KHTML, like Gecko) Chrome/80.0.3987.116 Safari/537.36"
35.157.32.153 - - [19/Feb/2020:12:54:50 +0100] "GET / HTTP/1.1" 200 49 "-" "Mozilla/5.0 (Windows NT 10.0; Win64; x64) AppleWebKit/537.36 (KHTML, like Gecko) Chrome/80.0.3987.116 Safari/537.36"
216.244.66.238 - - [19/Feb/2020:19:10:31 +0100] "GET /robots.txt HTTP/1.1" 200 49 "-" "Mozilla/5.0 (compatible; DotBot/1.1; http://www.opensiteexplorer.org/dotbot, help@moz.com)"
31.13.115.4 - - [19/Feb/2020:19:13:07 +0100] "GET /contact HTTP/1.1" 206 49 "-" "facebookexternalhit/1.1 (+http://www.facebook.com/externalhit_uatext.php)"
31.13.115.23 - - [19/Feb/2020:19:13:07 +0100] "GET /about HTTP/1.1" 206 49 "-" "facebookexternalhit/1.1 (+http://www.facebook.com/externalhit_uatext.php)"
157.55.39.1 - - [20/Feb/2020:01:22:29 +0100] "GET /robots.txt HTTP/1.1" 200 49 "-" "Mozilla/5.0 (compatible; bingbot/2.0; +http://www.bing.com/bingbot.htm)"
207.46.13.95 - - [20/Feb/2020:01:22:34 +0100] "GET / HTTP/1.1" 200 49 "-" "Mozilla/5.0 (compatible; bingbot/2.0; +http://www.bing.com/bingbot.htm)"
31.13.115.16 - - [20/Feb/2020:11:46:46 +0100] "GET /contact HTTP/1.1" 206 49 "-" "facebookexternalhit/1.1 (+http://www.facebook.com/externalhit_uatext.php)"
31.13.115.25 - - [20/Feb/2020:11:46:46 +0100] "GET /about HTTP/1.1" 206 49 "-" "facebookexternalhit/1.1 (+http://www.facebook.com/externalhit_uatext.php)"
40.77.167.125 - - [20/Feb/2020:13:16:53 +0100] "GET / HTTP/1.1" 200 49 "-" "Mozilla/5.0 (compatible; bingbot/2.0; +http://www.bing.com/bingbot.htm)"
216.244.66.238 - - [20/Feb/2020:15:10:23 +0100] "GET /product-tag/fashion/?number=9 HTTP/1.1" 200 49 "-" "Mozilla/5.0 (compatible; DotBot/1.1; http://www.opensiteexplorer.org/dotbot, help@moz.com)"
216.244.66.238 - - [20/Feb/2020:15:23:31 +0100] "GET /about/ HTTP/1.1" 200 49 "-" "Mozilla/5.0 (compatible; DotBot/1.1; http://www.opensiteexplorer.org/dotbot, help@moz.com)"
216.244.66.238 - - [20/Feb/2020:19:32:19 +0100] "GET /product/lakeside/feed/ HTTP/1.1" 200 49 "-" "Mozilla/5.0 (compatible; DotBot/1.1; http://www.opensiteexplorer.org/dotbot, help@moz.com)"
216.244.66.238 - - [20/Feb/2020:19:40:19 +0100] "GET /robots.txt HTTP/1.1" 200 49 "-" "Mozilla/5.0 (compatible; DotBot/1.1; http://www.opensiteexplorer.org/dotbot, help@moz.com)"
216.244.66.238 - - [20/Feb/2020:20:13:01 +0100] "GET /product/tablet-samsung/feed/ HTTP/1.1" 200 49 "-" "Mozilla/5.0 (compatible; DotBot/1.1; http://www.opensiteexplorer.org/dotbot, help@moz.com)"
216.244.66.238 - - [20/Feb/2020:21:43:54 +0100] "GET /contact/ HTTP/1.1" 200 49 "-" "Mozilla/5.0 (compatible; DotBot/1.1; http://www.opensiteexplorer.org/dotbot, help@moz.com)"
95.108.213.57 - - [21/Feb/2020:00:25:04 +0100] "GET /robots.txt HTTP/1.1" 200 49 "-" "Mozilla/5.0 (compatible; YandexBot/3.0; +http://yandex.com/bots)"
141.8.142.149 - - [21/Feb/2020:00:25:08 +0100] "GET / HTTP/1.1" 200 49 "-" "Mozilla/5.0 (compatible; YandexBot/3.0; +http://yandex.com/bots)"
31.13.115.23 - - [21/Feb/2020:02:32:05 +0100] "GET /contact HTTP/1.1" 206 49 "-" "facebookexternalhit/1.1 (+http://www.facebook.com/externalhit_uatext.php)"
31.13.115.21 - - [21/Feb/2020:02:32:06 +0100] "GET /about HTTP/1.1" 206 49 "-" "facebookexternalhit/1.1 (+http://www.facebook.com/externalhit_uatext.php)"
66.249.69.205 - - [21/Feb/2020:05:06:13 +0100] "GET /robots.txt HTTP/1.1" 200 49 "-" "Mozilla/5.0 (compatible; Googlebot/2.1; +http://www.google.com/bot.html)"
66.249.69.209 - - [21/Feb/2020:05:06:13 +0100] "GET / HTTP/1.1" 200 49 "-" "Mozilla/5.0 (Linux; Android 6.0.1; Nexus 5X Build/MMB29P) AppleWebKit/537.36 (KHTML, like Gecko) Chrome/41.0.2272.96 Mobile Safari/537.36 (compatible; Googlebot/2.1; +http://www.google.com/bot.html)"
207.46.13.84 - - [21/Feb/2020:11:17:44 +0100] "GET /robots.txt HTTP/1.1" 200 49 "-" "msnbot/2.0b (+http://search.msn.com/msnbot.htm)"
40.77.167.27 - - [21/Feb/2020:11:42:28 +0100] "GET / HTTP/1.1" 200 49 "-" "Mozilla/5.0 (compatible; bingbot/2.0; +http://www.bing.com/bingbot.htm)"
31.13.115.19 - - [21/Feb/2020:15:34:46 +0100] "GET /about HTTP/1.1" 206 49 "-" "facebookexternalhit/1.1 (+http://www.facebook.com/externalhit_uatext.php)"
31.13.115.2 - - [21/Feb/2020:15:34:46 +0100] "GET /contact HTTP/1.1" 206 49 "-" "facebookexternalhit/1.1 (+http://www.facebook.com/externalhit_uatext.php)"
40.77.167.20 - - [21/Feb/2020:22:25:21 +0100] "GET /robots.txt HTTP/1.1" 200 49 "-" "msnbot/2.0b (+http://search.msn.com/msnbot.htm)"
216.244.66.238 - - [22/Feb/2020:01:57:11 +0100] "GET /robots.txt HTTP/1.1" 200 49 "-" "Mozilla/5.0 (compatible; DotBot/1.1; http://www.opensiteexplorer.org/dotbot, help@moz.com)"
31.13.115.2 - - [22/Feb/2020:06:00:39 +0100] "GET /contact HTTP/1.1" 206 49 "-" "facebookexternalhit/1.1 (+http://www.facebook.com/externalhit_uatext.php)"
31.13.115.20 - - [22/Feb/2020:06:00:39 +0100] "GET /about HTTP/1.1" 206 49 "-" "facebookexternalhit/1.1 (+http://www.facebook.com/externalhit_uatext.php)"
157.55.39.1 - - [22/Feb/2020:11:16:05 +0100] "GET /robots.txt HTTP/1.1" 200 49 "-" "Mozilla/5.0 (compatible; bingbot/2.0; +http://www.bing.com/bingbot.htm)"
40.77.167.20 - - [22/Feb/2020:11:16:10 +0100] "GET /robots.txt HTTP/1.1" 200 49 "-" "msnbot/2.0b (+http://search.msn.com/msnbot.htm)"
157.55.39.213 - - [22/Feb/2020:12:18:10 +0100] "GET / HTTP/1.1" 200 49 "-" "Mozilla/5.0 (compatible; bingbot/2.0; +http://www.bing.com/bingbot.htm)"
50.87.248.20 - - [22/Feb/2020:12:47:47 +0100] "HEAD /wp-admin/ HTTP/1.1" 302 - "https://vshoped.com" "Mozilla/5.0 (Windows NT 10.0; Win64; x64) AppleWebKit/537.36 (KHTML, like Gecko) Chrome/70.0.3538.102 Safari/537.36"
176.31.116.194 - - [22/Feb/2020:12:47:50 +0100] "POST /wp-cron.php?doing_wp_cron=1582372070.0787720680236816406250 HTTP/1.1" 200 - "http://megastore.7uptheme.net/wp-cron.php?doing_wp_cron=1582372070.0787720680236816406250" "WordPress/5.1.4; https://megastore.7uptheme.net"
31.13.115.5 - - [22/Feb/2020:14:50:26 +0100] "GET /contact HTTP/1.1" 206 49 "-" "facebookexternalhit/1.1 (+http://www.facebook.com/externalhit_uatext.php)"
31.13.115.12 - - [22/Feb/2020:14:50:26 +0100] "GET /about HTTP/1.1" 206 49 "-" "facebookexternalhit/1.1 (+http://www.facebook.com/externalhit_uatext.php)"
216.244.66.238 - - [22/Feb/2020:17:24:59 +0100] "GET /product-tag/men/?add-to-cart=107 HTTP/1.1" 200 49 "-" "Mozilla/5.0 (compatible; DotBot/1.1; http://www.opensiteexplorer.org/dotbot, help@moz.com)"
216.244.66.238 - - [22/Feb/2020:17:25:02 +0100] "GET /product-tag/mobile/?add-to-cart=105 HTTP/1.1" 200 49 "-" "Mozilla/5.0 (compatible; DotBot/1.1; http://www.opensiteexplorer.org/dotbot, help@moz.com)"
216.244.66.238 - - [22/Feb/2020:18:47:20 +0100] "GET /product-tag/fashion/?add-to-cart=335 HTTP/1.1" 200 49 "-" "Mozilla/5.0 (compatible; DotBot/1.1; http://www.opensiteexplorer.org/dotbot, help@moz.com)"
144.168.162.250 - - [22/Feb/2020:22:45:26 +0100] "GET / HTTP/1.1" 200 49 "-" "Mozilla/5.0 (Windows NT 6.1; WOW64) AppleWebKit/537.36 (KHTML, like Gecko) Chrome/34.0.1847.131 Safari/537.36"
216.244.66.238 - - [23/Feb/2020:03:34:19 +0100] "GET /robots.txt HTTP/1.1" 200 49 "-" "Mozilla/5.0 (compatible; DotBot/1.1; http://www.opensiteexplorer.org/dotbot, help@moz.com)"
157.55.39.1 - - [23/Feb/2020:05:39:34 +0100] "GET /robots.txt HTTP/1.1" 200 49 "-" "Mozilla/5.0 (compatible; bingbot/2.0; +http://www.bing.com/bingbot.htm)"
157.55.39.213 - - [23/Feb/2020:07:22:01 +0100] "GET / HTTP/1.1" 200 49 "-" "Mozilla/5.0 (compatible; bingbot/2.0; +http://www.bing.com/bingbot.htm)"
79.114.212.4 - - [23/Feb/2020:09:02:06 +0100] "GET / HTTP/1.1" 200 49 "http://every-lang-seo.com" "Mozilla/5.0 (Windows NT 10.0; Win64; x64) AppleWebKit/537.36 (KHTML, like Gecko) Chrome/74.0.3729.169 Safari/537.36"
31.13.115.9 - - [23/Feb/2020:10:44:05 +0100] "GET /about HTTP/1.1" 206 49 "-" "facebookexternalhit/1.1 (+http://www.facebook.com/externalhit_uatext.php)"
31.13.115.16 - - [23/Feb/2020:10:44:05 +0100] "GET /contact HTTP/1.1" 206 49 "-" "facebookexternalhit/1.1 (+http://www.facebook.com/externalhit_uatext.php)"
157.55.39.213 - - [23/Feb/2020:20:32:28 +0100] "GET / HTTP/1.1" 200 49 "-" "Mozilla/5.0 (compatible; bingbot/2.0; +http://www.bing.com/bingbot.htm)"
34.234.54.252 - - [23/Feb/2020:22:22:43 +0100] "GET /robots.txt HTTP/1.1" 200 49 "-" "Mozilla/5.0 (Windows NT 10.0; Win64; x64) AppleWebKit/537.36 (KHTML, like Gecko) Chrome/68.0.3440.75 Safari/537.36 (compatible; SMTBot/1.0; +http://www.similartech.com/smtbot)"
34.234.54.252 - - [23/Feb/2020:22:22:43 +0100] "GET / HTTP/1.1" 200 49 "-" "Mozilla/5.0 (Windows NT 10.0; Win64; x64) AppleWebKit/537.36 (KHTML, like Gecko) Chrome/68.0.3440.75 Safari/537.36 (compatible; SMTBot/1.0; +http://www.similartech.com/smtbot)"
34.234.54.252 - - [23/Feb/2020:22:22:44 +0100] "GET / HTTP/1.1" 200 49 "-" "Mozilla/5.0 (iPhone; CPU iPhone OS 6_0 like Mac OS X) AppleWebKit/536.26 (KHTML, like Gecko) Version/6.0 Mobile/10A5376e Safari/8536.25 (compatible; SMTBot/1.0; +http://www.similartech.com/smtbot)"
34.234.54.252 - - [23/Feb/2020:22:22:45 +0100] "GET / HTTP/1.1" 200 49 "-" "Mozilla/5.0 (Windows NT 10.0; Win64; x64) AppleWebKit/537.36 (KHTML, like Gecko) Chrome/68.0.3440.75 Safari/537.36 (compatible; SMTBot/1.0; http://www.similartech.com/smtbot)"
34.234.54.252 - - [23/Feb/2020:22:22:46 +0100] "GET /ads.txt HTTP/1.1" 200 49 "-" "Mozilla/5.0 (Windows NT 10.0; Win64; x64) AppleWebKit/537.36 (KHTML, like Gecko) Chrome/68.0.3440.75 Safari/537.36 (compatible; SMTBot/1.0; +http://www.similartech.com/smtbot)"
216.244.66.238 - - [24/Feb/2020:01:33:18 +0100] "GET /product-tag/fashion/?pa_size=xl HTTP/1.1" 200 49 "-" "Mozilla/5.0 (compatible; DotBot/1.1; http://www.opensiteexplorer.org/dotbot, help@moz.com)"
157.55.39.1 - - [24/Feb/2020:03:24:28 +0100] "GET /robots.txt HTTP/1.1" 200 49 "-" "Mozilla/5.0 (compatible; bingbot/2.0; +http://www.bing.com/bingbot.htm)"
40.77.167.20 - - [24/Feb/2020:03:24:42 +0100] "GET /robots.txt HTTP/1.1" 200 49 "-" "msnbot/2.0b (+http://search.msn.com/msnbot.htm)"
31.13.115.15 - - [24/Feb/2020:04:59:18 +0100] "GET /about HTTP/1.1" 206 49 "-" "facebookexternalhit/1.1 (+http://www.facebook.com/externalhit_uatext.php)"
31.13.115.2 - - [24/Feb/2020:04:59:19 +0100] "GET /contact HTTP/1.1" 206 49 "-" "facebookexternalhit/1.1 (+http://www.facebook.com/externalhit_uatext.php)"
66.249.76.79 - - [24/Feb/2020:07:06:31 +0100] "GET /robots.txt HTTP/1.1" 200 49 "-" "Mozilla/5.0 (compatible; Googlebot/2.1; +http://www.google.com/bot.html)"
66.249.76.79 - - [24/Feb/2020:07:06:32 +0100] "GET /rjhmwivyfuywkv.html HTTP/1.1" 200 49 "-" "Mozilla/5.0 (compatible; Googlebot/2.1; +http://www.google.com/bot.html)"
157.55.39.213 - - [24/Feb/2020:07:54:56 +0100] "GET / HTTP/1.1" 200 49 "-" "Mozilla/5.0 (compatible; bingbot/2.0; +http://www.bing.com/bingbot.htm)"
31.13.127.18 - - [24/Feb/2020:08:48:03 +0100] "GET /about HTTP/1.1" 206 49 "-" "facebookexternalhit/1.1 (+http://www.facebook.com/externalhit_uatext.php)"
31.13.127.6 - - [24/Feb/2020:08:48:03 +0100] "GET /contact HTTP/1.1" 206 49 "-" "facebookexternalhit/1.1 (+http://www.facebook.com/externalhit_uatext.php)"
216.244.66.238 - - [24/Feb/2020:09:34:25 +0100] "GET /robots.txt HTTP/1.1" 200 49 "-" "Mozilla/5.0 (compatible; DotBot/1.1; http://www.opensiteexplorer.org/dotbot, help@moz.com)"
31.13.115.5 - - [24/Feb/2020:17:31:13 +0100] "GET /contact HTTP/1.1" 206 49 "-" "facebookexternalhit/1.1 (+http://www.facebook.com/externalhit_uatext.php)"
31.13.115.30 - - [24/Feb/2020:17:31:13 +0100] "GET /about HTTP/1.1" 206 49 "-" "facebookexternalhit/1.1 (+http://www.facebook.com/externalhit_uatext.php)"
31.13.127.24 - - [24/Feb/2020:20:00:30 +0100] "GET /about HTTP/1.1" 206 49 "-" "facebookexternalhit/1.1 (+http://www.facebook.com/externalhit_uatext.php)"
31.13.127.7 - - [24/Feb/2020:20:00:30 +0100] "GET /contact HTTP/1.1" 206 49 "-" "facebookexternalhit/1.1 (+http://www.facebook.com/externalhit_uatext.php)"
157.55.39.195 - - [24/Feb/2020:21:33:14 +0100] "GET /robots.txt HTTP/1.1" 200 49 "-" "msnbot/2.0b (+http://search.msn.com/msnbot.htm)"
157.55.39.1 - - [25/Feb/2020:05:59:41 +0100] "GET /robots.txt HTTP/1.1" 200 49 "-" "Mozilla/5.0 (compatible; bingbot/2.0; +http://www.bing.com/bingbot.htm)"
31.13.115.11 - - [25/Feb/2020:06:49:39 +0100] "GET /contact HTTP/1.1" 206 49 "-" "facebookexternalhit/1.1 (+http://www.facebook.com/externalhit_uatext.php)"
31.13.115.21 - - [25/Feb/2020:06:49:39 +0100] "GET /about HTTP/1.1" 206 49 "-" "facebookexternalhit/1.1 (+http://www.facebook.com/externalhit_uatext.php)"
157.55.39.232 - - [25/Feb/2020:10:20:35 +0100] "GET / HTTP/1.1" 200 49 "-" "Mozilla/5.0 (compatible; bingbot/2.0; +http://www.bing.com/bingbot.htm)"
139.59.32.128 - - [25/Feb/2020:10:49:06 +0100] "GET /wp-login.php HTTP/1.1" 302 - "-" "Mozilla/5.0 (X11; Ubuntu; Linux x86_64; rv:62.0) Gecko/20100101 Firefox/62.0"
139.59.32.128 - - [25/Feb/2020:10:49:22 +0100] "GET ///?author=1 HTTP/1.1" 200 49 "-" "Mozilla/5.0 (X11; Ubuntu; Linux x86_64; rv:62.0) Gecko/20100101 Firefox/62.0"
139.59.32.128 - - [25/Feb/2020:10:49:28 +0100] "GET ///wp-json/wp/v2/users/ HTTP/1.1" 200 49 "-" "Mozilla/5.0 (X11; Ubuntu; Linux x86_64; rv:62.0) Gecko/20100101 Firefox/62.0"
176.31.116.194 - - [25/Feb/2020:10:49:07 +0100] "POST /wp-cron.php?doing_wp_cron=1582624147.3368549346923828125000 HTTP/1.1" 200 - "http://megastore.7uptheme.net/wp-cron.php?doing_wp_cron=1582624147.3368549346923828125000" "WordPress/5.1.4; https://megastore.7uptheme.net"
176.31.116.194 - - [25/Feb/2020:12:54:56 +0100] "POST /wp-cron.php?doing_wp_cron=1582631696.0376040935516357421875 HTTP/1.1" 200 - "http://megastore.7uptheme.net/wp-cron.php?doing_wp_cron=1582631696.0376040935516357421875" "WordPress/5.1.4; https://megastore.7uptheme.net"
50.87.248.20 - - [25/Feb/2020:12:54:55 +0100] "HEAD /wp-admin/ HTTP/1.1" 302 - "https://vshoped.com" "Mozilla/5.0 (Windows NT 10.0; Win64; x64) AppleWebKit/537.36 (KHTML, like Gecko) Chrome/70.0.3538.102 Safari/537.36"
46.17.203.253 - - [25/Feb/2020:13:15:17 +0100] "GET /robots.txt HTTP/1.1" 200 49 "-" "Mozilla/5.0 (compatible; Konturbot/1.0; +http://kontur.ru; n.ilinykh@skbkontur.ru)"
46.17.203.253 - - [25/Feb/2020:13:15:17 +0100] "GET / HTTP/1.1" 200 49 "-" "Mozilla/5.0 (compatible; Konturbot/1.0; +http://kontur.ru; n.ilinykh@skbkontur.ru)"
216.244.66.238 - - [25/Feb/2020:13:19:31 +0100] "GET /robots.txt HTTP/1.1" 200 49 "-" "Mozilla/5.0 (compatible; DotBot/1.1; http://www.opensiteexplorer.org/dotbot, help@moz.com)"
31.13.127.14 - - [25/Feb/2020:14:24:08 +0100] "GET /about HTTP/1.1" 206 49 "-" "facebookexternalhit/1.1 (+http://www.facebook.com/externalhit_uatext.php)"
31.13.127.16 - - [25/Feb/2020:14:24:08 +0100] "GET /contact HTTP/1.1" 206 49 "-" "facebookexternalhit/1.1 (+http://www.facebook.com/externalhit_uatext.php)"
216.244.66.238 - - [25/Feb/2020:18:54:51 +0100] "GET /product-tag/food/?add-to-cart=107 HTTP/1.1" 200 49 "-" "Mozilla/5.0 (compatible; DotBot/1.1; http://www.opensiteexplorer.org/dotbot, help@moz.com)"
31.13.115.16 - - [25/Feb/2020:18:57:03 +0100] "GET /about HTTP/1.1" 206 49 "-" "facebookexternalhit/1.1 (+http://www.facebook.com/externalhit_uatext.php)"
31.13.115.11 - - [25/Feb/2020:18:57:03 +0100] "GET /contact HTTP/1.1" 206 49 "-" "facebookexternalhit/1.1 (+http://www.facebook.com/externalhit_uatext.php)"
216.244.66.238 - - [25/Feb/2020:19:40:17 +0100] "GET /product-tag/fashion/?pa_color=green HTTP/1.1" 200 49 "-" "Mozilla/5.0 (compatible; DotBot/1.1; http://www.opensiteexplorer.org/dotbot, help@moz.com)"
34.234.54.252 - - [25/Feb/2020:21:18:37 +0100] "GET / HTTP/1.1" 200 49 "-" "Mozilla/5.0 (Windows NT 10.0; Win64; x64) AppleWebKit/537.36 (KHTML, like Gecko) Chrome/68.0.3440.75 Safari/537.36 (compatible; SMTBot/1.0; +http://www.similartech.com/smtbot)"
34.234.54.252 - - [25/Feb/2020:21:18:37 +0100] "GET / HTTP/1.1" 200 49 "-" "Mozilla/5.0 (Windows NT 10.0; Win64; x64) AppleWebKit/537.36 (KHTML, like Gecko) Chrome/68.0.3440.75 Safari/537.36 (compatible; SMTBot/1.0; +http://www.similartech.com/smtbot)"
34.234.54.252 - - [25/Feb/2020:21:18:39 +0100] "GET / HTTP/1.1" 200 49 "-" "Mozilla/5.0 (iPhone; CPU iPhone OS 6_0 like Mac OS X) AppleWebKit/536.26 (KHTML, like Gecko) Version/6.0 Mobile/10A5376e Safari/8536.25 (compatible; SMTBot/1.0; +http://www.similartech.com/smtbot)"
34.234.54.252 - - [25/Feb/2020:21:18:39 +0100] "GET / HTTP/1.1" 200 49 "-" "Mozilla/5.0 (Windows NT 10.0; Win64; x64) AppleWebKit/537.36 (KHTML, like Gecko) Chrome/68.0.3440.75 Safari/537.36 (compatible; SMTBot/1.0; http://www.similartech.com/smtbot)"
34.234.54.252 - - [25/Feb/2020:21:18:41 +0100] "GET /ads.txt HTTP/1.1" 200 49 "-" "Mozilla/5.0 (Windows NT 10.0; Win64; x64) AppleWebKit/537.36 (KHTML, like Gecko) Chrome/68.0.3440.75 Safari/537.36 (compatible; SMTBot/1.0; +http://www.similartech.com/smtbot)"
157.55.39.1 - - [25/Feb/2020:23:31:24 +0100] "GET /robots.txt HTTP/1.1" 200 49 "-" "Mozilla/5.0 (compatible; bingbot/2.0; +http://www.bing.com/bingbot.htm)"
207.46.13.130 - - [25/Feb/2020:23:31:28 +0100] "GET /robots.txt HTTP/1.1" 200 49 "-" "msnbot/2.0b (+http://search.msn.com/msnbot.htm)"
157.55.39.232 - - [26/Feb/2020:00:31:34 +0100] "GET / HTTP/1.1" 200 49 "-" "Mozilla/5.0 (compatible; bingbot/2.0; +http://www.bing.com/bingbot.htm)"
216.244.66.238 - - [26/Feb/2020:04:07:49 +0100] "GET /product-tag/watch/?add-to-cart=193 HTTP/1.1" 200 49 "-" "Mozilla/5.0 (compatible; DotBot/1.1; http://www.opensiteexplorer.org/dotbot, help@moz.com)"
31.13.115.23 - - [26/Feb/2020:10:14:07 +0100] "GET /contact HTTP/1.1" 206 49 "-" "facebookexternalhit/1.1 (+http://www.facebook.com/externalhit_uatext.php)"
31.13.115.4 - - [26/Feb/2020:10:14:07 +0100] "GET /about HTTP/1.1" 206 49 "-" "facebookexternalhit/1.1 (+http://www.facebook.com/externalhit_uatext.php)"
157.55.39.1 - - [26/Feb/2020:12:28:34 +0100] "GET /robots.txt HTTP/1.1" 200 49 "-" "Mozilla/5.0 (compatible; bingbot/2.0; +http://www.bing.com/bingbot.htm)"
157.55.39.232 - - [26/Feb/2020:12:28:35 +0100] "GET / HTTP/1.1" 200 49 "-" "Mozilla/5.0 (compatible; bingbot/2.0; +http://www.bing.com/bingbot.htm)"
114.119.158.71 - - [26/Feb/2020:13:43:10 +0100] "GET /robots.txt HTTP/1.1" 200 49 "-" "Mozilla/5.0 (iPad; CPU OS 7_0 like Mac OS X) AppleWebKit/537.51.1 (KHTML, like Gecko) Version/7.0 Mobile/11A465 Safari/9537.53"
216.244.66.238 - - [26/Feb/2020:13:46:02 +0100] "GET /robots.txt HTTP/1.1" 200 49 "-" "Mozilla/5.0 (compatible; DotBot/1.1; http://www.opensiteexplorer.org/dotbot, help@moz.com)"
62.4.16.86 - - [26/Feb/2020:14:19:48 +0100] "GET / HTTP/1.1" 200 49 "-" "python-requests/2.22.0"
134.209.33.122 - - [26/Feb/2020:15:38:39 +0100] "GET / HTTP/1.1" 200 49 "-" "python-requests/2.23.0"
157.55.39.172 - - [26/Feb/2020:16:45:24 +0100] "GET /robots.txt HTTP/1.1" 200 49 "-" "msnbot/2.0b (+http://search.msn.com/msnbot.htm)"
173.252.79.13 - - [26/Feb/2020:21:16:40 +0100] "GET /about HTTP/1.1" 206 49 "-" "facebookexternalhit/1.1 (+http://www.facebook.com/externalhit_uatext.php)"
173.252.79.5 - - [26/Feb/2020:21:16:41 +0100] "GET /contact HTTP/1.1" 206 49 "-" "facebookexternalhit/1.1 (+http://www.facebook.com/externalhit_uatext.php)"
209.17.96.10 - - [26/Feb/2020:23:46:25 +0100] "GET / HTTP/1.1" 200 49 "-" "Mozilla/5.0 (compatible; Nimbostratus-Bot/v1.3.2; http://cloudsystemnetworks.com)"
95.108.181.101 - - [27/Feb/2020:01:11:16 +0100] "GET /robots.txt HTTP/1.1" 200 49 "-" "Mozilla/5.0 (compatible; YandexBot/3.0; +http://yandex.com/bots)"
95.108.181.101 - - [27/Feb/2020:01:11:20 +0100] "GET / HTTP/1.1" 200 49 "-" "Mozilla/5.0 (compatible; YandexBot/3.0; +http://yandex.com/bots)"
62.4.16.86 - - [27/Feb/2020:01:19:27 +0100] "GET / HTTP/1.1" 200 49 "-" "python-requests/2.22.0"
194.61.24.29 - - [27/Feb/2020:01:31:01 +0100] "GET / HTTP/1.1" 200 49 "-" "Mozilla/5.0 (Windows NT 10.0; Win64; x64) AppleWebKit/537.36 (KHTML, like Gecko) Chrome/78.0.3904.108 Safari/537.36"
194.61.24.29 - - [27/Feb/2020:01:31:06 +0100] "GET / HTTP/1.1" 200 49 "-" "Mozilla/5.0 (Windows NT 10.0; Win64; x64) AppleWebKit/537.36 (KHTML, like Gecko) Chrome/78.0.3904.108 Safari/537.36"
194.61.24.29 - - [27/Feb/2020:01:31:11 +0100] "GET /wp-includes/wlwmanifest.xml HTTP/1.1" 200 1045 "-" "Mozilla/5.0 (Windows NT 10.0; Win64; x64) AppleWebKit/537.36 (KHTML, like Gecko) Chrome/78.0.3904.108 Safari/537.36"
194.61.24.29 - - [27/Feb/2020:01:31:18 +0100] "GET /?author=2 HTTP/1.1" 200 49 "-" "Mozilla/5.0 (Windows NT 10.0; Win64; x64) AppleWebKit/537.36 (KHTML, like Gecko) Chrome/78.0.3904.108 Safari/537.36"
194.61.24.29 - - [27/Feb/2020:01:31:23 +0100] "GET /wp-json/wp/v2/users/ HTTP/1.1" 200 49 "-" "Mozilla/5.0 (Windows NT 10.0; Win64; x64) AppleWebKit/537.36 (KHTML, like Gecko) Chrome/78.0.3904.108 Safari/537.36"
194.61.24.29 - - [27/Feb/2020:01:31:23 +0100] "GET /wp-json/oembed/1.0/embed?url=http://megastore.7uptheme.net HTTP/1.1" 200 49 "-" "Mozilla/5.0 (Windows NT 10.0; Win64; x64) AppleWebKit/537.36 (KHTML, like Gecko) Chrome/78.0.3904.108 Safari/537.36"
194.61.24.29 - - [27/Feb/2020:01:31:23 +0100] "POST /xmlrpc.php HTTP/1.1" 200 403 "-" "Mozilla/5.0 (Windows NT 10.0; Win64; x64) AppleWebKit/537.36 (KHTML, like Gecko) Chrome/78.0.3904.108 Safari/537.36"
194.61.24.29 - - [27/Feb/2020:01:31:28 +0100] "POST /xmlrpc.php HTTP/1.1" 200 401 "-" "Mozilla/5.0 (Windows NT 10.0; Win64; x64) AppleWebKit/537.36 (KHTML, like Gecko) Chrome/78.0.3904.108 Safari/537.36"
194.61.24.29 - - [27/Feb/2020:01:31:30 +0100] "POST /xmlrpc.php HTTP/1.1" 200 403 "-" "Mozilla/5.0 (Windows NT 10.0; Win64; x64) AppleWebKit/537.36 (KHTML, like Gecko) Chrome/78.0.3904.108 Safari/537.36"
194.61.24.29 - - [27/Feb/2020:01:31:31 +0100] "POST /xmlrpc.php HTTP/1.1" 200 401 "-" "Mozilla/5.0 (Windows NT 10.0; Win64; x64) AppleWebKit/537.36 (KHTML, like Gecko) Chrome/78.0.3904.108 Safari/537.36"
176.31.116.194 - - [27/Feb/2020:01:31:27 +0100] "POST /wp-cron.php?doing_wp_cron=1582763484.5832641124725341796875 HTTP/1.1" 200 - "http://megastore.7uptheme.net/wp-cron.php?doing_wp_cron=1582763484.5832641124725341796875" "WordPress/5.1.4; https://megastore.7uptheme.net"
194.61.24.29 - - [27/Feb/2020:01:31:31 +0100] "POST /xmlrpc.php HTTP/1.1" 200 401 "-" "Mozilla/5.0 (Windows NT 10.0; Win64; x64) AppleWebKit/537.36 (KHTML, like Gecko) Chrome/78.0.3904.108 Safari/537.36"
194.61.24.29 - - [27/Feb/2020:01:31:33 +0100] "POST /xmlrpc.php HTTP/1.1" 200 401 "-" "Mozilla/5.0 (Windows NT 10.0; Win64; x64) AppleWebKit/537.36 (KHTML, like Gecko) Chrome/78.0.3904.108 Safari/537.36"
194.61.24.29 - - [27/Feb/2020:01:31:34 +0100] "POST /xmlrpc.php HTTP/1.1" 200 401 "-" "Mozilla/5.0 (Windows NT 10.0; Win64; x64) AppleWebKit/537.36 (KHTML, like Gecko) Chrome/78.0.3904.108 Safari/537.36"
176.31.116.194 - - [27/Feb/2020:01:31:35 +0100] "POST /wp-cron.php?doing_wp_cron=1582763495.5928690433502197265625 HTTP/1.1" 200 - "http://megastore.7uptheme.net/wp-cron.php?doing_wp_cron=1582763495.5928690433502197265625" "WordPress/5.1.4; https://megastore.7uptheme.net"
194.61.24.29 - - [27/Feb/2020:01:31:34 +0100] "POST /xmlrpc.php HTTP/1.1" 200 401 "-" "Mozilla/5.0 (Windows NT 10.0; Win64; x64) AppleWebKit/537.36 (KHTML, like Gecko) Chrome/78.0.3904.108 Safari/537.36"
194.61.24.29 - - [27/Feb/2020:01:31:36 +0100] "POST /xmlrpc.php HTTP/1.1" 200 401 "-" "Mozilla/5.0 (Windows NT 10.0; Win64; x64) AppleWebKit/537.36 (KHTML, like Gecko) Chrome/78.0.3904.108 Safari/537.36"
194.61.24.29 - - [27/Feb/2020:01:31:37 +0100] "POST /xmlrpc.php HTTP/1.1" 200 401 "-" "Mozilla/5.0 (Windows NT 10.0; Win64; x64) AppleWebKit/537.36 (KHTML, like Gecko) Chrome/78.0.3904.108 Safari/537.36"
194.61.24.29 - - [27/Feb/2020:01:31:37 +0100] "POST /xmlrpc.php HTTP/1.1" 200 401 "-" "Mozilla/5.0 (Windows NT 10.0; Win64; x64) AppleWebKit/537.36 (KHTML, like Gecko) Chrome/78.0.3904.108 Safari/537.36"
194.61.24.29 - - [27/Feb/2020:01:31:38 +0100] "POST /xmlrpc.php HTTP/1.1" 200 401 "-" "Mozilla/5.0 (Windows NT 10.0; Win64; x64) AppleWebKit/537.36 (KHTML, like Gecko) Chrome/78.0.3904.108 Safari/537.36"
194.61.24.29 - - [27/Feb/2020:01:31:39 +0100] "POST /xmlrpc.php HTTP/1.1" 200 401 "-" "Mozilla/5.0 (Windows NT 10.0; Win64; x64) AppleWebKit/537.36 (KHTML, like Gecko) Chrome/78.0.3904.108 Safari/537.36"
194.61.24.29 - - [27/Feb/2020:01:31:39 +0100] "POST /xmlrpc.php HTTP/1.1" 200 401 "-" "Mozilla/5.0 (Windows NT 10.0; Win64; x64) AppleWebKit/537.36 (KHTML, like Gecko) Chrome/78.0.3904.108 Safari/537.36"
194.61.24.29 - - [27/Feb/2020:01:31:40 +0100] "POST /xmlrpc.php HTTP/1.1" 200 401 "-" "Mozilla/5.0 (Windows NT 10.0; Win64; x64) AppleWebKit/537.36 (KHTML, like Gecko) Chrome/78.0.3904.108 Safari/537.36"
194.61.24.29 - - [27/Feb/2020:01:31:41 +0100] "POST /xmlrpc.php HTTP/1.1" 200 401 "-" "Mozilla/5.0 (Windows NT 10.0; Win64; x64) AppleWebKit/537.36 (KHTML, like Gecko) Chrome/78.0.3904.108 Safari/537.36"
194.61.24.29 - - [27/Feb/2020:01:31:42 +0100] "POST /xmlrpc.php HTTP/1.1" 200 401 "-" "Mozilla/5.0 (Windows NT 10.0; Win64; x64) AppleWebKit/537.36 (KHTML, like Gecko) Chrome/78.0.3904.108 Safari/537.36"
194.61.24.29 - - [27/Feb/2020:01:31:42 +0100] "POST /xmlrpc.php HTTP/1.1" 200 401 "-" "Mozilla/5.0 (Windows NT 10.0; Win64; x64) AppleWebKit/537.36 (KHTML, like Gecko) Chrome/78.0.3904.108 Safari/537.36"
194.61.24.29 - - [27/Feb/2020:01:31:43 +0100] "POST /xmlrpc.php HTTP/1.1" 200 401 "-" "Mozilla/5.0 (Windows NT 10.0; Win64; x64) AppleWebKit/537.36 (KHTML, like Gecko) Chrome/78.0.3904.108 Safari/537.36"
194.61.24.29 - - [27/Feb/2020:01:31:44 +0100] "POST /xmlrpc.php HTTP/1.1" 200 401 "-" "Mozilla/5.0 (Windows NT 10.0; Win64; x64) AppleWebKit/537.36 (KHTML, like Gecko) Chrome/78.0.3904.108 Safari/537.36"
194.61.24.29 - - [27/Feb/2020:01:31:44 +0100] "POST /xmlrpc.php HTTP/1.1" 200 401 "-" "Mozilla/5.0 (Windows NT 10.0; Win64; x64) AppleWebKit/537.36 (KHTML, like Gecko) Chrome/78.0.3904.108 Safari/537.36"
194.61.24.29 - - [27/Feb/2020:01:31:45 +0100] "POST /xmlrpc.php HTTP/1.1" 200 401 "-" "Mozilla/5.0 (Windows NT 10.0; Win64; x64) AppleWebKit/537.36 (KHTML, like Gecko) Chrome/78.0.3904.108 Safari/537.36"
194.61.24.29 - - [27/Feb/2020:01:31:46 +0100] "POST /xmlrpc.php HTTP/1.1" 200 401 "-" "Mozilla/5.0 (Windows NT 10.0; Win64; x64) AppleWebKit/537.36 (KHTML, like Gecko) Chrome/78.0.3904.108 Safari/537.36"
194.61.24.29 - - [27/Feb/2020:01:31:46 +0100] "POST /xmlrpc.php HTTP/1.1" 200 401 "-" "Mozilla/5.0 (Windows NT 10.0; Win64; x64) AppleWebKit/537.36 (KHTML, like Gecko) Chrome/78.0.3904.108 Safari/537.36"
194.61.24.29 - - [27/Feb/2020:01:31:47 +0100] "POST /xmlrpc.php HTTP/1.1" 200 401 "-" "Mozilla/5.0 (Windows NT 10.0; Win64; x64) AppleWebKit/537.36 (KHTML, like Gecko) Chrome/78.0.3904.108 Safari/537.36"
194.61.24.29 - - [27/Feb/2020:01:31:48 +0100] "POST /xmlrpc.php HTTP/1.1" 200 401 "-" "Mozilla/5.0 (Windows NT 10.0; Win64; x64) AppleWebKit/537.36 (KHTML, like Gecko) Chrome/78.0.3904.108 Safari/537.36"
194.61.24.29 - - [27/Feb/2020:01:31:48 +0100] "POST /xmlrpc.php HTTP/1.1" 200 401 "-" "Mozilla/5.0 (Windows NT 10.0; Win64; x64) AppleWebKit/537.36 (KHTML, like Gecko) Chrome/78.0.3904.108 Safari/537.36"
194.61.24.29 - - [27/Feb/2020:01:31:49 +0100] "POST /xmlrpc.php HTTP/1.1" 200 401 "-" "Mozilla/5.0 (Windows NT 10.0; Win64; x64) AppleWebKit/537.36 (KHTML, like Gecko) Chrome/78.0.3904.108 Safari/537.36"
194.61.24.29 - - [27/Feb/2020:01:31:50 +0100] "POST /xmlrpc.php HTTP/1.1" 200 401 "-" "Mozilla/5.0 (Windows NT 10.0; Win64; x64) AppleWebKit/537.36 (KHTML, like Gecko) Chrome/78.0.3904.108 Safari/537.36"
194.61.24.29 - - [27/Feb/2020:01:31:50 +0100] "POST /xmlrpc.php HTTP/1.1" 200 401 "-" "Mozilla/5.0 (Windows NT 10.0; Win64; x64) AppleWebKit/537.36 (KHTML, like Gecko) Chrome/78.0.3904.108 Safari/537.36"
194.61.24.29 - - [27/Feb/2020:01:31:51 +0100] "POST /xmlrpc.php HTTP/1.1" 200 401 "-" "Mozilla/5.0 (Windows NT 10.0; Win64; x64) AppleWebKit/537.36 (KHTML, like Gecko) Chrome/78.0.3904.108 Safari/537.36"
194.61.24.29 - - [27/Feb/2020:01:31:51 +0100] "POST /xmlrpc.php HTTP/1.1" 200 401 "-" "Mozilla/5.0 (Windows NT 10.0; Win64; x64) AppleWebKit/537.36 (KHTML, like Gecko) Chrome/78.0.3904.108 Safari/537.36"
194.61.24.29 - - [27/Feb/2020:01:31:52 +0100] "POST /xmlrpc.php HTTP/1.1" 200 401 "-" "Mozilla/5.0 (Windows NT 10.0; Win64; x64) AppleWebKit/537.36 (KHTML, like Gecko) Chrome/78.0.3904.108 Safari/537.36"
194.61.24.29 - - [27/Feb/2020:01:31:52 +0100] "POST /xmlrpc.php HTTP/1.1" 200 401 "-" "Mozilla/5.0 (Windows NT 10.0; Win64; x64) AppleWebKit/537.36 (KHTML, like Gecko) Chrome/78.0.3904.108 Safari/537.36"
194.61.24.29 - - [27/Feb/2020:01:31:53 +0100] "POST /xmlrpc.php HTTP/1.1" 200 401 "-" "Mozilla/5.0 (Windows NT 10.0; Win64; x64) AppleWebKit/537.36 (KHTML, like Gecko) Chrome/78.0.3904.108 Safari/537.36"
194.61.24.29 - - [27/Feb/2020:01:31:54 +0100] "POST /xmlrpc.php HTTP/1.1" 200 401 "-" "Mozilla/5.0 (Windows NT 10.0; Win64; x64) AppleWebKit/537.36 (KHTML, like Gecko) Chrome/78.0.3904.108 Safari/537.36"
194.61.24.29 - - [27/Feb/2020:01:31:54 +0100] "POST /xmlrpc.php HTTP/1.1" 200 401 "-" "Mozilla/5.0 (Windows NT 10.0; Win64; x64) AppleWebKit/537.36 (KHTML, like Gecko) Chrome/78.0.3904.108 Safari/537.36"
194.61.24.29 - - [27/Feb/2020:01:31:55 +0100] "POST /xmlrpc.php HTTP/1.1" 200 401 "-" "Mozilla/5.0 (Windows NT 10.0; Win64; x64) AppleWebKit/537.36 (KHTML, like Gecko) Chrome/78.0.3904.108 Safari/537.36"
194.61.24.29 - - [27/Feb/2020:01:31:57 +0100] "POST /xmlrpc.php HTTP/1.1" 200 401 "-" "Mozilla/5.0 (Windows NT 10.0; Win64; x64) AppleWebKit/537.36 (KHTML, like Gecko) Chrome/78.0.3904.108 Safari/537.36"
194.61.24.29 - - [27/Feb/2020:01:31:58 +0100] "POST /xmlrpc.php HTTP/1.1" 200 401 "-" "Mozilla/5.0 (Windows NT 10.0; Win64; x64) AppleWebKit/537.36 (KHTML, like Gecko) Chrome/78.0.3904.108 Safari/537.36"
194.61.24.29 - - [27/Feb/2020:01:31:59 +0100] "POST /xmlrpc.php HTTP/1.1" 200 401 "-" "Mozilla/5.0 (Windows NT 10.0; Win64; x64) AppleWebKit/537.36 (KHTML, like Gecko) Chrome/78.0.3904.108 Safari/537.36"
