216.244.66.238 - - [24/Jan/2020:19:53:40 +0100] "GET /product-category/mobile/iphone/ HTTP/1.1" 200 49 "-" "Mozilla/5.0 (compatible; DotBot/1.1; http://www.opensiteexplorer.org/dotbot, help@moz.com)"
216.244.66.238 - - [24/Jan/2020:19:57:04 +0100] "GET /home-11/cart.html HTTP/1.1" 200 49 "-" "Mozilla/5.0 (compatible; DotBot/1.1; http://www.opensiteexplorer.org/dotbot, help@moz.com)"
216.244.66.238 - - [24/Jan/2020:19:57:08 +0100] "GET /home-7/7uptheme.com HTTP/1.1" 200 49 "-" "Mozilla/5.0 (compatible; DotBot/1.1; http://www.opensiteexplorer.org/dotbot, help@moz.com)"
216.244.66.238 - - [24/Jan/2020:19:57:10 +0100] "GET /home-9/7uptheme.com HTTP/1.1" 200 49 "-" "Mozilla/5.0 (compatible; DotBot/1.1; http://www.opensiteexplorer.org/dotbot, help@moz.com)"
216.244.66.238 - - [24/Jan/2020:20:01:34 +0100] "GET /product/leather-bracelet/7uptheme.com HTTP/1.1" 200 49 "-" "Mozilla/5.0 (compatible; DotBot/1.1; http://www.opensiteexplorer.org/dotbot, help@moz.com)"
34.234.54.252 - - [24/Jan/2020:21:20:50 +0100] "GET /robots.txt HTTP/1.1" 200 49 "-" "Mozilla/5.0 (Windows NT 10.0; Win64; x64) AppleWebKit/537.36 (KHTML, like Gecko) Chrome/68.0.3440.75 Safari/537.36 (compatible; SMTBot/1.0; +http://www.similartech.com/smtbot)"
34.234.54.252 - - [24/Jan/2020:21:20:50 +0100] "GET / HTTP/1.1" 200 49 "-" "Mozilla/5.0 (Windows NT 10.0; Win64; x64) AppleWebKit/537.36 (KHTML, like Gecko) Chrome/68.0.3440.75 Safari/537.36 (compatible; SMTBot/1.0; +http://www.similartech.com/smtbot)"
34.234.54.252 - - [24/Jan/2020:21:20:50 +0100] "GET / HTTP/1.1" 200 49 "-" "Mozilla/5.0 (iPhone; CPU iPhone OS 6_0 like Mac OS X) AppleWebKit/536.26 (KHTML, like Gecko) Version/6.0 Mobile/10A5376e Safari/8536.25 (compatible; SMTBot/1.0; +http://www.similartech.com/smtbot)"
34.234.54.252 - - [24/Jan/2020:21:20:50 +0100] "GET / HTTP/1.1" 200 49 "-" "Mozilla/5.0 (Windows NT 10.0; Win64; x64) AppleWebKit/537.36 (KHTML, like Gecko) Chrome/68.0.3440.75 Safari/537.36 (compatible; SMTBot/1.0; http://www.similartech.com/smtbot)"
34.234.54.252 - - [24/Jan/2020:21:20:53 +0100] "GET /ads.txt HTTP/1.1" 200 49 "-" "Mozilla/5.0 (Windows NT 10.0; Win64; x64) AppleWebKit/537.36 (KHTML, like Gecko) Chrome/68.0.3440.75 Safari/537.36 (compatible; SMTBot/1.0; +http://www.similartech.com/smtbot)"
216.244.66.238 - - [24/Jan/2020:21:36:08 +0100] "GET /shop/7uptheme.com HTTP/1.1" 200 49 "-" "Mozilla/5.0 (compatible; DotBot/1.1; http://www.opensiteexplorer.org/dotbot, help@moz.com)"
185.14.30.243 - - [24/Jan/2020:21:59:59 +0100] "GET /.git/HEAD HTTP/1.1" 200 49 "-" "Python-urllib/3.6"
157.55.39.10 - - [24/Jan/2020:22:30:52 +0100] "GET /robots.txt HTTP/1.1" 200 49 "-" "Mozilla/5.0 (compatible; bingbot/2.0; +http://www.bing.com/bingbot.htm)"
103.1.93.181 - - [24/Jan/2020:22:37:19 +0100] "GET / HTTP/1.1" 200 49 "-" "Mozilla/5.0 (Windows NT 6.1; rv:60.0) Gecko/20100101 Firefox/60.0"
94.130.219.241 - - [24/Jan/2020:22:58:34 +0100] "GET /robots.txt HTTP/1.1" 200 49 "-" "Mozilla/5.0 (compatible; BLEXBot/1.0; +http://webmeup-crawler.com/)"
185.14.30.243 - - [24/Jan/2020:23:26:27 +0100] "GET /.git/HEAD HTTP/1.1" 200 49 "-" "Python-urllib/3.6"
216.244.66.238 - - [24/Jan/2020:23:34:24 +0100] "GET /product/ombre-lip-duo/7uptheme.com HTTP/1.1" 200 49 "-" "Mozilla/5.0 (compatible; DotBot/1.1; http://www.opensiteexplorer.org/dotbot, help@moz.com)"
216.244.66.238 - - [24/Jan/2020:23:34:28 +0100] "GET /product/personalized-necklace/7uptheme.com HTTP/1.1" 200 49 "-" "Mozilla/5.0 (compatible; DotBot/1.1; http://www.opensiteexplorer.org/dotbot, help@moz.com)"
178.137.19.3 - - [25/Jan/2020:04:32:59 +0100] "GET /product/lipzor-light/ HTTP/1.0" 200 49 "-" "Mozilla/5.0 (Windows NT 6.3; Win64; x64) AppleWebKit/537.36 (KHTML, like Gecko) Chrome/75.0.3770.100 Safari/537.36"
216.244.66.238 - - [25/Jan/2020:05:19:25 +0100] "GET /wp-content/uploads/2016/06/25.jpg HTTP/1.1" 200 131257 "-" "Mozilla/5.0 (compatible; DotBot/1.1; http://www.opensiteexplorer.org/dotbot, help@moz.com)"
45.55.176.165 - - [25/Jan/2020:05:56:16 +0100] "GET / HTTP/1.1" 200 49 "-" "Mozilla/5.0 (Windows NT 6.1; rv:60.0) Gecko/20100101 Firefox/60.0"
216.244.66.238 - - [25/Jan/2020:06:39:54 +0100] "GET /home-3/7uptheme.com HTTP/1.1" 200 49 "-" "Mozilla/5.0 (compatible; DotBot/1.1; http://www.opensiteexplorer.org/dotbot, help@moz.com)"
216.244.66.238 - - [25/Jan/2020:06:40:45 +0100] "GET /shop-right-sidebar/7uptheme.com HTTP/1.1" 200 49 "-" "Mozilla/5.0 (compatible; DotBot/1.1; http://www.opensiteexplorer.org/dotbot, help@moz.com)"
157.55.39.227 - - [25/Jan/2020:06:44:40 +0100] "GET /robots.txt HTTP/1.1" 200 49 "-" "Mozilla/5.0 (compatible; bingbot/2.0; +http://www.bing.com/bingbot.htm)"
216.244.66.238 - - [25/Jan/2020:07:46:38 +0100] "GET /robots.txt HTTP/1.1" 200 49 "-" "Mozilla/5.0 (compatible; DotBot/1.1; http://www.opensiteexplorer.org/dotbot, help@moz.com)"
216.244.66.238 - - [25/Jan/2020:08:05:52 +0100] "GET /shop/page/3/ HTTP/1.1" 200 49 "-" "Mozilla/5.0 (compatible; DotBot/1.1; http://www.opensiteexplorer.org/dotbot, help@moz.com)"
216.244.66.238 - - [25/Jan/2020:09:00:33 +0100] "GET /product-category/accessories/women-accessories/ HTTP/1.1" 200 49 "-" "Mozilla/5.0 (compatible; DotBot/1.1; http://www.opensiteexplorer.org/dotbot, help@moz.com)"
104.244.76.142 - - [25/Jan/2020:09:02:03 +0100] "GET /robots.txt HTTP/1.1" 200 49 "http://unrabbinical.best/" "Mozilla/5.0 (Windows NT 10.0; rv:68.0) Gecko/20100101 Firefox/68.0"
31.13.127.18 - - [25/Jan/2020:11:53:57 +0100] "GET /about HTTP/1.1" 206 49 "-" "facebookexternalhit/1.1 (+http://www.facebook.com/externalhit_uatext.php)"
31.13.127.3 - - [25/Jan/2020:11:53:57 +0100] "GET /contact HTTP/1.1" 206 49 "-" "facebookexternalhit/1.1 (+http://www.facebook.com/externalhit_uatext.php)"
222.92.204.50 - - [25/Jan/2020:12:58:04 +0100] "GET / HTTP/1.1" 200 49 "-" "Mozilla/5.0 (Windows NT 6.1; rv:60.0) Gecko/20100101 Firefox/60.0"
185.216.32.130 - - [25/Jan/2020:13:17:41 +0100] "GET / HTTP/1.1" 200 49 "http://vinata.best/" "Mozilla/5.0 (Windows NT 10.0; rv:68.0) Gecko/20100101 Firefox/68.0"
31.13.127.16 - - [25/Jan/2020:15:46:51 +0100] "GET /contact HTTP/1.1" 206 49 "-" "facebookexternalhit/1.1 (+http://www.facebook.com/externalhit_uatext.php)"
31.13.127.9 - - [25/Jan/2020:15:46:51 +0100] "GET /about HTTP/1.1" 206 49 "-" "facebookexternalhit/1.1 (+http://www.facebook.com/externalhit_uatext.php)"
107.21.1.8 - - [25/Jan/2020:15:58:30 +0100] "GET / HTTP/1.1" 200 49 "http://megastore.7uptheme.net/" "Mozilla/5.0 (compatible; DuckDuckGo-Favicons-Bot/1.0; +http://duckduckgo.com)"
107.21.1.8 - - [25/Jan/2020:15:58:30 +0100] "GET /favicon.ico HTTP/1.1" 200 49 "http://megastore.7uptheme.net/favicon.ico" "Mozilla/5.0 (compatible; DuckDuckGo-Favicons-Bot/1.0; +http://duckduckgo.com)"
216.244.66.238 - - [25/Jan/2020:18:25:15 +0100] "GET /my-account/lost-password/ HTTP/1.1" 200 49 "-" "Mozilla/5.0 (compatible; DotBot/1.1; http://www.opensiteexplorer.org/dotbot, help@moz.com)"
219.93.121.22 - - [25/Jan/2020:20:21:10 +0100] "GET / HTTP/1.1" 200 49 "-" "Mozilla/5.0 (Windows NT 6.1; rv:60.0) Gecko/20100101 Firefox/60.0"
216.244.66.238 - - [25/Jan/2020:20:30:21 +0100] "GET /product-tag/food/ HTTP/1.1" 200 49 "-" "Mozilla/5.0 (compatible; DotBot/1.1; http://www.opensiteexplorer.org/dotbot, help@moz.com)"
216.244.66.238 - - [26/Jan/2020:00:44:04 +0100] "GET /shop/page/4/ HTTP/1.1" 200 49 "-" "Mozilla/5.0 (compatible; DotBot/1.1; http://www.opensiteexplorer.org/dotbot, help@moz.com)"
157.55.39.38 - - [26/Jan/2020:01:02:12 +0100] "GET /robots.txt HTTP/1.1" 200 49 "-" "Mozilla/5.0 (compatible; bingbot/2.0; +http://www.bing.com/bingbot.htm)"
157.55.39.227 - - [26/Jan/2020:01:05:22 +0100] "GET /robots.txt HTTP/1.1" 200 49 "-" "Mozilla/5.0 (compatible; bingbot/2.0; +http://www.bing.com/bingbot.htm)"
216.244.66.238 - - [26/Jan/2020:02:19:32 +0100] "GET /product-category/mobile/ios/ HTTP/1.1" 200 49 "-" "Mozilla/5.0 (compatible; DotBot/1.1; http://www.opensiteexplorer.org/dotbot, help@moz.com)"
216.244.66.238 - - [26/Jan/2020:03:02:47 +0100] "GET /home-16/7uptheme.com HTTP/1.1" 200 49 "-" "Mozilla/5.0 (compatible; DotBot/1.1; http://www.opensiteexplorer.org/dotbot, help@moz.com)"
122.226.129.25 - - [26/Jan/2020:03:49:05 +0100] "GET / HTTP/1.1" 200 49 "-" "Mozilla/5.0 (Windows NT 6.1; rv:60.0) Gecko/20100101 Firefox/60.0"
216.244.66.238 - - [26/Jan/2020:04:29:55 +0100] "GET /home-17/7uptheme.com HTTP/1.1" 200 49 "-" "Mozilla/5.0 (compatible; DotBot/1.1; http://www.opensiteexplorer.org/dotbot, help@moz.com)"
103.131.71.35 - - [26/Jan/2020:04:31:48 +0100] "GET /robots.txt HTTP/1.1" 200 49 "-" "Mozilla/5.0 (compatible; coccocbot-image/1.0; +http://help.coccoc.com/searchengine)"
216.244.66.238 - - [26/Jan/2020:05:57:28 +0100] "GET /product-tag/watch/ HTTP/1.1" 200 49 "-" "Mozilla/5.0 (compatible; DotBot/1.1; http://www.opensiteexplorer.org/dotbot, help@moz.com)"
216.244.66.238 - - [26/Jan/2020:05:58:38 +0100] "GET /home-4/7uptheme.com HTTP/1.1" 200 49 "-" "Mozilla/5.0 (compatible; DotBot/1.1; http://www.opensiteexplorer.org/dotbot, help@moz.com)"
216.244.66.238 - - [26/Jan/2020:06:41:15 +0100] "GET /product-tag/jewelry/ HTTP/1.1" 200 49 "-" "Mozilla/5.0 (compatible; DotBot/1.1; http://www.opensiteexplorer.org/dotbot, help@moz.com)"
216.244.66.238 - - [26/Jan/2020:07:01:07 +0100] "GET /product-category/watches/feed/ HTTP/1.1" 200 49 "-" "Mozilla/5.0 (compatible; DotBot/1.1; http://www.opensiteexplorer.org/dotbot, help@moz.com)"
216.244.66.238 - - [26/Jan/2020:08:15:47 +0100] "GET /robots.txt HTTP/1.1" 200 49 "-" "Mozilla/5.0 (compatible; DotBot/1.1; http://www.opensiteexplorer.org/dotbot, help@moz.com)"
66.220.149.4 - - [26/Jan/2020:09:03:23 +0100] "GET /about HTTP/1.1" 206 49 "-" "facebookexternalhit/1.1 (+http://www.facebook.com/externalhit_uatext.php)"
66.220.149.47 - - [26/Jan/2020:09:03:23 +0100] "GET /contact HTTP/1.1" 206 49 "-" "facebookexternalhit/1.1 (+http://www.facebook.com/externalhit_uatext.php)"
216.244.66.238 - - [26/Jan/2020:09:18:08 +0100] "GET /shop/page/2/ HTTP/1.1" 200 49 "-" "Mozilla/5.0 (compatible; DotBot/1.1; http://www.opensiteexplorer.org/dotbot, help@moz.com)"
216.244.66.238 - - [26/Jan/2020:09:30:31 +0100] "GET /home-8/7uptheme.com HTTP/1.1" 200 49 "-" "Mozilla/5.0 (compatible; DotBot/1.1; http://www.opensiteexplorer.org/dotbot, help@moz.com)"
114.34.74.142 - - [26/Jan/2020:11:07:07 +0100] "GET / HTTP/1.1" 200 49 "-" "Mozilla/5.0 (Windows NT 6.1; rv:60.0) Gecko/20100101 Firefox/60.0"
216.244.66.238 - - [26/Jan/2020:11:41:28 +0100] "GET /product/cookie-packaging/7uptheme.com HTTP/1.1" 200 49 "-" "Mozilla/5.0 (compatible; DotBot/1.1; http://www.opensiteexplorer.org/dotbot, help@moz.com)"
50.87.248.20 - - [26/Jan/2020:12:25:22 +0100] "HEAD /wp-admin/ HTTP/1.1" 302 - "https://vshoped.com" "Mozilla/5.0 (Windows NT 10.0; Win64; x64) AppleWebKit/537.36 (KHTML, like Gecko) Chrome/70.0.3538.102 Safari/537.36"
176.31.116.194 - - [26/Jan/2020:12:25:49 +0100] "POST /wp-cron.php?doing_wp_cron=1580037949.4759049415588378906250 HTTP/1.1" 200 - "http://megastore.7uptheme.net/wp-cron.php?doing_wp_cron=1580037949.4759049415588378906250" "WordPress/5.1.4; https://megastore.7uptheme.net"
216.244.66.238 - - [26/Jan/2020:13:09:29 +0100] "GET /product/movado-metallic/7uptheme.com HTTP/1.1" 200 49 "-" "Mozilla/5.0 (compatible; DotBot/1.1; http://www.opensiteexplorer.org/dotbot, help@moz.com)"
46.17.203.253 - - [26/Jan/2020:13:14:22 +0100] "GET /robots.txt HTTP/1.1" 200 49 "-" "Mozilla/5.0 (compatible; Konturbot/1.0; +http://kontur.ru; n.ilinykh@skbkontur.ru)"
46.17.203.253 - - [26/Jan/2020:13:14:22 +0100] "GET / HTTP/1.1" 200 49 "-" "Mozilla/5.0 (compatible; Konturbot/1.0; +http://kontur.ru; n.ilinykh@skbkontur.ru)"
216.244.66.238 - - [26/Jan/2020:16:00:34 +0100] "GET /product-tag/fashion/ HTTP/1.1" 200 49 "-" "Mozilla/5.0 (compatible; DotBot/1.1; http://www.opensiteexplorer.org/dotbot, help@moz.com)"
216.244.66.238 - - [26/Jan/2020:16:43:16 +0100] "GET /product-tag/men/ HTTP/1.1" 200 49 "-" "Mozilla/5.0 (compatible; DotBot/1.1; http://www.opensiteexplorer.org/dotbot, help@moz.com)"
60.172.73.3 - - [26/Jan/2020:17:51:14 +0100] "GET / HTTP/1.1" 200 49 "-" "Mozilla/5.0 (Windows NT 6.1; rv:60.0) Gecko/20100101 Firefox/60.0"
69.171.251.9 - - [26/Jan/2020:19:08:41 +0100] "GET /contact HTTP/1.1" 206 49 "-" "facebookexternalhit/1.1 (+http://www.facebook.com/externalhit_uatext.php)"
69.171.251.31 - - [26/Jan/2020:19:08:41 +0100] "GET /about HTTP/1.1" 206 49 "-" "facebookexternalhit/1.1 (+http://www.facebook.com/externalhit_uatext.php)"
157.55.39.211 - - [26/Jan/2020:21:08:12 +0100] "GET / HTTP/1.1" 200 49 "-" "Mozilla/5.0 (compatible; bingbot/2.0; +http://www.bing.com/bingbot.htm)"
216.244.66.238 - - [27/Jan/2020:02:18:18 +0100] "GET /product-category/mobile/samsung/ HTTP/1.1" 200 49 "-" "Mozilla/5.0 (compatible; DotBot/1.1; http://www.opensiteexplorer.org/dotbot, help@moz.com)"
113.161.85.182 - - [27/Jan/2020:03:04:37 +0100] "GET / HTTP/1.1" 200 49 "-" "Mozilla/5.0 (Windows NT 6.1; rv:60.0) Gecko/20100101 Firefox/60.0"
183.129.182.34 - - [27/Jan/2020:03:05:14 +0100] "GET / HTTP/1.1" 200 49 "-" "Mozilla/5.0 (Windows NT 6.1; rv:60.0) Gecko/20100101 Firefox/60.0"
117.50.81.139 - - [27/Jan/2020:03:54:13 +0100] "GET /robots.txt HTTP/1.1" 200 49 "-" "Mozilla/5.0 (Windows NT 10.0; WOW64) AppleWebKit/537.36 (KHTML, like Gecko) Chrome/76.0.3809.87 Safari/537.36"
216.244.66.238 - - [27/Jan/2020:05:15:12 +0100] "GET /product/tablet-samsung/7uptheme.com HTTP/1.1" 200 49 "-" "Mozilla/5.0 (compatible; DotBot/1.1; http://www.opensiteexplorer.org/dotbot, help@moz.com)"
157.55.39.227 - - [27/Jan/2020:06:36:38 +0100] "GET /robots.txt HTTP/1.1" 200 49 "-" "Mozilla/5.0 (compatible; bingbot/2.0; +http://www.bing.com/bingbot.htm)"
123.176.34.227 - - [27/Jan/2020:07:29:52 +0100] "GET / HTTP/1.1" 200 49 "http://progressive-seo.com" "Mozilla/5.0 (Windows NT 6.1; WOW64) AppleWebKit/537.36 (KHTML, like Gecko) Chrome/36.0.1985.143 Safari/537.36"
216.244.66.238 - - [27/Jan/2020:08:48:48 +0100] "GET /robots.txt HTTP/1.1" 200 49 "-" "Mozilla/5.0 (compatible; DotBot/1.1; http://www.opensiteexplorer.org/dotbot, help@moz.com)"
157.55.39.211 - - [27/Jan/2020:09:30:17 +0100] "GET / HTTP/1.1" 200 49 "-" "Mozilla/5.0 (compatible; bingbot/2.0; +http://www.bing.com/bingbot.htm)"
216.244.66.238 - - [27/Jan/2020:11:06:08 +0100] "GET /product-category/furniture/feed/ HTTP/1.1" 200 49 "-" "Mozilla/5.0 (compatible; DotBot/1.1; http://www.opensiteexplorer.org/dotbot, help@moz.com)"
216.244.66.238 - - [27/Jan/2020:12:14:31 +0100] "GET /product/elegant-silver-bar/feed/ HTTP/1.1" 200 49 "-" "Mozilla/5.0 (compatible; DotBot/1.1; http://www.opensiteexplorer.org/dotbot, help@moz.com)"
173.252.79.8 - - [27/Jan/2020:12:17:44 +0100] "GET /contact HTTP/1.1" 206 49 "-" "facebookexternalhit/1.1 (+http://www.facebook.com/externalhit_uatext.php)"
173.252.79.4 - - [27/Jan/2020:12:17:44 +0100] "GET /about HTTP/1.1" 206 49 "-" "facebookexternalhit/1.1 (+http://www.facebook.com/externalhit_uatext.php)"
157.55.39.227 - - [27/Jan/2020:14:56:27 +0100] "GET /robots.txt HTTP/1.1" 200 49 "-" "Mozilla/5.0 (compatible; bingbot/2.0; +http://www.bing.com/bingbot.htm)"
222.189.186.67 - - [27/Jan/2020:15:55:00 +0100] "GET / HTTP/1.1" 200 49 "-" "Mozilla/5.0 (Windows NT 6.1; rv:60.0) Gecko/20100101 Firefox/60.0"
103.131.71.28 - - [27/Jan/2020:17:27:15 +0100] "GET /robots.txt HTTP/1.1" 200 49 "-" "Mozilla/5.0 (compatible; coccocbot-image/1.0; +http://help.coccoc.com/searchengine)"
173.252.79.17 - - [27/Jan/2020:17:47:13 +0100] "GET /contact HTTP/1.1" 206 49 "-" "facebookexternalhit/1.1 (+http://www.facebook.com/externalhit_uatext.php)"
173.252.79.15 - - [27/Jan/2020:17:47:13 +0100] "GET /about HTTP/1.1" 206 49 "-" "facebookexternalhit/1.1 (+http://www.facebook.com/externalhit_uatext.php)"
216.244.66.238 - - [27/Jan/2020:17:47:57 +0100] "GET /product-tag/men/?number=24 HTTP/1.1" 200 49 "-" "Mozilla/5.0 (compatible; DotBot/1.1; http://www.opensiteexplorer.org/dotbot, help@moz.com)"
216.244.66.238 - - [27/Jan/2020:20:11:39 +0100] "GET /product-category/cosmetic/feed/ HTTP/1.1" 200 49 "-" "Mozilla/5.0 (compatible; DotBot/1.1; http://www.opensiteexplorer.org/dotbot, help@moz.com)"
216.244.66.238 - - [27/Jan/2020:20:33:31 +0100] "GET /product-tag/food/?number=6 HTTP/1.1" 200 49 "-" "Mozilla/5.0 (compatible; DotBot/1.1; http://www.opensiteexplorer.org/dotbot, help@moz.com)"
216.244.66.238 - - [27/Jan/2020:21:18:35 +0100] "GET /product-tag/men/?type=list HTTP/1.1" 200 49 "-" "Mozilla/5.0 (compatible; DotBot/1.1; http://www.opensiteexplorer.org/dotbot, help@moz.com)"
216.244.66.238 - - [27/Jan/2020:21:59:37 +0100] "GET /product-tag/jewelry/?number=6 HTTP/1.1" 200 49 "-" "Mozilla/5.0 (compatible; DotBot/1.1; http://www.opensiteexplorer.org/dotbot, help@moz.com)"
216.244.66.238 - - [27/Jan/2020:21:59:39 +0100] "GET /product-tag/watch/?number=9 HTTP/1.1" 200 49 "-" "Mozilla/5.0 (compatible; DotBot/1.1; http://www.opensiteexplorer.org/dotbot, help@moz.com)"
112.78.191.110 - - [27/Jan/2020:23:41:46 +0100] "GET / HTTP/1.1" 200 49 "-" "Mozilla/5.0 (Windows NT 6.1; rv:60.0) Gecko/20100101 Firefox/60.0"
157.55.39.211 - - [28/Jan/2020:00:07:45 +0100] "GET / HTTP/1.1" 200 49 "-" "Mozilla/5.0 (compatible; bingbot/2.0; +http://www.bing.com/bingbot.htm)"
216.244.66.238 - - [28/Jan/2020:00:16:28 +0100] "GET /product-tag/food/?pa_color=blue HTTP/1.1" 200 49 "-" "Mozilla/5.0 (compatible; DotBot/1.1; http://www.opensiteexplorer.org/dotbot, help@moz.com)"
216.244.66.238 - - [28/Jan/2020:00:42:10 +0100] "GET /product-tag/men/feed/ HTTP/1.1" 200 49 "-" "Mozilla/5.0 (compatible; DotBot/1.1; http://www.opensiteexplorer.org/dotbot, help@moz.com)"
157.55.39.227 - - [28/Jan/2020:00:52:13 +0100] "GET /robots.txt HTTP/1.1" 200 49 "-" "Mozilla/5.0 (compatible; bingbot/2.0; +http://www.bing.com/bingbot.htm)"
216.244.66.238 - - [28/Jan/2020:00:54:50 +0100] "GET /product-tag/watch/?pa_size=m HTTP/1.1" 200 49 "-" "Mozilla/5.0 (compatible; DotBot/1.1; http://www.opensiteexplorer.org/dotbot, help@moz.com)"
216.244.66.238 - - [28/Jan/2020:03:48:10 +0100] "GET /author/7uptheme/feed/ HTTP/1.1" 200 49 "-" "Mozilla/5.0 (compatible; DotBot/1.1; http://www.opensiteexplorer.org/dotbot, help@moz.com)"
209.17.97.122 - - [28/Jan/2020:04:28:18 +0100] "GET / HTTP/1.1" 200 49 "-" "Mozilla/5.0 (compatible; Nimbostratus-Bot/v1.3.2; http://cloudsystemnetworks.com)"
216.244.66.238 - - [28/Jan/2020:06:37:05 +0100] "GET /product-tag/watch/?pa_size=s HTTP/1.1" 200 49 "-" "Mozilla/5.0 (compatible; DotBot/1.1; http://www.opensiteexplorer.org/dotbot, help@moz.com)"
216.244.66.238 - - [28/Jan/2020:07:06:40 +0100] "GET /product-tag/jewelry/feed/ HTTP/1.1" 200 49 "-" "Mozilla/5.0 (compatible; DotBot/1.1; http://www.opensiteexplorer.org/dotbot, help@moz.com)"
216.244.66.238 - - [28/Jan/2020:07:19:09 +0100] "GET /product-tag/men/?type=grid HTTP/1.1" 200 49 "-" "Mozilla/5.0 (compatible; DotBot/1.1; http://www.opensiteexplorer.org/dotbot, help@moz.com)"
216.244.66.238 - - [28/Jan/2020:07:21:25 +0100] "GET /product-tag/fashion/?pa_color=blue HTTP/1.1" 200 49 "-" "Mozilla/5.0 (compatible; DotBot/1.1; http://www.opensiteexplorer.org/dotbot, help@moz.com)"
45.224.105.101 - - [28/Jan/2020:07:46:31 +0100] "GET / HTTP/1.1" 200 49 "-" "Mozilla/5.0 (Windows NT 6.1; rv:60.0) Gecko/20100101 Firefox/60.0"
216.244.66.238 - - [28/Jan/2020:08:02:31 +0100] "GET /product-tag/fashion/?number=24 HTTP/1.1" 200 49 "-" "Mozilla/5.0 (compatible; DotBot/1.1; http://www.opensiteexplorer.org/dotbot, help@moz.com)"
216.244.66.238 - - [28/Jan/2020:09:24:47 +0100] "GET /robots.txt HTTP/1.1" 200 49 "-" "Mozilla/5.0 (compatible; DotBot/1.1; http://www.opensiteexplorer.org/dotbot, help@moz.com)"
216.244.66.238 - - [28/Jan/2020:09:51:13 +0100] "GET /product-tag/jewelry/?number=18 HTTP/1.1" 200 49 "-" "Mozilla/5.0 (compatible; DotBot/1.1; http://www.opensiteexplorer.org/dotbot, help@moz.com)"
216.244.66.238 - - [28/Jan/2020:09:56:07 +0100] "GET /product-tag/men/?add-to-cart=335 HTTP/1.1" 200 49 "-" "Mozilla/5.0 (compatible; DotBot/1.1; http://www.opensiteexplorer.org/dotbot, help@moz.com)"
216.244.66.238 - - [28/Jan/2020:09:57:43 +0100] "GET /product/womens-woolen/7uptheme.com HTTP/1.1" 200 49 "-" "Mozilla/5.0 (compatible; DotBot/1.1; http://www.opensiteexplorer.org/dotbot, help@moz.com)"
216.244.66.238 - - [28/Jan/2020:10:26:55 +0100] "GET /product-tag/fashion/7uptheme.com HTTP/1.1" 200 49 "-" "Mozilla/5.0 (compatible; DotBot/1.1; http://www.opensiteexplorer.org/dotbot, help@moz.com)"
216.244.66.238 - - [28/Jan/2020:10:50:00 +0100] "GET /product-tag/men/?pa_color=red HTTP/1.1" 200 49 "-" "Mozilla/5.0 (compatible; DotBot/1.1; http://www.opensiteexplorer.org/dotbot, help@moz.com)"
216.244.66.238 - - [28/Jan/2020:10:52:43 +0100] "GET /product-tag/fashion/?pa_color=yellow HTTP/1.1" 200 49 "-" "Mozilla/5.0 (compatible; DotBot/1.1; http://www.opensiteexplorer.org/dotbot, help@moz.com)"
216.244.66.238 - - [28/Jan/2020:10:52:44 +0100] "GET /product-tag/watch/?add-to-cart=107 HTTP/1.1" 200 49 "-" "Mozilla/5.0 (compatible; DotBot/1.1; http://www.opensiteexplorer.org/dotbot, help@moz.com)"
173.252.127.11 - - [28/Jan/2020:11:23:50 +0100] "GET /contact HTTP/1.1" 206 49 "-" "facebookexternalhit/1.1 (+http://www.facebook.com/externalhit_uatext.php)"
173.252.127.17 - - [28/Jan/2020:11:23:51 +0100] "GET /about HTTP/1.1" 206 49 "-" "facebookexternalhit/1.1 (+http://www.facebook.com/externalhit_uatext.php)"
216.244.66.238 - - [28/Jan/2020:11:32:16 +0100] "GET /product-tag/food/?number=18 HTTP/1.1" 200 49 "-" "Mozilla/5.0 (compatible; DotBot/1.1; http://www.opensiteexplorer.org/dotbot, help@moz.com)"
216.244.66.238 - - [28/Jan/2020:11:34:47 +0100] "GET /product-tag/food/?pa_color=cyan HTTP/1.1" 200 49 "-" "Mozilla/5.0 (compatible; DotBot/1.1; http://www.opensiteexplorer.org/dotbot, help@moz.com)"
216.244.66.238 - - [28/Jan/2020:12:17:20 +0100] "GET /product-category/cosmetic/cream/ HTTP/1.1" 200 49 "-" "Mozilla/5.0 (compatible; DotBot/1.1; http://www.opensiteexplorer.org/dotbot, help@moz.com)"
216.244.66.238 - - [28/Jan/2020:13:02:51 +0100] "GET /product-tag/watch/?pa_color=green HTTP/1.1" 200 49 "-" "Mozilla/5.0 (compatible; DotBot/1.1; http://www.opensiteexplorer.org/dotbot, help@moz.com)"
31.13.127.19 - - [28/Jan/2020:13:28:35 +0100] "GET /contact HTTP/1.1" 206 49 "-" "facebookexternalhit/1.1 (+http://www.facebook.com/externalhit_uatext.php)"
31.13.127.18 - - [28/Jan/2020:13:28:35 +0100] "GET /about HTTP/1.1" 206 49 "-" "facebookexternalhit/1.1 (+http://www.facebook.com/externalhit_uatext.php)"
157.55.39.44 - - [28/Jan/2020:14:07:53 +0100] "GET /robots.txt HTTP/1.1" 200 49 "-" "Mozilla/5.0 (compatible; bingbot/2.0; +http://www.bing.com/bingbot.htm)"
157.55.39.51 - - [28/Jan/2020:14:08:04 +0100] "GET /robots.txt HTTP/1.1" 200 49 "-" "Mozilla/5.0 (compatible; bingbot/2.0; +http://www.bing.com/bingbot.htm)"
216.244.66.238 - - [28/Jan/2020:14:29:12 +0100] "GET /product-tag/food/?number=24 HTTP/1.1" 200 49 "-" "Mozilla/5.0 (compatible; DotBot/1.1; http://www.opensiteexplorer.org/dotbot, help@moz.com)"
72.139.96.238 - - [28/Jan/2020:14:42:38 +0100] "GET / HTTP/1.1" 200 49 "-" "Mozilla/5.0 (Windows NT 6.1; rv:60.0) Gecko/20100101 Firefox/60.0"
216.244.66.238 - - [28/Jan/2020:15:12:39 +0100] "GET /product-category/cosmetic/face/ HTTP/1.1" 200 49 "-" "Mozilla/5.0 (compatible; DotBot/1.1; http://www.opensiteexplorer.org/dotbot, help@moz.com)"
216.244.66.238 - - [28/Jan/2020:15:59:27 +0100] "GET /product-category/mobile/feed/ HTTP/1.1" 200 49 "-" "Mozilla/5.0 (compatible; DotBot/1.1; http://www.opensiteexplorer.org/dotbot, help@moz.com)"
216.244.66.238 - - [28/Jan/2020:16:06:43 +0100] "GET /product-tag/food/feed/ HTTP/1.1" 200 49 "-" "Mozilla/5.0 (compatible; DotBot/1.1; http://www.opensiteexplorer.org/dotbot, help@moz.com)"
216.244.66.238 - - [28/Jan/2020:16:20:25 +0100] "GET /product-tag/watch/?number=24 HTTP/1.1" 200 49 "-" "Mozilla/5.0 (compatible; DotBot/1.1; http://www.opensiteexplorer.org/dotbot, help@moz.com)"
216.244.66.238 - - [28/Jan/2020:16:23:01 +0100] "GET /product-category/cosmetic/highlight/ HTTP/1.1" 200 49 "-" "Mozilla/5.0 (compatible; DotBot/1.1; http://www.opensiteexplorer.org/dotbot, help@moz.com)"
216.244.66.238 - - [28/Jan/2020:18:02:41 +0100] "GET /product-tag/men/?pa_size=m HTTP/1.1" 200 49 "-" "Mozilla/5.0 (compatible; DotBot/1.1; http://www.opensiteexplorer.org/dotbot, help@moz.com)"
216.244.66.238 - - [28/Jan/2020:18:02:43 +0100] "GET /product-tag/watch/?number=12 HTTP/1.1" 200 49 "-" "Mozilla/5.0 (compatible; DotBot/1.1; http://www.opensiteexplorer.org/dotbot, help@moz.com)"
103.131.71.27 - - [28/Jan/2020:18:47:34 +0100] "GET /robots.txt HTTP/1.1" 200 49 "-" "Mozilla/5.0 (compatible; coccocbot-image/1.0; +http://help.coccoc.com/searchengine)"
216.244.66.238 - - [28/Jan/2020:19:37:58 +0100] "GET /product-tag/jewelry/?type=grid HTTP/1.1" 200 49 "-" "Mozilla/5.0 (compatible; DotBot/1.1; http://www.opensiteexplorer.org/dotbot, help@moz.com)"
216.244.66.238 - - [28/Jan/2020:19:40:26 +0100] "GET /product-tag/fashion/?pa_color=cyan HTTP/1.1" 200 49 "-" "Mozilla/5.0 (compatible; DotBot/1.1; http://www.opensiteexplorer.org/dotbot, help@moz.com)"
157.55.39.211 - - [28/Jan/2020:20:23:47 +0100] "GET / HTTP/1.1" 200 49 "-" "Mozilla/5.0 (compatible; bingbot/2.0; +http://www.bing.com/bingbot.htm)"
216.244.66.238 - - [28/Jan/2020:20:36:58 +0100] "GET /shop/page/3/7uptheme.com HTTP/1.1" 200 49 "-" "Mozilla/5.0 (compatible; DotBot/1.1; http://www.opensiteexplorer.org/dotbot, help@moz.com)"
216.244.66.238 - - [28/Jan/2020:21:19:54 +0100] "GET /product-tag/fashion/feed/ HTTP/1.1" 200 49 "-" "Mozilla/5.0 (compatible; DotBot/1.1; http://www.opensiteexplorer.org/dotbot, help@moz.com)"
216.244.66.238 - - [28/Jan/2020:21:31:37 +0100] "GET /product-tag/fashion/?number=9 HTTP/1.1" 200 49 "-" "Mozilla/5.0 (compatible; DotBot/1.1; http://www.opensiteexplorer.org/dotbot, help@moz.com)"
216.244.66.238 - - [28/Jan/2020:21:33:08 +0100] "GET /product-tag/fashion/?pa_size=xl HTTP/1.1" 200 49 "-" "Mozilla/5.0 (compatible; DotBot/1.1; http://www.opensiteexplorer.org/dotbot, help@moz.com)"
72.139.96.238 - - [28/Jan/2020:21:54:28 +0100] "GET / HTTP/1.1" 200 49 "-" "Mozilla/5.0 (Windows NT 6.1; rv:60.0) Gecko/20100101 Firefox/60.0"
216.244.66.238 - - [28/Jan/2020:22:03:47 +0100] "GET /shop/page/4/7uptheme.com HTTP/1.1" 200 49 "-" "Mozilla/5.0 (compatible; DotBot/1.1; http://www.opensiteexplorer.org/dotbot, help@moz.com)"
216.244.66.238 - - [28/Jan/2020:22:15:28 +0100] "GET /product-tag/fashion/?number=18 HTTP/1.1" 200 49 "-" "Mozilla/5.0 (compatible; DotBot/1.1; http://www.opensiteexplorer.org/dotbot, help@moz.com)"
216.244.66.238 - - [28/Jan/2020:22:18:13 +0100] "GET /product-tag/jewelry/?pa_color=blue HTTP/1.1" 200 49 "-" "Mozilla/5.0 (compatible; DotBot/1.1; http://www.opensiteexplorer.org/dotbot, help@moz.com)"
176.9.4.111 - - [28/Jan/2020:22:29:32 +0100] "GET /robots.txt HTTP/1.1" 200 49 "-" "Mozilla/5.0 (compatible; BLEXBot/1.0; +http://webmeup-crawler.com/)"
216.244.66.238 - - [28/Jan/2020:23:01:01 +0100] "GET /product-tag/watch/?add-to-cart=335 HTTP/1.1" 200 49 "-" "Mozilla/5.0 (compatible; DotBot/1.1; http://www.opensiteexplorer.org/dotbot, help@moz.com)"
216.244.66.238 - - [28/Jan/2020:23:27:01 +0100] "GET /shop/page/2/7uptheme.com HTTP/1.1" 200 49 "-" "Mozilla/5.0 (compatible; DotBot/1.1; http://www.opensiteexplorer.org/dotbot, help@moz.com)"
216.244.66.238 - - [28/Jan/2020:23:39:36 +0100] "GET /product-tag/jewelry/?number=24 HTTP/1.1" 200 49 "-" "Mozilla/5.0 (compatible; DotBot/1.1; http://www.opensiteexplorer.org/dotbot, help@moz.com)"
216.244.66.238 - - [28/Jan/2020:23:44:39 +0100] "GET /product-tag/jewelry/?add-to-cart=193 HTTP/1.1" 200 49 "-" "Mozilla/5.0 (compatible; DotBot/1.1; http://www.opensiteexplorer.org/dotbot, help@moz.com)"
216.244.66.238 - - [28/Jan/2020:23:44:40 +0100] "GET /product-tag/men/?add-to-cart=193 HTTP/1.1" 200 49 "-" "Mozilla/5.0 (compatible; DotBot/1.1; http://www.opensiteexplorer.org/dotbot, help@moz.com)"
216.244.66.238 - - [28/Jan/2020:23:45:13 +0100] "GET /shop-no-sidebar/page/4/ HTTP/1.1" 200 49 "-" "Mozilla/5.0 (compatible; DotBot/1.1; http://www.opensiteexplorer.org/dotbot, help@moz.com)"
216.244.66.238 - - [29/Jan/2020:00:23:29 +0100] "GET /product-tag/watch/?number=48 HTTP/1.1" 200 49 "-" "Mozilla/5.0 (compatible; DotBot/1.1; http://www.opensiteexplorer.org/dotbot, help@moz.com)"
216.244.66.238 - - [29/Jan/2020:01:13:15 +0100] "GET /product-tag/men/?action=yith-woocompare-add-product&id=339 HTTP/1.1" 200 49 "-" "Mozilla/5.0 (compatible; DotBot/1.1; http://www.opensiteexplorer.org/dotbot, help@moz.com)"
216.244.66.238 - - [29/Jan/2020:01:56:34 +0100] "GET /product/lacoste-sport/7uptheme.com HTTP/1.1" 200 49 "-" "Mozilla/5.0 (compatible; DotBot/1.1; http://www.opensiteexplorer.org/dotbot, help@moz.com)"
103.131.71.23 - - [29/Jan/2020:02:16:43 +0100] "GET /robots.txt HTTP/1.1" 200 49 "-" "Mozilla/5.0 (compatible; coccocbot-image/1.0; +http://help.coccoc.com/searchengine)"
216.244.66.238 - - [29/Jan/2020:02:33:44 +0100] "GET /product-tag/food/?pa_size=l HTTP/1.1" 200 49 "-" "Mozilla/5.0 (compatible; DotBot/1.1; http://www.opensiteexplorer.org/dotbot, help@moz.com)"
216.244.66.238 - - [29/Jan/2020:03:20:33 +0100] "GET /product-category/accessories/7uptheme.com HTTP/1.1" 200 49 "-" "Mozilla/5.0 (compatible; DotBot/1.1; http://www.opensiteexplorer.org/dotbot, help@moz.com)"
216.244.66.238 - - [29/Jan/2020:04:00:45 +0100] "GET /product-tag/fashion/?number=12 HTTP/1.1" 200 49 "-" "Mozilla/5.0 (compatible; DotBot/1.1; http://www.opensiteexplorer.org/dotbot, help@moz.com)"
216.244.66.238 - - [29/Jan/2020:04:40:59 +0100] "GET /product-tag/men/?number=48 HTTP/1.1" 200 49 "-" "Mozilla/5.0 (compatible; DotBot/1.1; http://www.opensiteexplorer.org/dotbot, help@moz.com)"
216.244.66.238 - - [29/Jan/2020:05:24:19 +0100] "GET /product-tag/watch/?pa_size=l HTTP/1.1" 200 49 "-" "Mozilla/5.0 (compatible; DotBot/1.1; http://www.opensiteexplorer.org/dotbot, help@moz.com)"
177.19.165.26 - - [29/Jan/2020:05:34:20 +0100] "GET / HTTP/1.1" 200 49 "-" "Mozilla/5.0 (Windows NT 6.1; rv:60.0) Gecko/20100101 Firefox/60.0"
216.244.66.238 - - [29/Jan/2020:05:48:25 +0100] "GET /product-tag/food/7uptheme.com HTTP/1.1" 200 49 "-" "Mozilla/5.0 (compatible; DotBot/1.1; http://www.opensiteexplorer.org/dotbot, help@moz.com)"
216.244.66.238 - - [29/Jan/2020:06:05:36 +0100] "GET /product-tag/food/?number=48 HTTP/1.1" 200 49 "-" "Mozilla/5.0 (compatible; DotBot/1.1; http://www.opensiteexplorer.org/dotbot, help@moz.com)"
216.244.66.238 - - [29/Jan/2020:06:12:54 +0100] "GET /product/movado-metallic/feed/ HTTP/1.1" 200 49 "-" "Mozilla/5.0 (compatible; DotBot/1.1; http://www.opensiteexplorer.org/dotbot, help@moz.com)"
216.244.66.238 - - [29/Jan/2020:06:12:55 +0100] "GET /shop-right-sidebar/page/2/ HTTP/1.1" 200 49 "-" "Mozilla/5.0 (compatible; DotBot/1.1; http://www.opensiteexplorer.org/dotbot, help@moz.com)"
216.244.66.238 - - [29/Jan/2020:06:31:57 +0100] "GET /product-category/shoes-bags/feed/ HTTP/1.1" 200 49 "-" "Mozilla/5.0 (compatible; DotBot/1.1; http://www.opensiteexplorer.org/dotbot, help@moz.com)"
216.244.66.238 - - [29/Jan/2020:06:51:28 +0100] "GET /product-category/electronics/page/2/ HTTP/1.1" 200 49 "-" "Mozilla/5.0 (compatible; DotBot/1.1; http://www.opensiteexplorer.org/dotbot, help@moz.com)"
31.13.127.17 - - [29/Jan/2020:07:39:12 +0100] "GET /about HTTP/1.1" 206 49 "-" "facebookexternalhit/1.1 (+http://www.facebook.com/externalhit_uatext.php)"
31.13.127.11 - - [29/Jan/2020:07:39:12 +0100] "GET /contact HTTP/1.1" 206 49 "-" "facebookexternalhit/1.1 (+http://www.facebook.com/externalhit_uatext.php)"
216.244.66.238 - - [29/Jan/2020:07:59:05 +0100] "GET /product-tag/food/?type=list HTTP/1.1" 200 49 "-" "Mozilla/5.0 (compatible; DotBot/1.1; http://www.opensiteexplorer.org/dotbot, help@moz.com)"
216.244.66.238 - - [29/Jan/2020:07:59:46 +0100] "GET /product-tag/jewelry/?pa_size=m HTTP/1.1" 200 49 "-" "Mozilla/5.0 (compatible; DotBot/1.1; http://www.opensiteexplorer.org/dotbot, help@moz.com)"
216.244.66.238 - - [29/Jan/2020:08:02:23 +0100] "GET /product-tag/food/?pa_color=green HTTP/1.1" 200 49 "-" "Mozilla/5.0 (compatible; DotBot/1.1; http://www.opensiteexplorer.org/dotbot, help@moz.com)"
216.244.66.238 - - [29/Jan/2020:08:16:13 +0100] "GET /home-11/?action=yith-woocompare-add-product&id=339 HTTP/1.1" 200 49 "-" "Mozilla/5.0 (compatible; DotBot/1.1; http://www.opensiteexplorer.org/dotbot, help@moz.com)"
216.244.66.238 - - [29/Jan/2020:08:16:13 +0100] "GET /home-12/?action=yith-woocompare-add-product&id=183 HTTP/1.1" 200 49 "-" "Mozilla/5.0 (compatible; DotBot/1.1; http://www.opensiteexplorer.org/dotbot, help@moz.com)"
216.244.66.238 - - [29/Jan/2020:08:16:14 +0100] "GET /home-16/?action=yith-woocompare-add-product&id=184 HTTP/1.1" 200 49 "-" "Mozilla/5.0 (compatible; DotBot/1.1; http://www.opensiteexplorer.org/dotbot, help@moz.com)"
216.244.66.238 - - [29/Jan/2020:08:16:15 +0100] "GET /home-2/?action=yith-woocompare-add-product&id=195 HTTP/1.1" 200 49 "-" "Mozilla/5.0 (compatible; DotBot/1.1; http://www.opensiteexplorer.org/dotbot, help@moz.com)"
216.244.66.238 - - [29/Jan/2020:08:16:16 +0100] "GET /home-4/?action=yith-woocompare-add-product&id=188 HTTP/1.1" 200 49 "-" "Mozilla/5.0 (compatible; DotBot/1.1; http://www.opensiteexplorer.org/dotbot, help@moz.com)"
216.244.66.238 - - [29/Jan/2020:08:16:17 +0100] "GET /product-category/electronics/?number=6&pa_color=yellow HTTP/1.1" 200 49 "-" "Mozilla/5.0 (compatible; DotBot/1.1; http://www.opensiteexplorer.org/dotbot, help@moz.com)"
216.244.66.238 - - [29/Jan/2020:08:16:18 +0100] "GET /product-tag/jewelry/?add_to_wishlist=339 HTTP/1.1" 200 49 "-" "Mozilla/5.0 (compatible; DotBot/1.1; http://www.opensiteexplorer.org/dotbot, help@moz.com)"
216.244.66.238 - - [29/Jan/2020:08:16:19 +0100] "GET /shop/?product_cat=watches&add_to_wishlist=200 HTTP/1.1" 200 49 "-" "Mozilla/5.0 (compatible; DotBot/1.1; http://www.opensiteexplorer.org/dotbot, help@moz.com)"
216.244.66.238 - - [29/Jan/2020:08:44:14 +0100] "GET /product-tag/men/?pa_size=xl HTTP/1.1" 200 49 "-" "Mozilla/5.0 (compatible; DotBot/1.1; http://www.opensiteexplorer.org/dotbot, help@moz.com)"
216.244.66.238 - - [29/Jan/2020:08:46:03 +0100] "GET /product/wonder-stick/7uptheme.com HTTP/1.1" 200 49 "-" "Mozilla/5.0 (compatible; DotBot/1.1; http://www.opensiteexplorer.org/dotbot, help@moz.com)"
216.244.66.238 - - [29/Jan/2020:08:57:30 +0100] "GET /product-tag/watch/?product_cat=watches HTTP/1.1" 200 49 "-" "Mozilla/5.0 (compatible; DotBot/1.1; http://www.opensiteexplorer.org/dotbot, help@moz.com)"
216.244.66.238 - - [29/Jan/2020:09:00:33 +0100] "GET /home-13/?action=yith-woocompare-add-product&id=104 HTTP/1.1" 200 49 "-" "Mozilla/5.0 (compatible; DotBot/1.1; http://www.opensiteexplorer.org/dotbot, help@moz.com)"
216.244.66.238 - - [29/Jan/2020:09:00:34 +0100] "GET /home-15/?action=yith-woocompare-add-product&id=200 HTTP/1.1" 200 49 "-" "Mozilla/5.0 (compatible; DotBot/1.1; http://www.opensiteexplorer.org/dotbot, help@moz.com)"
216.244.66.238 - - [29/Jan/2020:09:00:35 +0100] "GET /home-16/?action=yith-woocompare-add-product&id=105 HTTP/1.1" 200 49 "-" "Mozilla/5.0 (compatible; DotBot/1.1; http://www.opensiteexplorer.org/dotbot, help@moz.com)"
216.244.66.238 - - [29/Jan/2020:09:00:37 +0100] "GET /home-16/?action=yith-woocompare-add-product&id=190 HTTP/1.1" 200 49 "-" "Mozilla/5.0 (compatible; DotBot/1.1; http://www.opensiteexplorer.org/dotbot, help@moz.com)"
216.244.66.238 - - [29/Jan/2020:09:00:39 +0100] "GET /home-3/?action=yith-woocompare-add-product&id=330 HTTP/1.1" 200 49 "-" "Mozilla/5.0 (compatible; DotBot/1.1; http://www.opensiteexplorer.org/dotbot, help@moz.com)"
216.244.66.238 - - [29/Jan/2020:09:00:40 +0100] "GET /home-9/?action=yith-woocompare-add-product&id=196 HTTP/1.1" 200 49 "-" "Mozilla/5.0 (compatible; DotBot/1.1; http://www.opensiteexplorer.org/dotbot, help@moz.com)"
216.244.66.238 - - [29/Jan/2020:09:00:41 +0100] "GET /shop-right-sidebar/?action=yith-woocompare-add-product&id=193 HTTP/1.1" 200 49 "-" "Mozilla/5.0 (compatible; DotBot/1.1; http://www.opensiteexplorer.org/dotbot, help@moz.com)"
216.244.66.238 - - [29/Jan/2020:09:20:58 +0100] "GET /product-tag/fashion/?pa_size=l HTTP/1.1" 200 49 "-" "Mozilla/5.0 (compatible; DotBot/1.1; http://www.opensiteexplorer.org/dotbot, help@moz.com)"
216.244.66.238 - - [29/Jan/2020:09:32:45 +0100] "GET /product-tag/food/?action=yith-woocompare-add-product&id=107 HTTP/1.1" 200 49 "-" "Mozilla/5.0 (compatible; DotBot/1.1; http://www.opensiteexplorer.org/dotbot, help@moz.com)"
216.244.66.238 - - [29/Jan/2020:09:41:34 +0100] "GET /home-10/?action=yith-woocompare-add-product&id=330 HTTP/1.1" 200 49 "-" "Mozilla/5.0 (compatible; DotBot/1.1; http://www.opensiteexplorer.org/dotbot, help@moz.com)"
216.244.66.238 - - [29/Jan/2020:09:41:35 +0100] "GET /home-10/?action=yith-woocompare-add-product&id=334 HTTP/1.1" 200 49 "-" "Mozilla/5.0 (compatible; DotBot/1.1; http://www.opensiteexplorer.org/dotbot, help@moz.com)"
216.244.66.238 - - [29/Jan/2020:09:41:36 +0100] "GET /home-15/?action=yith-woocompare-add-product&id=104 HTTP/1.1" 200 49 "-" "Mozilla/5.0 (compatible; DotBot/1.1; http://www.opensiteexplorer.org/dotbot, help@moz.com)"
216.244.66.238 - - [29/Jan/2020:09:41:37 +0100] "GET /home-16/?action=yith-woocompare-add-product&id=195 HTTP/1.1" 200 49 "-" "Mozilla/5.0 (compatible; DotBot/1.1; http://www.opensiteexplorer.org/dotbot, help@moz.com)"
216.244.66.238 - - [29/Jan/2020:09:41:38 +0100] "GET /home-8/?action=yith-woocompare-add-product&id=189 HTTP/1.1" 200 49 "-" "Mozilla/5.0 (compatible; DotBot/1.1; http://www.opensiteexplorer.org/dotbot, help@moz.com)"
216.244.66.238 - - [29/Jan/2020:09:41:39 +0100] "GET /product-category/jewelry/?add-to-cart=199&pa_color=red HTTP/1.1" 200 49 "-" "Mozilla/5.0 (compatible; DotBot/1.1; http://www.opensiteexplorer.org/dotbot, help@moz.com)"
216.244.66.238 - - [29/Jan/2020:09:41:41 +0100] "GET /product-tag/fashion/?add_to_wishlist=105 HTTP/1.1" 200 49 "-" "Mozilla/5.0 (compatible; DotBot/1.1; http://www.opensiteexplorer.org/dotbot, help@moz.com)"
216.244.66.238 - - [29/Jan/2020:09:41:42 +0100] "GET /shop/?product_cat=fashion&add_to_wishlist=339 HTTP/1.1" 200 49 "-" "Mozilla/5.0 (compatible; DotBot/1.1; http://www.opensiteexplorer.org/dotbot, help@moz.com)"
216.244.66.238 - - [29/Jan/2020:09:52:45 +0100] "GET /robots.txt HTTP/1.1" 200 49 "-" "Mozilla/5.0 (compatible; DotBot/1.1; http://www.opensiteexplorer.org/dotbot, help@moz.com)"
157.55.39.51 - - [29/Jan/2020:10:13:30 +0100] "GET /robots.txt HTTP/1.1" 200 49 "-" "Mozilla/5.0 (compatible; bingbot/2.0; +http://www.bing.com/bingbot.htm)"
216.244.66.238 - - [29/Jan/2020:10:22:49 +0100] "GET /home-11/?action=yith-woocompare-add-product&id=186 HTTP/1.1" 200 49 "-" "Mozilla/5.0 (compatible; DotBot/1.1; http://www.opensiteexplorer.org/dotbot, help@moz.com)"
216.244.66.238 - - [29/Jan/2020:10:22:52 +0100] "GET /home-12/?action=yith-woocompare-add-product&id=190 HTTP/1.1" 200 49 "-" "Mozilla/5.0 (compatible; DotBot/1.1; http://www.opensiteexplorer.org/dotbot, help@moz.com)"
216.244.66.238 - - [29/Jan/2020:10:22:52 +0100] "GET /home-11/?action=yith-woocompare-add-product&id=336 HTTP/1.1" 200 49 "-" "Mozilla/5.0 (compatible; DotBot/1.1; http://www.opensiteexplorer.org/dotbot, help@moz.com)"
216.244.66.238 - - [29/Jan/2020:10:22:57 +0100] "GET /home-13/?action=yith-woocompare-add-product&id=188 HTTP/1.1" 200 49 "-" "Mozilla/5.0 (compatible; DotBot/1.1; http://www.opensiteexplorer.org/dotbot, help@moz.com)"
216.244.66.238 - - [29/Jan/2020:10:22:58 +0100] "GET /home-13/?action=yith-woocompare-add-product&id=192 HTTP/1.1" 200 49 "-" "Mozilla/5.0 (compatible; DotBot/1.1; http://www.opensiteexplorer.org/dotbot, help@moz.com)"
216.244.66.238 - - [29/Jan/2020:10:22:59 +0100] "GET /home-2/?action=yith-woocompare-add-product&id=199 HTTP/1.1" 200 49 "-" "Mozilla/5.0 (compatible; DotBot/1.1; http://www.opensiteexplorer.org/dotbot, help@moz.com)"
216.244.66.238 - - [29/Jan/2020:10:23:00 +0100] "GET /home-6/?action=yith-woocompare-add-product&id=328 HTTP/1.1" 200 49 "-" "Mozilla/5.0 (compatible; DotBot/1.1; http://www.opensiteexplorer.org/dotbot, help@moz.com)"
216.244.66.238 - - [29/Jan/2020:10:23:01 +0100] "GET /home-8/?action=yith-woocompare-add-product&id=182 HTTP/1.1" 200 49 "-" "Mozilla/5.0 (compatible; DotBot/1.1; http://www.opensiteexplorer.org/dotbot, help@moz.com)"
216.244.66.238 - - [29/Jan/2020:10:23:02 +0100] "GET /home-13/?action=yith-woocompare-add-product&id=200 HTTP/1.1" 200 49 "-" "Mozilla/5.0 (compatible; DotBot/1.1; http://www.opensiteexplorer.org/dotbot, help@moz.com)"
216.244.66.238 - - [29/Jan/2020:10:23:09 +0100] "GET /home-9/?action=yith-woocompare-add-product&id=337 HTTP/1.1" 200 49 "-" "Mozilla/5.0 (compatible; DotBot/1.1; http://www.opensiteexplorer.org/dotbot, help@moz.com)"
216.244.66.238 - - [29/Jan/2020:10:23:11 +0100] "GET /shop/?add-to-cart=193&product_cat=furniture HTTP/1.1" 200 49 "-" "Mozilla/5.0 (compatible; DotBot/1.1; http://www.opensiteexplorer.org/dotbot, help@moz.com)"
216.244.66.238 - - [29/Jan/2020:10:42:52 +0100] "GET /product-tag/food/?pa_size=s HTTP/1.1" 200 49 "-" "Mozilla/5.0 (compatible; DotBot/1.1; http://www.opensiteexplorer.org/dotbot, help@moz.com)"
216.244.66.238 - - [29/Jan/2020:10:43:23 +0100] "GET /product-tag/fashion/?number=48 HTTP/1.1" 200 49 "-" "Mozilla/5.0 (compatible; DotBot/1.1; http://www.opensiteexplorer.org/dotbot, help@moz.com)"
216.244.66.238 - - [29/Jan/2020:10:46:44 +0100] "GET /product-tag/fashion/?add-to-cart=193 HTTP/1.1" 200 49 "-" "Mozilla/5.0 (compatible; DotBot/1.1; http://www.opensiteexplorer.org/dotbot, help@moz.com)"
216.244.66.238 - - [29/Jan/2020:11:05:35 +0100] "GET /home-10/?action=yith-woocompare-add-product&id=190 HTTP/1.1" 200 49 "-" "Mozilla/5.0 (compatible; DotBot/1.1; http://www.opensiteexplorer.org/dotbot, help@moz.com)"
216.244.66.238 - - [29/Jan/2020:11:05:37 +0100] "GET /home-3/?action=yith-woocompare-add-product&id=200 HTTP/1.1" 200 49 "-" "Mozilla/5.0 (compatible; DotBot/1.1; http://www.opensiteexplorer.org/dotbot, help@moz.com)"
216.244.66.238 - - [29/Jan/2020:11:05:37 +0100] "GET /home-11/?action=yith-woocompare-add-product&id=192 HTTP/1.1" 200 49 "-" "Mozilla/5.0 (compatible; DotBot/1.1; http://www.opensiteexplorer.org/dotbot, help@moz.com)"
216.244.66.238 - - [29/Jan/2020:11:05:39 +0100] "GET /home-5/?action=yith-woocompare-add-product&id=333 HTTP/1.1" 200 49 "-" "Mozilla/5.0 (compatible; DotBot/1.1; http://www.opensiteexplorer.org/dotbot, help@moz.com)"
216.244.66.238 - - [29/Jan/2020:11:05:40 +0100] "GET /home-8/?action=yith-woocompare-add-product&id=339 HTTP/1.1" 200 49 "-" "Mozilla/5.0 (compatible; DotBot/1.1; http://www.opensiteexplorer.org/dotbot, help@moz.com)"
216.244.66.238 - - [29/Jan/2020:11:05:41 +0100] "GET /home-9/?action=yith-woocompare-add-product&id=189 HTTP/1.1" 200 49 "-" "Mozilla/5.0 (compatible; DotBot/1.1; http://www.opensiteexplorer.org/dotbot, help@moz.com)"
216.244.66.238 - - [29/Jan/2020:11:05:41 +0100] "GET /product-tag/food/?product_cat=furniture HTTP/1.1" 200 49 "-" "Mozilla/5.0 (compatible; DotBot/1.1; http://www.opensiteexplorer.org/dotbot, help@moz.com)"
31.13.127.12 - - [29/Jan/2020:11:08:38 +0100] "GET /contact HTTP/1.1" 206 49 "-" "facebookexternalhit/1.1 (+http://www.facebook.com/externalhit_uatext.php)"
31.13.127.3 - - [29/Jan/2020:11:08:38 +0100] "GET /about HTTP/1.1" 206 49 "-" "facebookexternalhit/1.1 (+http://www.facebook.com/externalhit_uatext.php)"
216.244.66.238 - - [29/Jan/2020:11:26:29 +0100] "GET /product-tag/men/?pa_size=l HTTP/1.1" 200 49 "-" "Mozilla/5.0 (compatible; DotBot/1.1; http://www.opensiteexplorer.org/dotbot, help@moz.com)"
216.244.66.238 - - [29/Jan/2020:11:29:22 +0100] "GET /product-tag/men/?pa_color=green HTTP/1.1" 200 49 "-" "Mozilla/5.0 (compatible; DotBot/1.1; http://www.opensiteexplorer.org/dotbot, help@moz.com)"
216.244.66.238 - - [29/Jan/2020:11:33:23 +0100] "GET /tag/shop/7uptheme.com HTTP/1.1" 200 49 "-" "Mozilla/5.0 (compatible; DotBot/1.1; http://www.opensiteexplorer.org/dotbot, help@moz.com)"
216.244.66.238 - - [29/Jan/2020:11:38:05 +0100] "GET /product-tag/fashion/?action=yith-woocompare-add-product&id=339 HTTP/1.1" 200 49 "-" "Mozilla/5.0 (compatible; DotBot/1.1; http://www.opensiteexplorer.org/dotbot, help@moz.com)"
216.244.66.238 - - [29/Jan/2020:11:39:08 +0100] "GET /product-tag/food/?action=yith-woocompare-add-product&id=335 HTTP/1.1" 200 49 "-" "Mozilla/5.0 (compatible; DotBot/1.1; http://www.opensiteexplorer.org/dotbot, help@moz.com)"
216.244.66.238 - - [29/Jan/2020:11:39:09 +0100] "GET /product-tag/watch/?product_cat=fashion HTTP/1.1" 200 49 "-" "Mozilla/5.0 (compatible; DotBot/1.1; http://www.opensiteexplorer.org/dotbot, help@moz.com)"
216.244.66.238 - - [29/Jan/2020:11:45:12 +0100] "GET /home-3/?action=yith-woocompare-add-product&id=329 HTTP/1.1" 200 49 "-" "Mozilla/5.0 (compatible; DotBot/1.1; http://www.opensiteexplorer.org/dotbot, help@moz.com)"
216.244.66.238 - - [29/Jan/2020:11:45:14 +0100] "GET /home-3/?action=yith-woocompare-add-product&id=339 HTTP/1.1" 200 49 "-" "Mozilla/5.0 (compatible; DotBot/1.1; http://www.opensiteexplorer.org/dotbot, help@moz.com)"
216.244.66.238 - - [29/Jan/2020:11:45:15 +0100] "GET /home-5/?action=yith-woocompare-add-product&id=107 HTTP/1.1" 200 49 "-" "Mozilla/5.0 (compatible; DotBot/1.1; http://www.opensiteexplorer.org/dotbot, help@moz.com)"
216.244.66.238 - - [29/Jan/2020:11:45:16 +0100] "GET /home-9/?action=yith-woocompare-add-product&id=195 HTTP/1.1" 200 49 "-" "Mozilla/5.0 (compatible; DotBot/1.1; http://www.opensiteexplorer.org/dotbot, help@moz.com)"
216.244.66.238 - - [29/Jan/2020:11:45:16 +0100] "GET /product-tag/men/?product_cat=furniture HTTP/1.1" 200 49 "-" "Mozilla/5.0 (compatible; DotBot/1.1; http://www.opensiteexplorer.org/dotbot, help@moz.com)"
216.244.66.238 - - [29/Jan/2020:11:45:17 +0100] "GET /shop/?product_cat=watches&add_to_wishlist=102 HTTP/1.1" 200 49 "-" "Mozilla/5.0 (compatible; DotBot/1.1; http://www.opensiteexplorer.org/dotbot, help@moz.com)"
216.244.66.238 - - [29/Jan/2020:12:17:38 +0100] "GET /author/7uptheme/7uptheme.com HTTP/1.1" 200 49 "-" "Mozilla/5.0 (compatible; DotBot/1.1; http://www.opensiteexplorer.org/dotbot, help@moz.com)"
216.244.66.238 - - [29/Jan/2020:12:17:42 +0100] "GET /product/lakeside/7uptheme.com HTTP/1.1" 200 49 "-" "Mozilla/5.0 (compatible; DotBot/1.1; http://www.opensiteexplorer.org/dotbot, help@moz.com)"
50.87.248.20 - - [29/Jan/2020:12:27:56 +0100] "HEAD /wp-admin/ HTTP/1.1" 302 - "https://vshoped.com" "Mozilla/5.0 (Windows NT 10.0; Win64; x64) AppleWebKit/537.36 (KHTML, like Gecko) Chrome/70.0.3538.102 Safari/537.36"
216.244.66.238 - - [29/Jan/2020:12:28:13 +0100] "GET /home-16/?action=yith-woocompare-add-product&id=103 HTTP/1.1" 200 49 "-" "Mozilla/5.0 (compatible; DotBot/1.1; http://www.opensiteexplorer.org/dotbot, help@moz.com)"
216.244.66.238 - - [29/Jan/2020:12:28:14 +0100] "GET /home-3/?action=yith-woocompare-add-product&id=333 HTTP/1.1" 200 49 "-" "Mozilla/5.0 (compatible; DotBot/1.1; http://www.opensiteexplorer.org/dotbot, help@moz.com)"
216.244.66.238 - - [29/Jan/2020:12:28:15 +0100] "GET /home-4/?action=yith-woocompare-add-product&id=198 HTTP/1.1" 200 49 "-" "Mozilla/5.0 (compatible; DotBot/1.1; http://www.opensiteexplorer.org/dotbot, help@moz.com)"
216.244.66.238 - - [29/Jan/2020:12:28:16 +0100] "GET /home-6/?action=yith-woocompare-add-product&id=337 HTTP/1.1" 200 49 "-" "Mozilla/5.0 (compatible; DotBot/1.1; http://www.opensiteexplorer.org/dotbot, help@moz.com)"
216.244.66.238 - - [29/Jan/2020:12:28:17 +0100] "GET /home-8/?action=yith-woocompare-add-product&id=200 HTTP/1.1" 200 49 "-" "Mozilla/5.0 (compatible; DotBot/1.1; http://www.opensiteexplorer.org/dotbot, help@moz.com)"
216.244.66.238 - - [29/Jan/2020:12:28:18 +0100] "GET /shop/?add_to_wishlist=332&product_cat=watches HTTP/1.1" 200 49 "-" "Mozilla/5.0 (compatible; DotBot/1.1; http://www.opensiteexplorer.org/dotbot, help@moz.com)"
176.31.116.194 - - [29/Jan/2020:12:28:04 +0100] "POST /wp-cron.php?doing_wp_cron=1580297283.8801419734954833984375 HTTP/1.1" 200 - "http://megastore.7uptheme.net/wp-cron.php?doing_wp_cron=1580297283.8801419734954833984375" "WordPress/5.1.4; https://megastore.7uptheme.net"
195.9.49.210 - - [29/Jan/2020:12:44:13 +0100] "GET / HTTP/1.1" 200 49 "-" "Mozilla/5.0 (Windows NT 6.1; rv:60.0) Gecko/20100101 Firefox/60.0"
101.21.148.27 - - [29/Jan/2020:12:57:22 +0100] "GET /static/.gitignore HTTP/1.1" 200 49 "-" "Mozilla/5.0 (Windows NT 10.0; WOW64; rv:48.0) Gecko/20100101 Firefox/48.0"
216.244.66.238 - - [29/Jan/2020:13:02:20 +0100] "GET /product-tag/food/?action=yith-woocompare-add-product&id=105 HTTP/1.1" 200 49 "-" "Mozilla/5.0 (compatible; DotBot/1.1; http://www.opensiteexplorer.org/dotbot, help@moz.com)"
216.244.66.238 - - [29/Jan/2020:13:09:26 +0100] "GET /home-13/?action=yith-woocompare-add-product&id=197 HTTP/1.1" 200 49 "-" "Mozilla/5.0 (compatible; DotBot/1.1; http://www.opensiteexplorer.org/dotbot, help@moz.com)"
216.244.66.238 - - [29/Jan/2020:13:09:26 +0100] "GET /home-13/?action=yith-woocompare-add-product&id=337 HTTP/1.1" 200 49 "-" "Mozilla/5.0 (compatible; DotBot/1.1; http://www.opensiteexplorer.org/dotbot, help@moz.com)"
216.244.66.238 - - [29/Jan/2020:13:09:27 +0100] "GET /home-14/?action=yith-woocompare-add-product&id=183 HTTP/1.1" 200 49 "-" "Mozilla/5.0 (compatible; DotBot/1.1; http://www.opensiteexplorer.org/dotbot, help@moz.com)"
216.244.66.238 - - [29/Jan/2020:13:09:28 +0100] "GET /home-14/?action=yith-woocompare-add-product&id=190 HTTP/1.1" 200 49 "-" "Mozilla/5.0 (compatible; DotBot/1.1; http://www.opensiteexplorer.org/dotbot, help@moz.com)"
216.244.66.238 - - [29/Jan/2020:13:09:29 +0100] "GET /home-16/?action=yith-woocompare-add-product&id=107 HTTP/1.1" 200 49 "-" "Mozilla/5.0 (compatible; DotBot/1.1; http://www.opensiteexplorer.org/dotbot, help@moz.com)"
216.244.66.238 - - [29/Jan/2020:13:09:30 +0100] "GET /home-2/?action=yith-woocompare-add-product&id=193 HTTP/1.1" 200 49 "-" "Mozilla/5.0 (compatible; DotBot/1.1; http://www.opensiteexplorer.org/dotbot, help@moz.com)"
