157.55.39.202 - - [03/Mar/2020:13:17:29 +0100] "GET / HTTP/1.1" 200 49 "-" "Mozilla/5.0 (compatible; bingbot/2.0; +http://www.bing.com/bingbot.htm)"
216.244.66.238 - - [03/Mar/2020:15:59:00 +0100] "GET /robots.txt HTTP/1.1" 200 49 "-" "Mozilla/5.0 (compatible; DotBot/1.1; http://www.opensiteexplorer.org/dotbot, help@moz.com)"
114.119.139.185 - - [03/Mar/2020:17:08:58 +0100] "GET /robots.txt HTTP/1.1" 200 49 "-" "Mozilla/5.0(Linux;Android 5.1.1;OPPO A33 Build/LMY47V;wv) AppleWebKit/537.36(KHTML,link Gecko) Version/4.0 Chrome/43.0.2357.121 Mobile Safari/537.36"
157.55.39.174 - - [03/Mar/2020:20:28:03 +0100] "GET /robots.txt HTTP/1.1" 200 49 "-" "msnbot/2.0b (+http://search.msn.com/msnbot.htm)"
157.55.39.174 - - [03/Mar/2020:20:28:03 +0100] "GET /robots.txt HTTP/1.1" 200 49 "-" "msnbot/2.0b (+http://search.msn.com/msnbot.htm)"
157.55.39.174 - - [04/Mar/2020:04:43:40 +0100] "GET /robots.txt HTTP/1.1" 200 49 "-" "msnbot/2.0b (+http://search.msn.com/msnbot.htm)"
31.13.115.17 - - [04/Mar/2020:08:25:16 +0100] "GET /contact HTTP/1.1" 206 49 "-" "facebookexternalhit/1.1 (+http://www.facebook.com/externalhit_uatext.php)"
31.13.115.9 - - [04/Mar/2020:08:25:18 +0100] "GET /about HTTP/1.1" 206 49 "-" "facebookexternalhit/1.1 (+http://www.facebook.com/externalhit_uatext.php)"
40.77.167.43 - - [04/Mar/2020:10:58:03 +0100] "GET / HTTP/1.1" 200 49 "-" "Mozilla/5.0 (compatible; bingbot/2.0; +http://www.bing.com/bingbot.htm)"
66.249.79.81 - - [04/Mar/2020:11:49:14 +0100] "GET /robots.txt HTTP/1.1" 200 49 "-" "Mozilla/5.0 (compatible; Googlebot/2.1; +http://www.google.com/bot.html)"
66.249.79.81 - - [04/Mar/2020:11:49:14 +0100] "GET / HTTP/1.1" 200 49 "-" "Mozilla/5.0 (Linux; Android 6.0.1; Nexus 5X Build/MMB29P) AppleWebKit/537.36 (KHTML, like Gecko) Chrome/41.0.2272.96 Mobile Safari/537.36 (compatible; Googlebot/2.1; +http://www.google.com/bot.html)"
40.77.167.116 - - [04/Mar/2020:19:18:28 +0100] "GET /robots.txt HTTP/1.1" 200 49 "-" "msnbot/2.0b (+http://search.msn.com/msnbot.htm)"
204.48.29.202 - - [04/Mar/2020:19:26:22 +0100] "GET / HTTP/1.1" 200 49 "-" "Mozilla/5.0 (Windows NT 10.0; Win64; x64) AppleWebKit/537.36 (KHTML, like Gecko) Chrome/63.0.3239.132 Safari/537.36"
204.48.29.202 - - [04/Mar/2020:19:26:27 +0100] "GET /wp-includes/wlwmanifest.xml HTTP/1.1" 200 1045 "-" "Mozilla/5.0 (Windows NT 10.0; Win64; x64) AppleWebKit/537.36 (KHTML, like Gecko) Chrome/63.0.3239.132 Safari/537.36"
204.48.29.202 - - [04/Mar/2020:19:26:33 +0100] "GET /?author=1 HTTP/1.1" 200 49 "-" "Mozilla/5.0 (Windows NT 10.0; Win64; x64) AppleWebKit/537.36 (KHTML, like Gecko) Chrome/63.0.3239.132 Safari/537.36"
204.48.29.202 - - [04/Mar/2020:19:26:38 +0100] "GET /wp-json/wp/v2/users/ HTTP/1.1" 200 49 "-" "Mozilla/5.0 (Windows NT 10.0; Win64; x64) AppleWebKit/537.36 (KHTML, like Gecko) Chrome/63.0.3239.132 Safari/537.36"
204.48.29.202 - - [04/Mar/2020:19:26:38 +0100] "GET /wp-json/oembed/1.0/embed?url=http://megastore.7uptheme.net HTTP/1.1" 200 49 "-" "Mozilla/5.0 (Windows NT 10.0; Win64; x64) AppleWebKit/537.36 (KHTML, like Gecko) Chrome/63.0.3239.132 Safari/537.36"
176.31.116.194 - - [04/Mar/2020:19:26:39 +0100] "POST /wp-cron.php?doing_wp_cron=1583346399.1604409217834472656250 HTTP/1.1" 200 - "http://megastore.7uptheme.net/wp-cron.php?doing_wp_cron=1583346399.1604409217834472656250" "WordPress/5.1.4; https://megastore.7uptheme.net"
204.48.29.202 - - [04/Mar/2020:19:26:38 +0100] "POST /xmlrpc.php HTTP/1.1" 200 401 "-" "Mozilla/5.0 (Windows NT 10.0; Win64; x64) AppleWebKit/537.36 (KHTML, like Gecko) Chrome/63.0.3239.132 Safari/537.36"
204.48.29.202 - - [04/Mar/2020:19:26:39 +0100] "POST /xmlrpc.php HTTP/1.1" 200 401 "-" "Mozilla/5.0 (Windows NT 10.0; Win64; x64) AppleWebKit/537.36 (KHTML, like Gecko) Chrome/63.0.3239.132 Safari/537.36"
204.48.29.202 - - [04/Mar/2020:19:26:40 +0100] "POST /xmlrpc.php HTTP/1.1" 200 401 "-" "Mozilla/5.0 (Windows NT 10.0; Win64; x64) AppleWebKit/537.36 (KHTML, like Gecko) Chrome/63.0.3239.132 Safari/537.36"
204.48.29.202 - - [04/Mar/2020:19:26:41 +0100] "POST /xmlrpc.php HTTP/1.1" 200 401 "-" "Mozilla/5.0 (Windows NT 10.0; Win64; x64) AppleWebKit/537.36 (KHTML, like Gecko) Chrome/63.0.3239.132 Safari/537.36"
204.48.29.202 - - [04/Mar/2020:19:26:41 +0100] "POST /xmlrpc.php HTTP/1.1" 200 401 "-" "Mozilla/5.0 (Windows NT 10.0; Win64; x64) AppleWebKit/537.36 (KHTML, like Gecko) Chrome/63.0.3239.132 Safari/537.36"
204.48.29.202 - - [04/Mar/2020:19:26:42 +0100] "POST /xmlrpc.php HTTP/1.1" 200 401 "-" "Mozilla/5.0 (Windows NT 10.0; Win64; x64) AppleWebKit/537.36 (KHTML, like Gecko) Chrome/63.0.3239.132 Safari/537.36"
204.48.29.202 - - [04/Mar/2020:19:26:42 +0100] "POST /xmlrpc.php HTTP/1.1" 200 401 "-" "Mozilla/5.0 (Windows NT 10.0; Win64; x64) AppleWebKit/537.36 (KHTML, like Gecko) Chrome/63.0.3239.132 Safari/537.36"
204.48.29.202 - - [04/Mar/2020:19:26:43 +0100] "POST /xmlrpc.php HTTP/1.1" 200 401 "-" "Mozilla/5.0 (Windows NT 10.0; Win64; x64) AppleWebKit/537.36 (KHTML, like Gecko) Chrome/63.0.3239.132 Safari/537.36"
204.48.29.202 - - [04/Mar/2020:19:26:44 +0100] "POST /xmlrpc.php HTTP/1.1" 200 401 "-" "Mozilla/5.0 (Windows NT 10.0; Win64; x64) AppleWebKit/537.36 (KHTML, like Gecko) Chrome/63.0.3239.132 Safari/537.36"
204.48.29.202 - - [04/Mar/2020:19:26:44 +0100] "POST /xmlrpc.php HTTP/1.1" 200 401 "-" "Mozilla/5.0 (Windows NT 10.0; Win64; x64) AppleWebKit/537.36 (KHTML, like Gecko) Chrome/63.0.3239.132 Safari/537.36"
204.48.29.202 - - [04/Mar/2020:19:26:45 +0100] "POST /xmlrpc.php HTTP/1.1" 200 401 "-" "Mozilla/5.0 (Windows NT 10.0; Win64; x64) AppleWebKit/537.36 (KHTML, like Gecko) Chrome/63.0.3239.132 Safari/537.36"
204.48.29.202 - - [04/Mar/2020:19:26:45 +0100] "POST /xmlrpc.php HTTP/1.1" 200 401 "-" "Mozilla/5.0 (Windows NT 10.0; Win64; x64) AppleWebKit/537.36 (KHTML, like Gecko) Chrome/63.0.3239.132 Safari/537.36"
204.48.29.202 - - [04/Mar/2020:19:26:46 +0100] "POST /xmlrpc.php HTTP/1.1" 200 401 "-" "Mozilla/5.0 (Windows NT 10.0; Win64; x64) AppleWebKit/537.36 (KHTML, like Gecko) Chrome/63.0.3239.132 Safari/537.36"
204.48.29.202 - - [04/Mar/2020:19:26:47 +0100] "POST /xmlrpc.php HTTP/1.1" 200 401 "-" "Mozilla/5.0 (Windows NT 10.0; Win64; x64) AppleWebKit/537.36 (KHTML, like Gecko) Chrome/63.0.3239.132 Safari/537.36"
204.48.29.202 - - [04/Mar/2020:19:26:47 +0100] "POST /xmlrpc.php HTTP/1.1" 200 401 "-" "Mozilla/5.0 (Windows NT 10.0; Win64; x64) AppleWebKit/537.36 (KHTML, like Gecko) Chrome/63.0.3239.132 Safari/537.36"
204.48.29.202 - - [04/Mar/2020:19:26:48 +0100] "POST /xmlrpc.php HTTP/1.1" 200 401 "-" "Mozilla/5.0 (Windows NT 10.0; Win64; x64) AppleWebKit/537.36 (KHTML, like Gecko) Chrome/63.0.3239.132 Safari/537.36"
204.48.29.202 - - [04/Mar/2020:19:26:48 +0100] "POST /xmlrpc.php HTTP/1.1" 200 401 "-" "Mozilla/5.0 (Windows NT 10.0; Win64; x64) AppleWebKit/537.36 (KHTML, like Gecko) Chrome/63.0.3239.132 Safari/537.36"
204.48.29.202 - - [04/Mar/2020:19:26:49 +0100] "POST /xmlrpc.php HTTP/1.1" 200 401 "-" "Mozilla/5.0 (Windows NT 10.0; Win64; x64) AppleWebKit/537.36 (KHTML, like Gecko) Chrome/63.0.3239.132 Safari/537.36"
204.48.29.202 - - [04/Mar/2020:19:26:50 +0100] "POST /xmlrpc.php HTTP/1.1" 200 401 "-" "Mozilla/5.0 (Windows NT 10.0; Win64; x64) AppleWebKit/537.36 (KHTML, like Gecko) Chrome/63.0.3239.132 Safari/537.36"
204.48.29.202 - - [04/Mar/2020:19:26:50 +0100] "POST /xmlrpc.php HTTP/1.1" 200 401 "-" "Mozilla/5.0 (Windows NT 10.0; Win64; x64) AppleWebKit/537.36 (KHTML, like Gecko) Chrome/63.0.3239.132 Safari/537.36"
204.48.29.202 - - [04/Mar/2020:19:26:51 +0100] "POST /xmlrpc.php HTTP/1.1" 200 401 "-" "Mozilla/5.0 (Windows NT 10.0; Win64; x64) AppleWebKit/537.36 (KHTML, like Gecko) Chrome/63.0.3239.132 Safari/537.36"
204.48.29.202 - - [04/Mar/2020:19:26:51 +0100] "POST /xmlrpc.php HTTP/1.1" 200 401 "-" "Mozilla/5.0 (Windows NT 10.0; Win64; x64) AppleWebKit/537.36 (KHTML, like Gecko) Chrome/63.0.3239.132 Safari/537.36"
204.48.29.202 - - [04/Mar/2020:19:26:52 +0100] "POST /xmlrpc.php HTTP/1.1" 200 401 "-" "Mozilla/5.0 (Windows NT 10.0; Win64; x64) AppleWebKit/537.36 (KHTML, like Gecko) Chrome/63.0.3239.132 Safari/537.36"
204.48.29.202 - - [04/Mar/2020:19:26:53 +0100] "POST /xmlrpc.php HTTP/1.1" 200 401 "-" "Mozilla/5.0 (Windows NT 10.0; Win64; x64) AppleWebKit/537.36 (KHTML, like Gecko) Chrome/63.0.3239.132 Safari/537.36"
204.48.29.202 - - [04/Mar/2020:19:26:54 +0100] "POST /xmlrpc.php HTTP/1.1" 200 401 "-" "Mozilla/5.0 (Windows NT 10.0; Win64; x64) AppleWebKit/537.36 (KHTML, like Gecko) Chrome/63.0.3239.132 Safari/537.36"
204.48.29.202 - - [04/Mar/2020:19:26:54 +0100] "POST /xmlrpc.php HTTP/1.1" 200 401 "-" "Mozilla/5.0 (Windows NT 10.0; Win64; x64) AppleWebKit/537.36 (KHTML, like Gecko) Chrome/63.0.3239.132 Safari/537.36"
204.48.29.202 - - [04/Mar/2020:19:26:55 +0100] "POST /xmlrpc.php HTTP/1.1" 200 401 "-" "Mozilla/5.0 (Windows NT 10.0; Win64; x64) AppleWebKit/537.36 (KHTML, like Gecko) Chrome/63.0.3239.132 Safari/537.36"
204.48.29.202 - - [04/Mar/2020:19:26:55 +0100] "POST /xmlrpc.php HTTP/1.1" 200 401 "-" "Mozilla/5.0 (Windows NT 10.0; Win64; x64) AppleWebKit/537.36 (KHTML, like Gecko) Chrome/63.0.3239.132 Safari/537.36"
204.48.29.202 - - [04/Mar/2020:19:26:56 +0100] "POST /xmlrpc.php HTTP/1.1" 200 401 "-" "Mozilla/5.0 (Windows NT 10.0; Win64; x64) AppleWebKit/537.36 (KHTML, like Gecko) Chrome/63.0.3239.132 Safari/537.36"
204.48.29.202 - - [04/Mar/2020:19:26:57 +0100] "POST /xmlrpc.php HTTP/1.1" 200 401 "-" "Mozilla/5.0 (Windows NT 10.0; Win64; x64) AppleWebKit/537.36 (KHTML, like Gecko) Chrome/63.0.3239.132 Safari/537.36"
204.48.29.202 - - [04/Mar/2020:19:26:57 +0100] "POST /xmlrpc.php HTTP/1.1" 200 401 "-" "Mozilla/5.0 (Windows NT 10.0; Win64; x64) AppleWebKit/537.36 (KHTML, like Gecko) Chrome/63.0.3239.132 Safari/537.36"
204.48.29.202 - - [04/Mar/2020:19:26:58 +0100] "POST /xmlrpc.php HTTP/1.1" 200 401 "-" "Mozilla/5.0 (Windows NT 10.0; Win64; x64) AppleWebKit/537.36 (KHTML, like Gecko) Chrome/63.0.3239.132 Safari/537.36"
204.48.29.202 - - [04/Mar/2020:19:26:58 +0100] "POST /xmlrpc.php HTTP/1.1" 200 401 "-" "Mozilla/5.0 (Windows NT 10.0; Win64; x64) AppleWebKit/537.36 (KHTML, like Gecko) Chrome/63.0.3239.132 Safari/537.36"
204.48.29.202 - - [04/Mar/2020:19:26:59 +0100] "POST /xmlrpc.php HTTP/1.1" 200 401 "-" "Mozilla/5.0 (Windows NT 10.0; Win64; x64) AppleWebKit/537.36 (KHTML, like Gecko) Chrome/63.0.3239.132 Safari/537.36"
204.48.29.202 - - [04/Mar/2020:19:27:00 +0100] "POST /xmlrpc.php HTTP/1.1" 200 401 "-" "Mozilla/5.0 (Windows NT 10.0; Win64; x64) AppleWebKit/537.36 (KHTML, like Gecko) Chrome/63.0.3239.132 Safari/537.36"
204.48.29.202 - - [04/Mar/2020:19:27:01 +0100] "POST /xmlrpc.php HTTP/1.1" 200 401 "-" "Mozilla/5.0 (Windows NT 10.0; Win64; x64) AppleWebKit/537.36 (KHTML, like Gecko) Chrome/63.0.3239.132 Safari/537.36"
204.48.29.202 - - [04/Mar/2020:19:27:01 +0100] "POST /xmlrpc.php HTTP/1.1" 200 401 "-" "Mozilla/5.0 (Windows NT 10.0; Win64; x64) AppleWebKit/537.36 (KHTML, like Gecko) Chrome/63.0.3239.132 Safari/537.36"
204.48.29.202 - - [04/Mar/2020:19:27:07 +0100] "POST /xmlrpc.php HTTP/1.1" 200 401 "-" "Mozilla/5.0 (Windows NT 10.0; Win64; x64) AppleWebKit/537.36 (KHTML, like Gecko) Chrome/63.0.3239.132 Safari/537.36"
176.31.116.194 - - [04/Mar/2020:19:27:06 +0100] "POST /wp-cron.php?doing_wp_cron=1583346422.3942599296569824218750 HTTP/1.1" 200 - "http://megastore.7uptheme.net/wp-cron.php?doing_wp_cron=1583346422.3942599296569824218750" "WordPress/5.1.4; https://megastore.7uptheme.net"
204.48.29.202 - - [04/Mar/2020:19:27:08 +0100] "POST /xmlrpc.php HTTP/1.1" 200 401 "-" "Mozilla/5.0 (Windows NT 10.0; Win64; x64) AppleWebKit/537.36 (KHTML, like Gecko) Chrome/63.0.3239.132 Safari/537.36"
204.48.29.202 - - [04/Mar/2020:19:27:09 +0100] "POST /xmlrpc.php HTTP/1.1" 200 401 "-" "Mozilla/5.0 (Windows NT 10.0; Win64; x64) AppleWebKit/537.36 (KHTML, like Gecko) Chrome/63.0.3239.132 Safari/537.36"
204.48.29.202 - - [04/Mar/2020:19:27:10 +0100] "POST /xmlrpc.php HTTP/1.1" 200 401 "-" "Mozilla/5.0 (Windows NT 10.0; Win64; x64) AppleWebKit/537.36 (KHTML, like Gecko) Chrome/63.0.3239.132 Safari/537.36"
204.48.29.202 - - [04/Mar/2020:19:27:10 +0100] "POST /xmlrpc.php HTTP/1.1" 200 401 "-" "Mozilla/5.0 (Windows NT 10.0; Win64; x64) AppleWebKit/537.36 (KHTML, like Gecko) Chrome/63.0.3239.132 Safari/537.36"
204.48.29.202 - - [04/Mar/2020:19:27:11 +0100] "POST /xmlrpc.php HTTP/1.1" 200 401 "-" "Mozilla/5.0 (Windows NT 10.0; Win64; x64) AppleWebKit/537.36 (KHTML, like Gecko) Chrome/63.0.3239.132 Safari/537.36"
204.48.29.202 - - [04/Mar/2020:19:27:12 +0100] "POST /xmlrpc.php HTTP/1.1" 200 401 "-" "Mozilla/5.0 (Windows NT 10.0; Win64; x64) AppleWebKit/537.36 (KHTML, like Gecko) Chrome/63.0.3239.132 Safari/537.36"
204.48.29.202 - - [04/Mar/2020:19:27:12 +0100] "POST /xmlrpc.php HTTP/1.1" 200 401 "-" "Mozilla/5.0 (Windows NT 10.0; Win64; x64) AppleWebKit/537.36 (KHTML, like Gecko) Chrome/63.0.3239.132 Safari/537.36"
204.48.29.202 - - [04/Mar/2020:19:27:13 +0100] "POST /xmlrpc.php HTTP/1.1" 200 401 "-" "Mozilla/5.0 (Windows NT 10.0; Win64; x64) AppleWebKit/537.36 (KHTML, like Gecko) Chrome/63.0.3239.132 Safari/537.36"
204.48.29.202 - - [04/Mar/2020:19:27:14 +0100] "POST /xmlrpc.php HTTP/1.1" 200 401 "-" "Mozilla/5.0 (Windows NT 10.0; Win64; x64) AppleWebKit/537.36 (KHTML, like Gecko) Chrome/63.0.3239.132 Safari/537.36"
204.48.29.202 - - [04/Mar/2020:19:27:14 +0100] "POST /xmlrpc.php HTTP/1.1" 200 401 "-" "Mozilla/5.0 (Windows NT 10.0; Win64; x64) AppleWebKit/537.36 (KHTML, like Gecko) Chrome/63.0.3239.132 Safari/537.36"
204.48.29.202 - - [04/Mar/2020:19:27:15 +0100] "POST /xmlrpc.php HTTP/1.1" 200 401 "-" "Mozilla/5.0 (Windows NT 10.0; Win64; x64) AppleWebKit/537.36 (KHTML, like Gecko) Chrome/63.0.3239.132 Safari/537.36"
204.48.29.202 - - [04/Mar/2020:19:27:16 +0100] "POST /xmlrpc.php HTTP/1.1" 200 401 "-" "Mozilla/5.0 (Windows NT 10.0; Win64; x64) AppleWebKit/537.36 (KHTML, like Gecko) Chrome/63.0.3239.132 Safari/537.36"
204.48.29.202 - - [04/Mar/2020:19:27:16 +0100] "POST /xmlrpc.php HTTP/1.1" 200 401 "-" "Mozilla/5.0 (Windows NT 10.0; Win64; x64) AppleWebKit/537.36 (KHTML, like Gecko) Chrome/63.0.3239.132 Safari/537.36"
204.48.29.202 - - [04/Mar/2020:19:27:17 +0100] "POST /xmlrpc.php HTTP/1.1" 200 401 "-" "Mozilla/5.0 (Windows NT 10.0; Win64; x64) AppleWebKit/537.36 (KHTML, like Gecko) Chrome/63.0.3239.132 Safari/537.36"
204.48.29.202 - - [04/Mar/2020:19:27:18 +0100] "POST /xmlrpc.php HTTP/1.1" 200 401 "-" "Mozilla/5.0 (Windows NT 10.0; Win64; x64) AppleWebKit/537.36 (KHTML, like Gecko) Chrome/63.0.3239.132 Safari/537.36"
204.48.29.202 - - [04/Mar/2020:19:27:18 +0100] "POST /xmlrpc.php HTTP/1.1" 200 401 "-" "Mozilla/5.0 (Windows NT 10.0; Win64; x64) AppleWebKit/537.36 (KHTML, like Gecko) Chrome/63.0.3239.132 Safari/537.36"
204.48.29.202 - - [04/Mar/2020:19:27:19 +0100] "POST /xmlrpc.php HTTP/1.1" 200 401 "-" "Mozilla/5.0 (Windows NT 10.0; Win64; x64) AppleWebKit/537.36 (KHTML, like Gecko) Chrome/63.0.3239.132 Safari/537.36"
204.48.29.202 - - [04/Mar/2020:19:27:19 +0100] "POST /xmlrpc.php HTTP/1.1" 200 401 "-" "Mozilla/5.0 (Windows NT 10.0; Win64; x64) AppleWebKit/537.36 (KHTML, like Gecko) Chrome/63.0.3239.132 Safari/537.36"
204.48.29.202 - - [04/Mar/2020:19:27:20 +0100] "POST /xmlrpc.php HTTP/1.1" 200 401 "-" "Mozilla/5.0 (Windows NT 10.0; Win64; x64) AppleWebKit/537.36 (KHTML, like Gecko) Chrome/63.0.3239.132 Safari/537.36"
204.48.29.202 - - [04/Mar/2020:19:27:21 +0100] "POST /xmlrpc.php HTTP/1.1" 200 401 "-" "Mozilla/5.0 (Windows NT 10.0; Win64; x64) AppleWebKit/537.36 (KHTML, like Gecko) Chrome/63.0.3239.132 Safari/537.36"
204.48.29.202 - - [04/Mar/2020:19:27:21 +0100] "POST /xmlrpc.php HTTP/1.1" 200 401 "-" "Mozilla/5.0 (Windows NT 10.0; Win64; x64) AppleWebKit/537.36 (KHTML, like Gecko) Chrome/63.0.3239.132 Safari/537.36"
204.48.29.202 - - [04/Mar/2020:19:27:22 +0100] "POST /xmlrpc.php HTTP/1.1" 200 401 "-" "Mozilla/5.0 (Windows NT 10.0; Win64; x64) AppleWebKit/537.36 (KHTML, like Gecko) Chrome/63.0.3239.132 Safari/537.36"
176.9.117.99 - - [04/Mar/2020:21:27:39 +0100] "GET / HTTP/1.1" 200 49 "-" "Mozilla/5.0 (compatible; MegaIndex.ru/2.0; +http://megaindex.com/crawler)"
207.46.13.124 - - [05/Mar/2020:00:20:58 +0100] "GET / HTTP/1.1" 200 49 "-" "Mozilla/5.0 (compatible; bingbot/2.0; +http://www.bing.com/bingbot.htm)"
204.48.29.202 - - [05/Mar/2020:01:22:29 +0100] "GET / HTTP/1.1" 200 49 "-" "python-requests/2.23.0"
216.244.66.238 - - [05/Mar/2020:01:50:37 +0100] "GET /robots.txt HTTP/1.1" 200 49 "-" "Mozilla/5.0 (compatible; DotBot/1.1; http://www.opensiteexplorer.org/dotbot, help@moz.com)"
216.244.66.238 - - [05/Mar/2020:01:51:41 +0100] "GET / HTTP/1.1" 200 49 "-" "Mozilla/5.0 (compatible; DotBot/1.1; http://www.opensiteexplorer.org/dotbot, help@moz.com)"
40.77.167.116 - - [05/Mar/2020:02:55:52 +0100] "GET /robots.txt HTTP/1.1" 200 49 "-" "msnbot/2.0b (+http://search.msn.com/msnbot.htm)"
204.48.29.202 - - [05/Mar/2020:04:30:09 +0100] "GET /vendor/phpunit/phpunit/src/Util/PHP/eval-stdin.php HTTP/1.1" 200 49 "-" "python-requests/2.23.0"
204.48.29.202 - - [05/Mar/2020:04:30:10 +0100] "GET /api/vendor/phpunit/phpunit/src/Util/PHP/eval-stdin.php HTTP/1.1" 200 49 "-" "python-requests/2.23.0"
204.48.29.202 - - [05/Mar/2020:04:30:12 +0100] "GET /laravel/vendor/phpunit/phpunit/src/Util/PHP/eval-stdin.php HTTP/1.1" 200 49 "-" "python-requests/2.23.0"
204.48.29.202 - - [05/Mar/2020:04:30:13 +0100] "GET /modules/autoupgrade/vendor/phpunit/phpunit/src/Util/PHP/eval-stdin.php HTTP/1.1" 200 49 "-" "python-requests/2.23.0"
204.48.29.202 - - [05/Mar/2020:04:30:16 +0100] "GET /sites/all/libraries/mailchimp/vendor/phpunit/phpunit/src/Util/PHP/eval-stdin.php HTTP/1.1" 200 49 "-" "python-requests/2.23.0"
204.48.29.202 - - [05/Mar/2020:04:30:20 +0100] "GET /test/vendor/phpunit/phpunit/src/Util/PHP/eval-stdin.php HTTP/1.1" 200 49 "-" "python-requests/2.23.0"
204.48.29.202 - - [05/Mar/2020:04:30:22 +0100] "GET /admin/vendor/phpunit/phpunit/src/Util/PHP/eval-stdin.php HTTP/1.1" 200 49 "-" "python-requests/2.23.0"
204.48.29.202 - - [05/Mar/2020:04:30:24 +0100] "GET /composer/vendor/phpunit/phpunit/src/Util/PHP/eval-stdin.php HTTP/1.1" 200 49 "-" "python-requests/2.23.0"
204.48.29.202 - - [05/Mar/2020:04:30:27 +0100] "GET /modules/ps_facetedsearch/vendor/phpunit/phpunit/src/Util/PHP/eval-stdin.php HTTP/1.1" 200 49 "-" "python-requests/2.23.0"
204.48.29.202 - - [05/Mar/2020:04:30:30 +0100] "GET /payment/vendor/phpunit/phpunit/src/Util/PHP/eval-stdin.php HTTP/1.1" 200 49 "-" "python-requests/2.23.0"
204.48.29.202 - - [05/Mar/2020:04:30:32 +0100] "GET /concrete/vendor/phpunit/phpunit/src/Util/PHP/eval-stdin.php HTTP/1.1" 200 49 "-" "python-requests/2.23.0"
204.48.29.202 - - [05/Mar/2020:04:30:34 +0100] "GET /wp-content/plugins/dzs-videogallery/class_parts/vendor/phpunit/phpunit/src/Util/PHP/eval-stdin.php HTTP/1.1" 200 49 "-" "python-requests/2.23.0"
204.48.29.202 - - [05/Mar/2020:04:30:38 +0100] "GET /accounts/vendor/phpunit/phpunit/src/Util/PHP/eval-stdin.php HTTP/1.1" 200 49 "-" "python-requests/2.23.0"
204.48.29.202 - - [05/Mar/2020:04:30:40 +0100] "GET /blog/vendor/phpunit/phpunit/src/Util/PHP/eval-stdin.php HTTP/1.1" 200 49 "-" "python-requests/2.23.0"
204.48.29.202 - - [05/Mar/2020:04:30:43 +0100] "GET /system/vendor/phpunit/phpunit/src/Util/PHP/eval-stdin.php HTTP/1.1" 200 49 "-" "python-requests/2.23.0"
204.48.29.202 - - [05/Mar/2020:04:30:44 +0100] "GET /modules/gamification/vendor/phpunit/phpunit/src/Util/PHP/eval-stdin.php HTTP/1.1" 200 49 "-" "python-requests/2.23.0"
204.48.29.202 - - [05/Mar/2020:04:30:46 +0100] "GET /public/enjoy/vendor/phpunit/phpunit/src/Util/PHP/eval-stdin.php HTTP/1.1" 200 49 "-" "python-requests/2.23.0"
204.48.29.202 - - [05/Mar/2020:04:30:48 +0100] "GET /shop/vendor/phpunit/phpunit/src/Util/PHP/eval-stdin.php HTTP/1.1" 200 49 "-" "python-requests/2.23.0"
204.48.29.202 - - [05/Mar/2020:04:30:50 +0100] "GET /player/AutoPost/vendor/phpunit/phpunit/src/Util/PHP/eval-stdin.php HTTP/1.1" 200 49 "-" "python-requests/2.23.0"
204.48.29.202 - - [05/Mar/2020:04:30:52 +0100] "GET /gr/vendor/phpunit/phpunit/src/Util/PHP/eval-stdin.php HTTP/1.1" 200 49 "-" "python-requests/2.23.0"
204.48.29.202 - - [05/Mar/2020:04:30:53 +0100] "GET /site/vendor/phpunit/phpunit/src/Util/PHP/eval-stdin.php HTTP/1.1" 200 49 "-" "python-requests/2.23.0"
204.48.29.202 - - [05/Mar/2020:04:30:55 +0100] "GET /wp-content/plugins/woocommerce-software-license-manager/vendor/phpunit/phpunit/src/Util/PHP/eval-stdin.php HTTP/1.1" 200 49 "-" "python-requests/2.23.0"
204.48.29.202 - - [05/Mar/2020:04:30:58 +0100] "GET /wp-content/plugins/jekyll-exporter/vendor/phpunit/phpunit/src/Util/PHP/eval-stdin.php HTTP/1.1" 200 49 "-" "python-requests/2.23.0"
207.46.13.144 - - [05/Mar/2020:12:44:18 +0100] "GET /robots.txt HTTP/1.1" 200 49 "-" "Mozilla/5.0 (compatible; bingbot/2.0; +http://www.bing.com/bingbot.htm)"
207.46.13.124 - - [05/Mar/2020:12:44:34 +0100] "GET / HTTP/1.1" 200 49 "-" "Mozilla/5.0 (compatible; bingbot/2.0; +http://www.bing.com/bingbot.htm)"
50.87.248.20 - - [05/Mar/2020:13:00:09 +0100] "HEAD /wp-admin/ HTTP/1.1" 302 - "https://vshoped.com" "Mozilla/5.0 (Windows NT 10.0; Win64; x64) AppleWebKit/537.36 (KHTML, like Gecko) Chrome/70.0.3538.102 Safari/537.36"
176.31.116.194 - - [05/Mar/2020:13:00:10 +0100] "POST /wp-cron.php?doing_wp_cron=1583409610.2603540420532226562500 HTTP/1.1" 200 - "http://megastore.7uptheme.net/wp-cron.php?doing_wp_cron=1583409610.2603540420532226562500" "WordPress/5.1.4; https://megastore.7uptheme.net"
114.119.165.215 - - [05/Mar/2020:14:10:06 +0100] "GET /robots.txt HTTP/1.1" 200 49 "-" "Mozilla/5.0 (compatible;AspiegelBot)"
128.199.39.78 - - [05/Mar/2020:16:36:13 +0100] "GET / HTTP/1.1" 200 49 "-" "python-requests/2.23.0"
3.9.177.231 - - [05/Mar/2020:16:48:16 +0100] "GET / HTTP/1.1" 200 49 "-" "python-requests/2.23.0"
128.199.39.78 - - [05/Mar/2020:17:05:30 +0100] "GET //vendor/phpunit/phpunit/phpunit.xsd HTTP/1.1" 200 49 "-" "Mozilla/5.0 (X11; Linux x86_64; rv:52.0) Gecko/20100101 Firefox/52.0"
40.77.167.70 - - [06/Mar/2020:03:00:39 +0100] "GET /robots.txt HTTP/1.1" 200 49 "-" "msnbot/2.0b (+http://search.msn.com/msnbot.htm)"
31.13.115.5 - - [06/Mar/2020:05:09:19 +0100] "GET /about HTTP/1.1" 206 49 "-" "facebookexternalhit/1.1 (+http://www.facebook.com/externalhit_uatext.php)"
31.13.115.21 - - [06/Mar/2020:05:09:19 +0100] "GET /contact HTTP/1.1" 206 49 "-" "facebookexternalhit/1.1 (+http://www.facebook.com/externalhit_uatext.php)"
82.223.205.42 - - [06/Mar/2020:09:30:01 +0100] "GET /wp-login.php HTTP/1.1" 302 - "-" "Mozilla/5.0 (X11; Ubuntu; Linux x86_64; rv:62.0) Gecko/20100101 Firefox/62.0"
82.223.205.42 - - [06/Mar/2020:09:30:03 +0100] "GET ///?author=1 HTTP/1.1" 200 49 "-" "Mozilla/5.0 (X11; Ubuntu; Linux x86_64; rv:62.0) Gecko/20100101 Firefox/62.0"
82.223.205.42 - - [06/Mar/2020:09:30:03 +0100] "GET ///wp-json/wp/v2/users/ HTTP/1.1" 200 49 "-" "Mozilla/5.0 (X11; Ubuntu; Linux x86_64; rv:62.0) Gecko/20100101 Firefox/62.0"
176.31.116.194 - - [06/Mar/2020:09:30:01 +0100] "POST /wp-cron.php?doing_wp_cron=1583483401.7412250041961669921875 HTTP/1.1" 200 - "http://megastore.7uptheme.net/wp-cron.php?doing_wp_cron=1583483401.7412250041961669921875" "WordPress/5.1.4; https://megastore.7uptheme.net"
207.46.13.124 - - [06/Mar/2020:10:17:02 +0100] "GET / HTTP/1.1" 200 49 "-" "Mozilla/5.0 (compatible; bingbot/2.0; +http://www.bing.com/bingbot.htm)"
34.234.54.252 - - [06/Mar/2020:14:56:49 +0100] "GET / HTTP/1.1" 200 49 "-" "Mozilla/5.0 (Windows NT 10.0; Win64; x64) AppleWebKit/537.36 (KHTML, like Gecko) Chrome/68.0.3440.75 Safari/537.36 (compatible; SMTBot/1.0; +http://www.similartech.com/smtbot)"
34.234.54.252 - - [06/Mar/2020:14:56:50 +0100] "GET / HTTP/1.1" 200 49 "-" "Mozilla/5.0 (Windows NT 10.0; Win64; x64) AppleWebKit/537.36 (KHTML, like Gecko) Chrome/68.0.3440.75 Safari/537.36 (compatible; SMTBot/1.0; +http://www.similartech.com/smtbot)"
34.234.54.252 - - [06/Mar/2020:14:56:58 +0100] "GET / HTTP/1.1" 200 49 "-" "Mozilla/5.0 (iPhone; CPU iPhone OS 6_0 like Mac OS X) AppleWebKit/536.26 (KHTML, like Gecko) Version/6.0 Mobile/10A5376e Safari/8536.25 (compatible; SMTBot/1.0; +http://www.similartech.com/smtbot)"
34.234.54.252 - - [06/Mar/2020:14:57:00 +0100] "GET / HTTP/1.1" 200 49 "-" "Mozilla/5.0 (Windows NT 10.0; Win64; x64) AppleWebKit/537.36 (KHTML, like Gecko) Chrome/68.0.3440.75 Safari/537.36 (compatible; SMTBot/1.0; http://www.similartech.com/smtbot)"
34.234.54.252 - - [06/Mar/2020:14:57:18 +0100] "GET /ads.txt HTTP/1.1" 200 49 "-" "Mozilla/5.0 (Windows NT 10.0; Win64; x64) AppleWebKit/537.36 (KHTML, like Gecko) Chrome/68.0.3440.75 Safari/537.36 (compatible; SMTBot/1.0; +http://www.similartech.com/smtbot)"
209.17.97.42 - - [06/Mar/2020:15:44:58 +0100] "GET / HTTP/1.1" 200 49 "-" "Mozilla/5.0 (compatible; Nimbostratus-Bot/v1.3.2; http://cloudsystemnetworks.com)"
139.162.128.248 - - [06/Mar/2020:20:16:30 +0100] "GET / HTTP/1.1" 200 49 "-" "Mozilla/5.0 (Windows NT 10.0; Win64; x64) AppleWebKit/537.36 (KHTML, like Gecko) Chrome/76.0.3809.132 Safari/537.36"
139.162.128.248 - - [06/Mar/2020:20:16:36 +0100] "GET /wp-includes/wlwmanifest.xml HTTP/1.1" 200 1045 "-" "Mozilla/5.0 (Windows NT 10.0; Win64; x64) AppleWebKit/537.36 (KHTML, like Gecko) Chrome/76.0.3809.132 Safari/537.36"
139.162.128.248 - - [06/Mar/2020:20:16:41 +0100] "GET /?author=1 HTTP/1.1" 200 49 "-" "Mozilla/5.0 (Windows NT 10.0; Win64; x64) AppleWebKit/537.36 (KHTML, like Gecko) Chrome/76.0.3809.132 Safari/537.36"
139.162.128.248 - - [06/Mar/2020:20:16:46 +0100] "GET /wp-json/wp/v2/users/ HTTP/1.1" 200 49 "-" "Mozilla/5.0 (Windows NT 10.0; Win64; x64) AppleWebKit/537.36 (KHTML, like Gecko) Chrome/76.0.3809.132 Safari/537.36"
139.162.128.248 - - [06/Mar/2020:20:16:46 +0100] "GET /wp-json/oembed/1.0/embed?url=http://megastore.7uptheme.net HTTP/1.1" 200 49 "-" "Mozilla/5.0 (Windows NT 10.0; Win64; x64) AppleWebKit/537.36 (KHTML, like Gecko) Chrome/76.0.3809.132 Safari/537.36"
139.162.128.248 - - [06/Mar/2020:20:16:46 +0100] "POST /xmlrpc.php HTTP/1.1" 200 401 "-" "Mozilla/5.0 (Windows NT 10.0; Win64; x64) AppleWebKit/537.36 (KHTML, like Gecko) Chrome/76.0.3809.132 Safari/537.36"
139.162.128.248 - - [06/Mar/2020:20:16:48 +0100] "POST /xmlrpc.php HTTP/1.1" 200 401 "-" "Mozilla/5.0 (Windows NT 10.0; Win64; x64) AppleWebKit/537.36 (KHTML, like Gecko) Chrome/76.0.3809.132 Safari/537.36"
139.162.128.248 - - [06/Mar/2020:20:16:48 +0100] "POST /xmlrpc.php HTTP/1.1" 200 401 "-" "Mozilla/5.0 (Windows NT 10.0; Win64; x64) AppleWebKit/537.36 (KHTML, like Gecko) Chrome/76.0.3809.132 Safari/537.36"
139.162.128.248 - - [06/Mar/2020:20:16:49 +0100] "POST /xmlrpc.php HTTP/1.1" 200 401 "-" "Mozilla/5.0 (Windows NT 10.0; Win64; x64) AppleWebKit/537.36 (KHTML, like Gecko) Chrome/76.0.3809.132 Safari/537.36"
139.162.128.248 - - [06/Mar/2020:20:16:49 +0100] "POST /xmlrpc.php HTTP/1.1" 200 401 "-" "Mozilla/5.0 (Windows NT 10.0; Win64; x64) AppleWebKit/537.36 (KHTML, like Gecko) Chrome/76.0.3809.132 Safari/537.36"
139.162.128.248 - - [06/Mar/2020:20:16:49 +0100] "POST /xmlrpc.php HTTP/1.1" 200 401 "-" "Mozilla/5.0 (Windows NT 10.0; Win64; x64) AppleWebKit/537.36 (KHTML, like Gecko) Chrome/76.0.3809.132 Safari/537.36"
139.162.128.248 - - [06/Mar/2020:20:16:50 +0100] "POST /xmlrpc.php HTTP/1.1" 200 401 "-" "Mozilla/5.0 (Windows NT 10.0; Win64; x64) AppleWebKit/537.36 (KHTML, like Gecko) Chrome/76.0.3809.132 Safari/537.36"
139.162.128.248 - - [06/Mar/2020:20:16:51 +0100] "POST /xmlrpc.php HTTP/1.1" 200 401 "-" "Mozilla/5.0 (Windows NT 10.0; Win64; x64) AppleWebKit/537.36 (KHTML, like Gecko) Chrome/76.0.3809.132 Safari/537.36"
139.162.128.248 - - [06/Mar/2020:20:16:51 +0100] "POST /xmlrpc.php HTTP/1.1" 200 401 "-" "Mozilla/5.0 (Windows NT 10.0; Win64; x64) AppleWebKit/537.36 (KHTML, like Gecko) Chrome/76.0.3809.132 Safari/537.36"
139.162.128.248 - - [06/Mar/2020:20:16:52 +0100] "POST /xmlrpc.php HTTP/1.1" 200 401 "-" "Mozilla/5.0 (Windows NT 10.0; Win64; x64) AppleWebKit/537.36 (KHTML, like Gecko) Chrome/76.0.3809.132 Safari/537.36"
176.31.116.194 - - [06/Mar/2020:20:16:46 +0100] "POST /wp-cron.php?doing_wp_cron=1583522206.7784769535064697265625 HTTP/1.1" 200 - "http://megastore.7uptheme.net/wp-cron.php?doing_wp_cron=1583522206.7784769535064697265625" "WordPress/5.1.4; https://megastore.7uptheme.net"
139.162.128.248 - - [06/Mar/2020:20:16:52 +0100] "POST /xmlrpc.php HTTP/1.1" 200 401 "-" "Mozilla/5.0 (Windows NT 10.0; Win64; x64) AppleWebKit/537.36 (KHTML, like Gecko) Chrome/76.0.3809.132 Safari/537.36"
176.31.116.194 - - [06/Mar/2020:20:16:53 +0100] "POST /wp-cron.php?doing_wp_cron=1583522213.4942810535430908203125 HTTP/1.1" 200 - "http://megastore.7uptheme.net/wp-cron.php?doing_wp_cron=1583522213.4942810535430908203125" "WordPress/5.1.4; https://megastore.7uptheme.net"
139.162.128.248 - - [06/Mar/2020:20:16:53 +0100] "POST /xmlrpc.php HTTP/1.1" 200 401 "-" "Mozilla/5.0 (Windows NT 10.0; Win64; x64) AppleWebKit/537.36 (KHTML, like Gecko) Chrome/76.0.3809.132 Safari/537.36"
139.162.128.248 - - [06/Mar/2020:20:16:54 +0100] "POST /xmlrpc.php HTTP/1.1" 200 401 "-" "Mozilla/5.0 (Windows NT 10.0; Win64; x64) AppleWebKit/537.36 (KHTML, like Gecko) Chrome/76.0.3809.132 Safari/537.36"
139.162.128.248 - - [06/Mar/2020:20:16:54 +0100] "POST /xmlrpc.php HTTP/1.1" 200 401 "-" "Mozilla/5.0 (Windows NT 10.0; Win64; x64) AppleWebKit/537.36 (KHTML, like Gecko) Chrome/76.0.3809.132 Safari/537.36"
139.162.128.248 - - [06/Mar/2020:20:16:54 +0100] "POST /xmlrpc.php HTTP/1.1" 200 401 "-" "Mozilla/5.0 (Windows NT 10.0; Win64; x64) AppleWebKit/537.36 (KHTML, like Gecko) Chrome/76.0.3809.132 Safari/537.36"
139.162.128.248 - - [06/Mar/2020:20:16:55 +0100] "POST /xmlrpc.php HTTP/1.1" 200 401 "-" "Mozilla/5.0 (Windows NT 10.0; Win64; x64) AppleWebKit/537.36 (KHTML, like Gecko) Chrome/76.0.3809.132 Safari/537.36"
139.162.128.248 - - [06/Mar/2020:20:16:55 +0100] "POST /xmlrpc.php HTTP/1.1" 200 401 "-" "Mozilla/5.0 (Windows NT 10.0; Win64; x64) AppleWebKit/537.36 (KHTML, like Gecko) Chrome/76.0.3809.132 Safari/537.36"
139.162.128.248 - - [06/Mar/2020:20:16:56 +0100] "POST /xmlrpc.php HTTP/1.1" 200 401 "-" "Mozilla/5.0 (Windows NT 10.0; Win64; x64) AppleWebKit/537.36 (KHTML, like Gecko) Chrome/76.0.3809.132 Safari/537.36"
139.162.128.248 - - [06/Mar/2020:20:16:56 +0100] "POST /xmlrpc.php HTTP/1.1" 200 401 "-" "Mozilla/5.0 (Windows NT 10.0; Win64; x64) AppleWebKit/537.36 (KHTML, like Gecko) Chrome/76.0.3809.132 Safari/537.36"
139.162.128.248 - - [06/Mar/2020:20:16:57 +0100] "POST /xmlrpc.php HTTP/1.1" 200 401 "-" "Mozilla/5.0 (Windows NT 10.0; Win64; x64) AppleWebKit/537.36 (KHTML, like Gecko) Chrome/76.0.3809.132 Safari/537.36"
139.162.128.248 - - [06/Mar/2020:20:16:57 +0100] "POST /xmlrpc.php HTTP/1.1" 200 401 "-" "Mozilla/5.0 (Windows NT 10.0; Win64; x64) AppleWebKit/537.36 (KHTML, like Gecko) Chrome/76.0.3809.132 Safari/537.36"
139.162.128.248 - - [06/Mar/2020:20:16:58 +0100] "POST /xmlrpc.php HTTP/1.1" 200 401 "-" "Mozilla/5.0 (Windows NT 10.0; Win64; x64) AppleWebKit/537.36 (KHTML, like Gecko) Chrome/76.0.3809.132 Safari/537.36"
139.162.128.248 - - [06/Mar/2020:20:16:58 +0100] "POST /xmlrpc.php HTTP/1.1" 200 401 "-" "Mozilla/5.0 (Windows NT 10.0; Win64; x64) AppleWebKit/537.36 (KHTML, like Gecko) Chrome/76.0.3809.132 Safari/537.36"
139.162.128.248 - - [06/Mar/2020:20:16:59 +0100] "POST /xmlrpc.php HTTP/1.1" 200 401 "-" "Mozilla/5.0 (Windows NT 10.0; Win64; x64) AppleWebKit/537.36 (KHTML, like Gecko) Chrome/76.0.3809.132 Safari/537.36"
139.162.128.248 - - [06/Mar/2020:20:16:59 +0100] "POST /xmlrpc.php HTTP/1.1" 200 401 "-" "Mozilla/5.0 (Windows NT 10.0; Win64; x64) AppleWebKit/537.36 (KHTML, like Gecko) Chrome/76.0.3809.132 Safari/537.36"
139.162.128.248 - - [06/Mar/2020:20:17:00 +0100] "POST /xmlrpc.php HTTP/1.1" 200 401 "-" "Mozilla/5.0 (Windows NT 10.0; Win64; x64) AppleWebKit/537.36 (KHTML, like Gecko) Chrome/76.0.3809.132 Safari/537.36"
139.162.128.248 - - [06/Mar/2020:20:17:00 +0100] "POST /xmlrpc.php HTTP/1.1" 200 401 "-" "Mozilla/5.0 (Windows NT 10.0; Win64; x64) AppleWebKit/537.36 (KHTML, like Gecko) Chrome/76.0.3809.132 Safari/537.36"
139.162.128.248 - - [06/Mar/2020:20:17:01 +0100] "POST /xmlrpc.php HTTP/1.1" 200 401 "-" "Mozilla/5.0 (Windows NT 10.0; Win64; x64) AppleWebKit/537.36 (KHTML, like Gecko) Chrome/76.0.3809.132 Safari/537.36"
139.162.128.248 - - [06/Mar/2020:20:17:01 +0100] "POST /xmlrpc.php HTTP/1.1" 200 401 "-" "Mozilla/5.0 (Windows NT 10.0; Win64; x64) AppleWebKit/537.36 (KHTML, like Gecko) Chrome/76.0.3809.132 Safari/537.36"
139.162.128.248 - - [06/Mar/2020:20:17:02 +0100] "POST /xmlrpc.php HTTP/1.1" 200 401 "-" "Mozilla/5.0 (Windows NT 10.0; Win64; x64) AppleWebKit/537.36 (KHTML, like Gecko) Chrome/76.0.3809.132 Safari/537.36"
139.162.128.248 - - [06/Mar/2020:20:17:02 +0100] "POST /xmlrpc.php HTTP/1.1" 200 401 "-" "Mozilla/5.0 (Windows NT 10.0; Win64; x64) AppleWebKit/537.36 (KHTML, like Gecko) Chrome/76.0.3809.132 Safari/537.36"
139.162.128.248 - - [06/Mar/2020:20:17:03 +0100] "POST /xmlrpc.php HTTP/1.1" 200 401 "-" "Mozilla/5.0 (Windows NT 10.0; Win64; x64) AppleWebKit/537.36 (KHTML, like Gecko) Chrome/76.0.3809.132 Safari/537.36"
139.162.128.248 - - [06/Mar/2020:20:17:03 +0100] "POST /xmlrpc.php HTTP/1.1" 200 401 "-" "Mozilla/5.0 (Windows NT 10.0; Win64; x64) AppleWebKit/537.36 (KHTML, like Gecko) Chrome/76.0.3809.132 Safari/537.36"
139.162.128.248 - - [06/Mar/2020:20:17:04 +0100] "POST /xmlrpc.php HTTP/1.1" 200 401 "-" "Mozilla/5.0 (Windows NT 10.0; Win64; x64) AppleWebKit/537.36 (KHTML, like Gecko) Chrome/76.0.3809.132 Safari/537.36"
139.162.128.248 - - [06/Mar/2020:20:17:04 +0100] "POST /xmlrpc.php HTTP/1.1" 200 401 "-" "Mozilla/5.0 (Windows NT 10.0; Win64; x64) AppleWebKit/537.36 (KHTML, like Gecko) Chrome/76.0.3809.132 Safari/537.36"
139.162.128.248 - - [06/Mar/2020:20:17:05 +0100] "POST /xmlrpc.php HTTP/1.1" 200 401 "-" "Mozilla/5.0 (Windows NT 10.0; Win64; x64) AppleWebKit/537.36 (KHTML, like Gecko) Chrome/76.0.3809.132 Safari/537.36"
139.162.128.248 - - [06/Mar/2020:20:17:05 +0100] "POST /xmlrpc.php HTTP/1.1" 200 401 "-" "Mozilla/5.0 (Windows NT 10.0; Win64; x64) AppleWebKit/537.36 (KHTML, like Gecko) Chrome/76.0.3809.132 Safari/537.36"
139.162.128.248 - - [06/Mar/2020:20:17:06 +0100] "POST /xmlrpc.php HTTP/1.1" 200 401 "-" "Mozilla/5.0 (Windows NT 10.0; Win64; x64) AppleWebKit/537.36 (KHTML, like Gecko) Chrome/76.0.3809.132 Safari/537.36"
139.162.128.248 - - [06/Mar/2020:20:17:06 +0100] "POST /xmlrpc.php HTTP/1.1" 200 401 "-" "Mozilla/5.0 (Windows NT 10.0; Win64; x64) AppleWebKit/537.36 (KHTML, like Gecko) Chrome/76.0.3809.132 Safari/537.36"
139.162.128.248 - - [06/Mar/2020:20:17:06 +0100] "POST /xmlrpc.php HTTP/1.1" 200 401 "-" "Mozilla/5.0 (Windows NT 10.0; Win64; x64) AppleWebKit/537.36 (KHTML, like Gecko) Chrome/76.0.3809.132 Safari/537.36"
139.162.128.248 - - [06/Mar/2020:20:17:07 +0100] "POST /xmlrpc.php HTTP/1.1" 200 401 "-" "Mozilla/5.0 (Windows NT 10.0; Win64; x64) AppleWebKit/537.36 (KHTML, like Gecko) Chrome/76.0.3809.132 Safari/537.36"
139.162.128.248 - - [06/Mar/2020:20:17:07 +0100] "POST /xmlrpc.php HTTP/1.1" 200 401 "-" "Mozilla/5.0 (Windows NT 10.0; Win64; x64) AppleWebKit/537.36 (KHTML, like Gecko) Chrome/76.0.3809.132 Safari/537.36"
139.162.128.248 - - [06/Mar/2020:20:17:08 +0100] "POST /xmlrpc.php HTTP/1.1" 200 401 "-" "Mozilla/5.0 (Windows NT 10.0; Win64; x64) AppleWebKit/537.36 (KHTML, like Gecko) Chrome/76.0.3809.132 Safari/537.36"
139.162.128.248 - - [06/Mar/2020:20:17:09 +0100] "POST /xmlrpc.php HTTP/1.1" 200 401 "-" "Mozilla/5.0 (Windows NT 10.0; Win64; x64) AppleWebKit/537.36 (KHTML, like Gecko) Chrome/76.0.3809.132 Safari/537.36"
139.162.128.248 - - [06/Mar/2020:20:17:09 +0100] "POST /xmlrpc.php HTTP/1.1" 200 401 "-" "Mozilla/5.0 (Windows NT 10.0; Win64; x64) AppleWebKit/537.36 (KHTML, like Gecko) Chrome/76.0.3809.132 Safari/537.36"
139.162.128.248 - - [06/Mar/2020:20:17:10 +0100] "POST /xmlrpc.php HTTP/1.1" 200 401 "-" "Mozilla/5.0 (Windows NT 10.0; Win64; x64) AppleWebKit/537.36 (KHTML, like Gecko) Chrome/76.0.3809.132 Safari/537.36"
139.162.128.248 - - [06/Mar/2020:20:17:10 +0100] "POST /xmlrpc.php HTTP/1.1" 200 401 "-" "Mozilla/5.0 (Windows NT 10.0; Win64; x64) AppleWebKit/537.36 (KHTML, like Gecko) Chrome/76.0.3809.132 Safari/537.36"
139.162.128.248 - - [06/Mar/2020:20:17:11 +0100] "POST /xmlrpc.php HTTP/1.1" 200 401 "-" "Mozilla/5.0 (Windows NT 10.0; Win64; x64) AppleWebKit/537.36 (KHTML, like Gecko) Chrome/76.0.3809.132 Safari/537.36"
139.162.128.248 - - [06/Mar/2020:20:17:11 +0100] "POST /xmlrpc.php HTTP/1.1" 200 401 "-" "Mozilla/5.0 (Windows NT 10.0; Win64; x64) AppleWebKit/537.36 (KHTML, like Gecko) Chrome/76.0.3809.132 Safari/537.36"
139.162.128.248 - - [06/Mar/2020:20:17:12 +0100] "POST /xmlrpc.php HTTP/1.1" 200 401 "-" "Mozilla/5.0 (Windows NT 10.0; Win64; x64) AppleWebKit/537.36 (KHTML, like Gecko) Chrome/76.0.3809.132 Safari/537.36"
139.162.128.248 - - [06/Mar/2020:20:17:13 +0100] "POST /xmlrpc.php HTTP/1.1" 200 401 "-" "Mozilla/5.0 (Windows NT 10.0; Win64; x64) AppleWebKit/537.36 (KHTML, like Gecko) Chrome/76.0.3809.132 Safari/537.36"
139.162.128.248 - - [06/Mar/2020:20:17:14 +0100] "POST /xmlrpc.php HTTP/1.1" 200 401 "-" "Mozilla/5.0 (Windows NT 10.0; Win64; x64) AppleWebKit/537.36 (KHTML, like Gecko) Chrome/76.0.3809.132 Safari/537.36"
139.162.128.248 - - [06/Mar/2020:20:17:15 +0100] "POST /xmlrpc.php HTTP/1.1" 200 401 "-" "Mozilla/5.0 (Windows NT 10.0; Win64; x64) AppleWebKit/537.36 (KHTML, like Gecko) Chrome/76.0.3809.132 Safari/537.36"
139.162.128.248 - - [06/Mar/2020:20:17:15 +0100] "POST /xmlrpc.php HTTP/1.1" 200 401 "-" "Mozilla/5.0 (Windows NT 10.0; Win64; x64) AppleWebKit/537.36 (KHTML, like Gecko) Chrome/76.0.3809.132 Safari/537.36"
139.162.128.248 - - [06/Mar/2020:20:17:16 +0100] "POST /xmlrpc.php HTTP/1.1" 200 401 "-" "Mozilla/5.0 (Windows NT 10.0; Win64; x64) AppleWebKit/537.36 (KHTML, like Gecko) Chrome/76.0.3809.132 Safari/537.36"
139.162.128.248 - - [06/Mar/2020:20:17:16 +0100] "POST /xmlrpc.php HTTP/1.1" 200 401 "-" "Mozilla/5.0 (Windows NT 10.0; Win64; x64) AppleWebKit/537.36 (KHTML, like Gecko) Chrome/76.0.3809.132 Safari/537.36"
139.162.128.248 - - [06/Mar/2020:20:17:17 +0100] "POST /xmlrpc.php HTTP/1.1" 200 401 "-" "Mozilla/5.0 (Windows NT 10.0; Win64; x64) AppleWebKit/537.36 (KHTML, like Gecko) Chrome/76.0.3809.132 Safari/537.36"
139.162.128.248 - - [06/Mar/2020:20:17:17 +0100] "POST /xmlrpc.php HTTP/1.1" 200 401 "-" "Mozilla/5.0 (Windows NT 10.0; Win64; x64) AppleWebKit/537.36 (KHTML, like Gecko) Chrome/76.0.3809.132 Safari/537.36"
139.162.128.248 - - [06/Mar/2020:20:17:18 +0100] "POST /xmlrpc.php HTTP/1.1" 200 401 "-" "Mozilla/5.0 (Windows NT 10.0; Win64; x64) AppleWebKit/537.36 (KHTML, like Gecko) Chrome/76.0.3809.132 Safari/537.36"
139.162.128.248 - - [06/Mar/2020:20:17:18 +0100] "POST /xmlrpc.php HTTP/1.1" 200 401 "-" "Mozilla/5.0 (Windows NT 10.0; Win64; x64) AppleWebKit/537.36 (KHTML, like Gecko) Chrome/76.0.3809.132 Safari/537.36"
207.46.13.124 - - [06/Mar/2020:23:08:49 +0100] "GET / HTTP/1.1" 200 49 "-" "Mozilla/5.0 (compatible; bingbot/2.0; +http://www.bing.com/bingbot.htm)"
40.77.167.70 - - [06/Mar/2020:23:48:47 +0100] "GET /robots.txt HTTP/1.1" 200 49 "-" "msnbot/2.0b (+http://search.msn.com/msnbot.htm)"
207.46.13.144 - - [07/Mar/2020:00:22:50 +0100] "GET /robots.txt HTTP/1.1" 200 49 "-" "Mozilla/5.0 (compatible; bingbot/2.0; +http://www.bing.com/bingbot.htm)"
66.249.79.77 - - [07/Mar/2020:09:50:20 +0100] "GET /robots.txt HTTP/1.1" 200 49 "-" "Mozilla/5.0 (compatible; Googlebot/2.1; +http://www.google.com/bot.html)"
66.249.79.81 - - [07/Mar/2020:09:50:20 +0100] "GET /vrhktrfceedt.html HTTP/1.1" 200 49 "-" "Mozilla/5.0 (compatible; Googlebot/2.1; +http://www.google.com/bot.html)"
207.46.13.124 - - [07/Mar/2020:10:53:34 +0100] "GET / HTTP/1.1" 200 49 "-" "Mozilla/5.0 (compatible; bingbot/2.0; +http://www.bing.com/bingbot.htm)"
157.55.39.225 - - [07/Mar/2020:14:15:31 +0100] "GET /robots.txt HTTP/1.1" 200 49 "-" "msnbot/2.0b (+http://search.msn.com/msnbot.htm)"
207.46.13.124 - - [07/Mar/2020:23:46:19 +0100] "GET / HTTP/1.1" 200 49 "-" "Mozilla/5.0 (compatible; bingbot/2.0; +http://www.bing.com/bingbot.htm)"
157.55.39.162 - - [08/Mar/2020:02:38:17 +0100] "GET /robots.txt HTTP/1.1" 200 49 "-" "msnbot/2.0b (+http://search.msn.com/msnbot.htm)"
216.244.66.238 - - [08/Mar/2020:05:08:11 +0100] "GET /robots.txt HTTP/1.1" 200 49 "-" "Mozilla/5.0 (compatible; DotBot/1.1; http://www.opensiteexplorer.org/dotbot, help@moz.com)"
216.244.66.238 - - [08/Mar/2020:05:14:52 +0100] "GET /shop/?number=6 HTTP/1.1" 200 49 "-" "Mozilla/5.0 (compatible; DotBot/1.1; http://www.opensiteexplorer.org/dotbot, help@moz.com)"
216.244.66.238 - - [08/Mar/2020:05:16:27 +0100] "GET /shop/?number=9 HTTP/1.1" 200 49 "-" "Mozilla/5.0 (compatible; DotBot/1.1; http://www.opensiteexplorer.org/dotbot, help@moz.com)"
207.46.13.144 - - [08/Mar/2020:06:01:48 +0100] "GET /robots.txt HTTP/1.1" 200 49 "-" "Mozilla/5.0 (compatible; bingbot/2.0; +http://www.bing.com/bingbot.htm)"
216.244.66.238 - - [08/Mar/2020:09:16:00 +0100] "GET /shop/?number=48 HTTP/1.1" 200 49 "-" "Mozilla/5.0 (compatible; DotBot/1.1; http://www.opensiteexplorer.org/dotbot, help@moz.com)"
207.46.13.124 - - [08/Mar/2020:11:52:11 +0100] "GET / HTTP/1.1" 200 49 "-" "Mozilla/5.0 (compatible; bingbot/2.0; +http://www.bing.com/bingbot.htm)"
50.87.248.20 - - [08/Mar/2020:13:10:19 +0100] "HEAD /wp-admin/ HTTP/1.1" 302 - "https://vshoped.com" "Mozilla/5.0 (Windows NT 10.0; Win64; x64) AppleWebKit/537.36 (KHTML, like Gecko) Chrome/70.0.3538.102 Safari/537.36"
176.31.116.194 - - [08/Mar/2020:13:10:39 +0100] "POST /wp-cron.php?doing_wp_cron=1583669438.9489231109619140625000 HTTP/1.1" 200 - "http://megastore.7uptheme.net/wp-cron.php?doing_wp_cron=1583669438.9489231109619140625000" "WordPress/5.1.4; https://megastore.7uptheme.net"
114.119.163.191 - - [08/Mar/2020:17:15:55 +0100] "GET /robots.txt HTTP/1.1" 200 49 "-" "Mozilla/5.0 (Linux; Android 7.0;) AppleWebKit/537.36 (KHTML, like Gecko) Mobile Safari/537.36 (compatible; AspiegelBot)"
40.77.167.40 - - [08/Mar/2020:20:20:09 +0100] "GET /robots.txt HTTP/1.1" 200 49 "-" "msnbot/2.0b (+http://search.msn.com/msnbot.htm)"
62.4.16.125 - - [08/Mar/2020:22:44:49 +0100] "GET / HTTP/1.1" 200 49 "-" "python-requests/2.23.0"
114.119.163.217 - - [09/Mar/2020:00:12:23 +0100] "GET /robots.txt HTTP/1.1" 200 49 "-" "Mozilla/5.0 (Linux; Android 7.0;) AppleWebKit/537.36 (KHTML, like Gecko) Mobile Safari/537.36 (compatible; AspiegelBot)"
207.46.13.124 - - [09/Mar/2020:00:44:15 +0100] "GET / HTTP/1.1" 200 49 "-" "Mozilla/5.0 (compatible; bingbot/2.0; +http://www.bing.com/bingbot.htm)"
207.46.13.144 - - [09/Mar/2020:01:26:10 +0100] "GET /robots.txt HTTP/1.1" 200 49 "-" "Mozilla/5.0 (compatible; bingbot/2.0; +http://www.bing.com/bingbot.htm)"
95.108.213.57 - - [09/Mar/2020:02:18:44 +0100] "GET /robots.txt HTTP/1.1" 200 49 "-" "Mozilla/5.0 (compatible; YandexBot/3.0; +http://yandex.com/bots)"
95.108.213.57 - - [09/Mar/2020:02:18:48 +0100] "GET / HTTP/1.1" 200 49 "-" "Mozilla/5.0 (compatible; YandexBot/3.0; +http://yandex.com/bots)"
40.77.167.157 - - [09/Mar/2020:11:55:53 +0100] "GET /robots.txt HTTP/1.1" 200 49 "-" "msnbot/2.0b (+http://search.msn.com/msnbot.htm)"
40.77.167.13 - - [09/Mar/2020:13:40:50 +0100] "GET / HTTP/1.1" 200 49 "-" "Mozilla/5.0 (compatible; bingbot/2.0; +http://www.bing.com/bingbot.htm)"
54.207.33.42 - - [09/Mar/2020:14:57:45 +0100] "GET / HTTP/1.1" 200 49 "-" "Mozilla/5.0 (Windows NT 6.1; WOW64; Trident/7.0; rv:11.0) like Gecko"
54.207.33.42 - - [09/Mar/2020:14:57:45 +0100] "GET / HTTP/1.1" 200 49 "-" "Mozilla/5.0 (Windows NT 6.1; WOW64; Trident/7.0; rv:11.0) like Gecko"
207.46.13.144 - - [10/Mar/2020:00:26:33 +0100] "GET /robots.txt HTTP/1.1" 200 49 "-" "Mozilla/5.0 (compatible; bingbot/2.0; +http://www.bing.com/bingbot.htm)"
40.77.167.157 - - [10/Mar/2020:00:26:37 +0100] "GET /robots.txt HTTP/1.1" 200 49 "-" "msnbot/2.0b (+http://search.msn.com/msnbot.htm)"
40.77.167.140 - - [10/Mar/2020:02:29:55 +0100] "GET / HTTP/1.1" 200 49 "-" "Mozilla/5.0 (compatible; bingbot/2.0; +http://www.bing.com/bingbot.htm)"
218.22.100.42 - - [10/Mar/2020:03:09:09 +0100] "GET / HTTP/1.1" 200 49 "-" "Mozilla/5.0 (Windows NT 6.1; rv:60.0) Gecko/20100101 Firefox/60.0"
95.108.213.57 - - [10/Mar/2020:06:25:06 +0100] "GET /robots.txt HTTP/1.1" 200 49 "-" "Mozilla/5.0 (compatible; YandexBot/3.0; +http://yandex.com/bots)"
95.108.213.57 - - [10/Mar/2020:06:25:10 +0100] "GET / HTTP/1.1" 200 49 "-" "Mozilla/5.0 (compatible; YandexBot/3.0; +http://yandex.com/bots)"
141.8.142.149 - - [10/Mar/2020:06:55:09 +0100] "GET / HTTP/1.1" 200 49 "-" "Mozilla/5.0 (compatible; YandexBot/3.0; +http://yandex.com/bots)"
207.46.13.144 - - [10/Mar/2020:08:59:20 +0100] "GET /robots.txt HTTP/1.1" 200 49 "-" "Mozilla/5.0 (compatible; bingbot/2.0; +http://www.bing.com/bingbot.htm)"
40.77.167.157 - - [10/Mar/2020:08:59:39 +0100] "GET /robots.txt HTTP/1.1" 200 49 "-" "msnbot/2.0b (+http://search.msn.com/msnbot.htm)"
184.178.172.8 - - [10/Mar/2020:10:13:10 +0100] "GET / HTTP/1.1" 200 49 "-" "Mozilla/5.0 (Windows NT 6.1; rv:60.0) Gecko/20100101 Firefox/60.0"
60.8.123.60 - - [10/Mar/2020:10:41:59 +0100] "GET / HTTP/1.1" 200 49 "-" "Mozilla/5.0 (Linux; Android 5.0) AppleWebKit/537.36 (KHTML, like Gecko) Mobile Safari/537.36 (compatible; Bytespider; https://zhanzhang.toutiao.com/)"
111.225.148.207 - - [10/Mar/2020:11:03:40 +0100] "GET /robots.txt HTTP/1.1" 200 49 "-" "Mozilla/5.0 (Linux; Android 5.0) AppleWebKit/537.36 (KHTML, like Gecko) Mobile Safari/537.36 (compatible; Bytespider; https://zhanzhang.toutiao.com/)"
95.217.4.119 - - [10/Mar/2020:11:47:46 +0100] "GET /wp-login.php HTTP/1.1" 302 - "-" "Mozilla/5.0 (X11; Ubuntu; Linux x86_64; rv:62.0) Gecko/20100101 Firefox/62.0"
95.217.4.119 - - [10/Mar/2020:11:47:48 +0100] "GET ///?author=1 HTTP/1.1" 200 49 "-" "Mozilla/5.0 (X11; Ubuntu; Linux x86_64; rv:62.0) Gecko/20100101 Firefox/62.0"
95.217.4.119 - - [10/Mar/2020:11:47:48 +0100] "GET ///wp-json/wp/v2/users/ HTTP/1.1" 200 49 "-" "Mozilla/5.0 (X11; Ubuntu; Linux x86_64; rv:62.0) Gecko/20100101 Firefox/62.0"
176.31.116.194 - - [10/Mar/2020:11:47:47 +0100] "POST /wp-cron.php?doing_wp_cron=1583837267.0211260318756103515625 HTTP/1.1" 200 - "http://megastore.7uptheme.net/wp-cron.php?doing_wp_cron=1583837267.0211260318756103515625" "WordPress/5.1.4; https://megastore.7uptheme.net"
40.77.167.140 - - [10/Mar/2020:13:05:58 +0100] "GET / HTTP/1.1" 200 49 "-" "Mozilla/5.0 (compatible; bingbot/2.0; +http://www.bing.com/bingbot.htm)"
117.98.131.45 - - [10/Mar/2020:16:57:23 +0100] "GET / HTTP/1.1" 200 49 "http://anti-crisis-seo.com" "Mozilla/5.0 (Windows NT 10.0; Win64; x64) AppleWebKit/537.36 (KHTML, like Gecko) Chrome/74.0.3729.169 Safari/537.36"
58.246.5.122 - - [10/Mar/2020:17:00:36 +0100] "GET / HTTP/1.1" 200 49 "-" "Mozilla/5.0 (Windows NT 6.1; rv:60.0) Gecko/20100101 Firefox/60.0"
216.244.66.238 - - [10/Mar/2020:18:40:21 +0100] "GET /robots.txt HTTP/1.1" 200 49 "-" "Mozilla/5.0 (compatible; DotBot/1.1; http://www.opensiteexplorer.org/dotbot, help@moz.com)"
216.244.66.238 - - [10/Mar/2020:18:52:39 +0100] "GET /shop/?type=list HTTP/1.1" 200 49 "-" "Mozilla/5.0 (compatible; DotBot/1.1; http://www.opensiteexplorer.org/dotbot, help@moz.com)"
138.68.13.73 - - [10/Mar/2020:23:41:12 +0100] "GET / HTTP/1.1" 200 49 "-" "python-requests/2.23.0"
40.77.167.140 - - [11/Mar/2020:02:30:15 +0100] "GET / HTTP/1.1" 200 49 "-" "Mozilla/5.0 (compatible; bingbot/2.0; +http://www.bing.com/bingbot.htm)"
138.68.13.73 - - [11/Mar/2020:02:44:12 +0100] "GET //vendor/phpunit/phpunit/phpunit.xsd HTTP/1.1" 200 49 "-" "Mozilla/5.0 (X11; Linux x86_64; rv:52.0) Gecko/20100101 Firefox/52.0"
138.68.13.73 - - [11/Mar/2020:02:44:13 +0100] "GET //vendor/phpunit/phpunit/phpunit.xsd HTTP/1.1" 200 49 "-" "Mozilla/5.0 (X11; Linux x86_64; rv:52.0) Gecko/20100101 Firefox/52.0"
183.88.234.242 - - [11/Mar/2020:06:00:44 +0100] "GET / HTTP/1.1" 200 49 "-" "Mozilla/5.0 (Windows NT 6.1; rv:60.0) Gecko/20100101 Firefox/60.0"
216.244.66.238 - - [11/Mar/2020:08:46:14 +0100] "GET /shop/?number=6 HTTP/1.1" 200 49 "-" "Mozilla/5.0 (compatible; DotBot/1.1; http://www.opensiteexplorer.org/dotbot, help@moz.com)"
216.244.66.238 - - [11/Mar/2020:08:47:50 +0100] "GET /shop/?number=9 HTTP/1.1" 200 49 "-" "Mozilla/5.0 (compatible; DotBot/1.1; http://www.opensiteexplorer.org/dotbot, help@moz.com)"
40.77.167.157 - - [11/Mar/2020:12:17:45 +0100] "GET /robots.txt HTTP/1.1" 200 49 "-" "msnbot/2.0b (+http://search.msn.com/msnbot.htm)"
216.244.66.238 - - [11/Mar/2020:12:19:09 +0100] "GET /shop/?number=48 HTTP/1.1" 200 49 "-" "Mozilla/5.0 (compatible; DotBot/1.1; http://www.opensiteexplorer.org/dotbot, help@moz.com)"
14.236.79.35 - - [11/Mar/2020:13:52:52 +0100] "GET / HTTP/1.1" 200 49 "http://anti-crisis-seo.com" "Mozilla/5.0 (Windows NT 10.0; Win64; x64) AppleWebKit/537.36 (KHTML, like Gecko) Chrome/74.0.3729.169 Safari/537.36"
50.87.248.20 - - [11/Mar/2020:13:56:22 +0100] "HEAD /wp-admin/ HTTP/1.1" 302 - "https://vshoped.com" "Mozilla/5.0 (Windows NT 10.0; Win64; x64) AppleWebKit/537.36 (KHTML, like Gecko) Chrome/70.0.3538.102 Safari/537.36"
176.31.116.194 - - [11/Mar/2020:13:56:30 +0100] "POST /wp-cron.php?doing_wp_cron=1583931388.5649991035461425781250 HTTP/1.1" 200 - "http://megastore.7uptheme.net/wp-cron.php?doing_wp_cron=1583931388.5649991035461425781250" "WordPress/5.1.4; https://megastore.7uptheme.net"
40.77.167.140 - - [11/Mar/2020:14:19:56 +0100] "GET / HTTP/1.1" 200 49 "-" "Mozilla/5.0 (compatible; bingbot/2.0; +http://www.bing.com/bingbot.htm)"
116.99.223.72 - - [11/Mar/2020:14:50:26 +0100] "GET / HTTP/1.1" 200 49 "http://anti-crisis-seo.com" "Mozilla/5.0 (Windows NT 10.0; Win64; x64) AppleWebKit/537.36 (KHTML, like Gecko) Chrome/74.0.3729.169 Safari/537.36"
52.138.5.160 - - [11/Mar/2020:15:36:45 +0100] "GET //vendor/phpunit/phpunit/phpunit.xsd HTTP/1.1" 200 49 "-" "Mozilla/5.0 (X11; Linux x86_64; rv:52.0) Gecko/20100101 Firefox/52.0"
88.230.79.98 - - [11/Mar/2020:16:16:28 +0100] "GET / HTTP/1.1" 200 49 "http://anti-crisis-seo.com" "Mozilla/5.0 (Windows NT 10.0; Win64; x64) AppleWebKit/537.36 (KHTML, like Gecko) Chrome/74.0.3729.169 Safari/537.36"
