209.17.96.26 - - [11/Mar/2020:20:50:02 +0100] "GET / HTTP/1.1" 200 49 "-" "Mozilla/5.0 (compatible; Nimbostratus-Bot/v1.3.2; http://cloudsystemnetworks.com)"
165.22.102.56 - - [11/Mar/2020:21:12:36 +0100] "GET /wp-login.php HTTP/1.1" 302 - "-" "Mozilla/5.0 (X11; Ubuntu; Linux x86_64; rv:62.0) Gecko/20100101 Firefox/62.0"
176.31.116.194 - - [11/Mar/2020:21:12:41 +0100] "POST /wp-cron.php?doing_wp_cron=1583957557.7323520183563232421875 HTTP/1.1" 200 - "http://megastore.7uptheme.net/wp-cron.php?doing_wp_cron=1583957557.7323520183563232421875" "WordPress/5.1.4; https://megastore.7uptheme.net"
165.22.102.56 - - [11/Mar/2020:21:12:48 +0100] "GET ///?author=1 HTTP/1.1" 200 49 "-" "Mozilla/5.0 (X11; Ubuntu; Linux x86_64; rv:62.0) Gecko/20100101 Firefox/62.0"
165.22.102.56 - - [11/Mar/2020:21:12:49 +0100] "GET ///wp-json/wp/v2/users/ HTTP/1.1" 200 49 "-" "Mozilla/5.0 (X11; Ubuntu; Linux x86_64; rv:62.0) Gecko/20100101 Firefox/62.0"
138.197.167.250 - - [11/Mar/2020:21:45:04 +0100] "GET //vendor/phpunit/phpunit/phpunit.xsd HTTP/1.1" 200 49 "-" "Mozilla/5.0 (X11; Linux x86_64; rv:52.0) Gecko/20100101 Firefox/52.0"
40.77.167.74 - - [12/Mar/2020:00:41:51 +0100] "GET /robots.txt HTTP/1.1" 200 49 "-" "msnbot/2.0b (+http://search.msn.com/msnbot.htm)"
40.77.167.140 - - [12/Mar/2020:04:21:52 +0100] "GET / HTTP/1.1" 200 49 "-" "Mozilla/5.0 (compatible; bingbot/2.0; +http://www.bing.com/bingbot.htm)"
18.220.183.151 - - [12/Mar/2020:05:02:32 +0100] "GET / HTTP/1.1" 200 49 "-" "Mozilla/5.0 (Windows NT 10.0; Win64; x64) AppleWebKit/537.36 (KHTML, like Gecko) Chrome/76.0.3809.132 Safari/537.36"
18.220.183.151 - - [12/Mar/2020:05:02:37 +0100] "GET /wp-includes/wlwmanifest.xml HTTP/1.1" 200 1045 "-" "Mozilla/5.0 (Windows NT 10.0; Win64; x64) AppleWebKit/537.36 (KHTML, like Gecko) Chrome/76.0.3809.132 Safari/537.36"
18.220.183.151 - - [12/Mar/2020:05:02:43 +0100] "GET /?author=1 HTTP/1.1" 200 49 "-" "Mozilla/5.0 (Windows NT 10.0; Win64; x64) AppleWebKit/537.36 (KHTML, like Gecko) Chrome/76.0.3809.132 Safari/537.36"
18.220.183.151 - - [12/Mar/2020:05:02:48 +0100] "GET /wp-json/wp/v2/users/ HTTP/1.1" 200 49 "-" "Mozilla/5.0 (Windows NT 10.0; Win64; x64) AppleWebKit/537.36 (KHTML, like Gecko) Chrome/76.0.3809.132 Safari/537.36"
18.220.183.151 - - [12/Mar/2020:05:02:49 +0100] "GET /wp-json/oembed/1.0/embed?url=http://megastore.7uptheme.net HTTP/1.1" 200 49 "-" "Mozilla/5.0 (Windows NT 10.0; Win64; x64) AppleWebKit/537.36 (KHTML, like Gecko) Chrome/76.0.3809.132 Safari/537.36"
18.220.183.151 - - [12/Mar/2020:05:02:49 +0100] "POST /xmlrpc.php HTTP/1.1" 200 401 "-" "Mozilla/5.0 (Windows NT 10.0; Win64; x64) AppleWebKit/537.36 (KHTML, like Gecko) Chrome/76.0.3809.132 Safari/537.36"
18.220.183.151 - - [12/Mar/2020:05:02:53 +0100] "POST /xmlrpc.php HTTP/1.1" 200 401 "-" "Mozilla/5.0 (Windows NT 10.0; Win64; x64) AppleWebKit/537.36 (KHTML, like Gecko) Chrome/76.0.3809.132 Safari/537.36"
18.220.183.151 - - [12/Mar/2020:05:02:57 +0100] "POST /xmlrpc.php HTTP/1.1" 200 401 "-" "Mozilla/5.0 (Windows NT 10.0; Win64; x64) AppleWebKit/537.36 (KHTML, like Gecko) Chrome/76.0.3809.132 Safari/537.36"
18.220.183.151 - - [12/Mar/2020:05:03:00 +0100] "POST /xmlrpc.php HTTP/1.1" 200 401 "-" "Mozilla/5.0 (Windows NT 10.0; Win64; x64) AppleWebKit/537.36 (KHTML, like Gecko) Chrome/76.0.3809.132 Safari/537.36"
18.220.183.151 - - [12/Mar/2020:05:03:01 +0100] "POST /xmlrpc.php HTTP/1.1" 200 401 "-" "Mozilla/5.0 (Windows NT 10.0; Win64; x64) AppleWebKit/537.36 (KHTML, like Gecko) Chrome/76.0.3809.132 Safari/537.36"
18.220.183.151 - - [12/Mar/2020:05:03:06 +0100] "POST /xmlrpc.php HTTP/1.1" 200 401 "-" "Mozilla/5.0 (Windows NT 10.0; Win64; x64) AppleWebKit/537.36 (KHTML, like Gecko) Chrome/76.0.3809.132 Safari/537.36"
18.220.183.151 - - [12/Mar/2020:05:03:09 +0100] "POST /xmlrpc.php HTTP/1.1" 200 401 "-" "Mozilla/5.0 (Windows NT 10.0; Win64; x64) AppleWebKit/537.36 (KHTML, like Gecko) Chrome/76.0.3809.132 Safari/537.36"
18.220.183.151 - - [12/Mar/2020:05:03:12 +0100] "POST /xmlrpc.php HTTP/1.1" 200 401 "-" "Mozilla/5.0 (Windows NT 10.0; Win64; x64) AppleWebKit/537.36 (KHTML, like Gecko) Chrome/76.0.3809.132 Safari/537.36"
18.220.183.151 - - [12/Mar/2020:05:03:15 +0100] "POST /xmlrpc.php HTTP/1.1" 200 401 "-" "Mozilla/5.0 (Windows NT 10.0; Win64; x64) AppleWebKit/537.36 (KHTML, like Gecko) Chrome/76.0.3809.132 Safari/537.36"
18.220.183.151 - - [12/Mar/2020:05:03:17 +0100] "POST /xmlrpc.php HTTP/1.1" 200 401 "-" "Mozilla/5.0 (Windows NT 10.0; Win64; x64) AppleWebKit/537.36 (KHTML, like Gecko) Chrome/76.0.3809.132 Safari/537.36"
18.220.183.151 - - [12/Mar/2020:05:03:19 +0100] "POST /xmlrpc.php HTTP/1.1" 200 401 "-" "Mozilla/5.0 (Windows NT 10.0; Win64; x64) AppleWebKit/537.36 (KHTML, like Gecko) Chrome/76.0.3809.132 Safari/537.36"
18.220.183.151 - - [12/Mar/2020:05:03:22 +0100] "POST /xmlrpc.php HTTP/1.1" 200 401 "-" "Mozilla/5.0 (Windows NT 10.0; Win64; x64) AppleWebKit/537.36 (KHTML, like Gecko) Chrome/76.0.3809.132 Safari/537.36"
18.220.183.151 - - [12/Mar/2020:05:03:24 +0100] "POST /xmlrpc.php HTTP/1.1" 200 401 "-" "Mozilla/5.0 (Windows NT 10.0; Win64; x64) AppleWebKit/537.36 (KHTML, like Gecko) Chrome/76.0.3809.132 Safari/537.36"
18.220.183.151 - - [12/Mar/2020:05:03:31 +0100] "POST /xmlrpc.php HTTP/1.1" 200 401 "-" "Mozilla/5.0 (Windows NT 10.0; Win64; x64) AppleWebKit/537.36 (KHTML, like Gecko) Chrome/76.0.3809.132 Safari/537.36"
18.220.183.151 - - [12/Mar/2020:05:03:36 +0100] "POST /xmlrpc.php HTTP/1.1" 200 401 "-" "Mozilla/5.0 (Windows NT 10.0; Win64; x64) AppleWebKit/537.36 (KHTML, like Gecko) Chrome/76.0.3809.132 Safari/537.36"
18.220.183.151 - - [12/Mar/2020:05:03:44 +0100] "POST /xmlrpc.php HTTP/1.1" 200 401 "-" "Mozilla/5.0 (Windows NT 10.0; Win64; x64) AppleWebKit/537.36 (KHTML, like Gecko) Chrome/76.0.3809.132 Safari/537.36"
18.220.183.151 - - [12/Mar/2020:05:03:51 +0100] "POST /xmlrpc.php HTTP/1.1" 200 401 "-" "Mozilla/5.0 (Windows NT 10.0; Win64; x64) AppleWebKit/537.36 (KHTML, like Gecko) Chrome/76.0.3809.132 Safari/537.36"
18.220.183.151 - - [12/Mar/2020:05:03:52 +0100] "POST /xmlrpc.php HTTP/1.1" 200 401 "-" "Mozilla/5.0 (Windows NT 10.0; Win64; x64) AppleWebKit/537.36 (KHTML, like Gecko) Chrome/76.0.3809.132 Safari/537.36"
18.220.183.151 - - [12/Mar/2020:05:03:59 +0100] "POST /xmlrpc.php HTTP/1.1" 200 401 "-" "Mozilla/5.0 (Windows NT 10.0; Win64; x64) AppleWebKit/537.36 (KHTML, like Gecko) Chrome/76.0.3809.132 Safari/537.36"
176.31.116.194 - - [12/Mar/2020:05:04:00 +0100] "POST /wp-cron.php?doing_wp_cron=1583985839.8101251125335693359375 HTTP/1.1" 200 - "http://megastore.7uptheme.net/wp-cron.php?doing_wp_cron=1583985839.8101251125335693359375" "WordPress/5.1.4; https://megastore.7uptheme.net"
18.220.183.151 - - [12/Mar/2020:05:04:05 +0100] "POST /xmlrpc.php HTTP/1.1" 200 401 "-" "Mozilla/5.0 (Windows NT 10.0; Win64; x64) AppleWebKit/537.36 (KHTML, like Gecko) Chrome/76.0.3809.132 Safari/537.36"
18.220.183.151 - - [12/Mar/2020:05:04:12 +0100] "POST /xmlrpc.php HTTP/1.1" 200 401 "-" "Mozilla/5.0 (Windows NT 10.0; Win64; x64) AppleWebKit/537.36 (KHTML, like Gecko) Chrome/76.0.3809.132 Safari/537.36"
18.220.183.151 - - [12/Mar/2020:05:04:13 +0100] "POST /xmlrpc.php HTTP/1.1" 200 401 "-" "Mozilla/5.0 (Windows NT 10.0; Win64; x64) AppleWebKit/537.36 (KHTML, like Gecko) Chrome/76.0.3809.132 Safari/537.36"
18.220.183.151 - - [12/Mar/2020:05:04:14 +0100] "POST /xmlrpc.php HTTP/1.1" 200 401 "-" "Mozilla/5.0 (Windows NT 10.0; Win64; x64) AppleWebKit/537.36 (KHTML, like Gecko) Chrome/76.0.3809.132 Safari/537.36"
18.220.183.151 - - [12/Mar/2020:05:04:21 +0100] "POST /xmlrpc.php HTTP/1.1" 200 401 "-" "Mozilla/5.0 (Windows NT 10.0; Win64; x64) AppleWebKit/537.36 (KHTML, like Gecko) Chrome/76.0.3809.132 Safari/537.36"
18.220.183.151 - - [12/Mar/2020:05:04:25 +0100] "POST /xmlrpc.php HTTP/1.1" 200 401 "-" "Mozilla/5.0 (Windows NT 10.0; Win64; x64) AppleWebKit/537.36 (KHTML, like Gecko) Chrome/76.0.3809.132 Safari/537.36"
18.220.183.151 - - [12/Mar/2020:05:04:29 +0100] "POST /xmlrpc.php HTTP/1.1" 200 401 "-" "Mozilla/5.0 (Windows NT 10.0; Win64; x64) AppleWebKit/537.36 (KHTML, like Gecko) Chrome/76.0.3809.132 Safari/537.36"
18.220.183.151 - - [12/Mar/2020:05:04:35 +0100] "POST /xmlrpc.php HTTP/1.1" 200 401 "-" "Mozilla/5.0 (Windows NT 10.0; Win64; x64) AppleWebKit/537.36 (KHTML, like Gecko) Chrome/76.0.3809.132 Safari/537.36"
18.220.183.151 - - [12/Mar/2020:05:04:35 +0100] "POST /xmlrpc.php HTTP/1.1" 200 401 "-" "Mozilla/5.0 (Windows NT 10.0; Win64; x64) AppleWebKit/537.36 (KHTML, like Gecko) Chrome/76.0.3809.132 Safari/537.36"
18.220.183.151 - - [12/Mar/2020:05:04:40 +0100] "POST /xmlrpc.php HTTP/1.1" 200 401 "-" "Mozilla/5.0 (Windows NT 10.0; Win64; x64) AppleWebKit/537.36 (KHTML, like Gecko) Chrome/76.0.3809.132 Safari/537.36"
18.220.183.151 - - [12/Mar/2020:05:04:47 +0100] "POST /xmlrpc.php HTTP/1.1" 200 401 "-" "Mozilla/5.0 (Windows NT 10.0; Win64; x64) AppleWebKit/537.36 (KHTML, like Gecko) Chrome/76.0.3809.132 Safari/537.36"
18.220.183.151 - - [12/Mar/2020:05:04:52 +0100] "POST /xmlrpc.php HTTP/1.1" 200 401 "-" "Mozilla/5.0 (Windows NT 10.0; Win64; x64) AppleWebKit/537.36 (KHTML, like Gecko) Chrome/76.0.3809.132 Safari/537.36"
18.220.183.151 - - [12/Mar/2020:05:04:55 +0100] "POST /xmlrpc.php HTTP/1.1" 200 401 "-" "Mozilla/5.0 (Windows NT 10.0; Win64; x64) AppleWebKit/537.36 (KHTML, like Gecko) Chrome/76.0.3809.132 Safari/537.36"
18.220.183.151 - - [12/Mar/2020:05:04:57 +0100] "POST /xmlrpc.php HTTP/1.1" 200 401 "-" "Mozilla/5.0 (Windows NT 10.0; Win64; x64) AppleWebKit/537.36 (KHTML, like Gecko) Chrome/76.0.3809.132 Safari/537.36"
18.220.183.151 - - [12/Mar/2020:05:04:58 +0100] "POST /xmlrpc.php HTTP/1.1" 200 401 "-" "Mozilla/5.0 (Windows NT 10.0; Win64; x64) AppleWebKit/537.36 (KHTML, like Gecko) Chrome/76.0.3809.132 Safari/537.36"
18.220.183.151 - - [12/Mar/2020:05:04:59 +0100] "POST /xmlrpc.php HTTP/1.1" 200 401 "-" "Mozilla/5.0 (Windows NT 10.0; Win64; x64) AppleWebKit/537.36 (KHTML, like Gecko) Chrome/76.0.3809.132 Safari/537.36"
18.220.183.151 - - [12/Mar/2020:05:05:00 +0100] "POST /xmlrpc.php HTTP/1.1" 200 401 "-" "Mozilla/5.0 (Windows NT 10.0; Win64; x64) AppleWebKit/537.36 (KHTML, like Gecko) Chrome/76.0.3809.132 Safari/537.36"
18.220.183.151 - - [12/Mar/2020:05:05:02 +0100] "POST /xmlrpc.php HTTP/1.1" 200 401 "-" "Mozilla/5.0 (Windows NT 10.0; Win64; x64) AppleWebKit/537.36 (KHTML, like Gecko) Chrome/76.0.3809.132 Safari/537.36"
176.31.116.194 - - [12/Mar/2020:05:05:03 +0100] "POST /wp-cron.php?doing_wp_cron=1583985902.9259641170501708984375 HTTP/1.1" 200 - "http://megastore.7uptheme.net/wp-cron.php?doing_wp_cron=1583985902.9259641170501708984375" "WordPress/5.1.4; https://megastore.7uptheme.net"
18.220.183.151 - - [12/Mar/2020:05:05:04 +0100] "POST /xmlrpc.php HTTP/1.1" 200 401 "-" "Mozilla/5.0 (Windows NT 10.0; Win64; x64) AppleWebKit/537.36 (KHTML, like Gecko) Chrome/76.0.3809.132 Safari/537.36"
18.220.183.151 - - [12/Mar/2020:05:05:07 +0100] "POST /xmlrpc.php HTTP/1.1" 200 401 "-" "Mozilla/5.0 (Windows NT 10.0; Win64; x64) AppleWebKit/537.36 (KHTML, like Gecko) Chrome/76.0.3809.132 Safari/537.36"
18.220.183.151 - - [12/Mar/2020:05:05:11 +0100] "POST /xmlrpc.php HTTP/1.1" 200 401 "-" "Mozilla/5.0 (Windows NT 10.0; Win64; x64) AppleWebKit/537.36 (KHTML, like Gecko) Chrome/76.0.3809.132 Safari/537.36"
18.220.183.151 - - [12/Mar/2020:05:05:16 +0100] "POST /xmlrpc.php HTTP/1.1" 200 401 "-" "Mozilla/5.0 (Windows NT 10.0; Win64; x64) AppleWebKit/537.36 (KHTML, like Gecko) Chrome/76.0.3809.132 Safari/537.36"
18.220.183.151 - - [12/Mar/2020:05:05:21 +0100] "POST /xmlrpc.php HTTP/1.1" 200 401 "-" "Mozilla/5.0 (Windows NT 10.0; Win64; x64) AppleWebKit/537.36 (KHTML, like Gecko) Chrome/76.0.3809.132 Safari/537.36"
18.220.183.151 - - [12/Mar/2020:05:05:23 +0100] "POST /xmlrpc.php HTTP/1.1" 200 401 "-" "Mozilla/5.0 (Windows NT 10.0; Win64; x64) AppleWebKit/537.36 (KHTML, like Gecko) Chrome/76.0.3809.132 Safari/537.36"
18.220.183.151 - - [12/Mar/2020:05:05:30 +0100] "POST /xmlrpc.php HTTP/1.1" 200 401 "-" "Mozilla/5.0 (Windows NT 10.0; Win64; x64) AppleWebKit/537.36 (KHTML, like Gecko) Chrome/76.0.3809.132 Safari/537.36"
18.220.183.151 - - [12/Mar/2020:05:05:37 +0100] "POST /xmlrpc.php HTTP/1.1" 200 401 "-" "Mozilla/5.0 (Windows NT 10.0; Win64; x64) AppleWebKit/537.36 (KHTML, like Gecko) Chrome/76.0.3809.132 Safari/537.36"
18.220.183.151 - - [12/Mar/2020:05:05:41 +0100] "POST /xmlrpc.php HTTP/1.1" 200 401 "-" "Mozilla/5.0 (Windows NT 10.0; Win64; x64) AppleWebKit/537.36 (KHTML, like Gecko) Chrome/76.0.3809.132 Safari/537.36"
18.220.183.151 - - [12/Mar/2020:05:05:44 +0100] "POST /xmlrpc.php HTTP/1.1" 200 401 "-" "Mozilla/5.0 (Windows NT 10.0; Win64; x64) AppleWebKit/537.36 (KHTML, like Gecko) Chrome/76.0.3809.132 Safari/537.36"
18.220.183.151 - - [12/Mar/2020:05:05:47 +0100] "POST /xmlrpc.php HTTP/1.1" 200 401 "-" "Mozilla/5.0 (Windows NT 10.0; Win64; x64) AppleWebKit/537.36 (KHTML, like Gecko) Chrome/76.0.3809.132 Safari/537.36"
18.220.183.151 - - [12/Mar/2020:05:05:49 +0100] "POST /xmlrpc.php HTTP/1.1" 200 401 "-" "Mozilla/5.0 (Windows NT 10.0; Win64; x64) AppleWebKit/537.36 (KHTML, like Gecko) Chrome/76.0.3809.132 Safari/537.36"
18.220.183.151 - - [12/Mar/2020:05:05:51 +0100] "POST /xmlrpc.php HTTP/1.1" 200 401 "-" "Mozilla/5.0 (Windows NT 10.0; Win64; x64) AppleWebKit/537.36 (KHTML, like Gecko) Chrome/76.0.3809.132 Safari/537.36"
18.220.183.151 - - [12/Mar/2020:05:05:51 +0100] "POST /xmlrpc.php HTTP/1.1" 200 401 "-" "Mozilla/5.0 (Windows NT 10.0; Win64; x64) AppleWebKit/537.36 (KHTML, like Gecko) Chrome/76.0.3809.132 Safari/537.36"
18.220.183.151 - - [12/Mar/2020:05:05:53 +0100] "POST /xmlrpc.php HTTP/1.1" 200 401 "-" "Mozilla/5.0 (Windows NT 10.0; Win64; x64) AppleWebKit/537.36 (KHTML, like Gecko) Chrome/76.0.3809.132 Safari/537.36"
18.220.183.151 - - [12/Mar/2020:05:05:54 +0100] "POST /xmlrpc.php HTTP/1.1" 200 401 "-" "Mozilla/5.0 (Windows NT 10.0; Win64; x64) AppleWebKit/537.36 (KHTML, like Gecko) Chrome/76.0.3809.132 Safari/537.36"
18.220.183.151 - - [12/Mar/2020:05:05:56 +0100] "POST /xmlrpc.php HTTP/1.1" 200 401 "-" "Mozilla/5.0 (Windows NT 10.0; Win64; x64) AppleWebKit/537.36 (KHTML, like Gecko) Chrome/76.0.3809.132 Safari/537.36"
18.220.183.151 - - [12/Mar/2020:05:05:57 +0100] "POST /xmlrpc.php HTTP/1.1" 200 401 "-" "Mozilla/5.0 (Windows NT 10.0; Win64; x64) AppleWebKit/537.36 (KHTML, like Gecko) Chrome/76.0.3809.132 Safari/537.36"
18.220.183.151 - - [12/Mar/2020:05:05:59 +0100] "POST /xmlrpc.php HTTP/1.1" 200 401 "-" "Mozilla/5.0 (Windows NT 10.0; Win64; x64) AppleWebKit/537.36 (KHTML, like Gecko) Chrome/76.0.3809.132 Safari/537.36"
18.220.183.151 - - [12/Mar/2020:05:06:01 +0100] "POST /xmlrpc.php HTTP/1.1" 200 401 "-" "Mozilla/5.0 (Windows NT 10.0; Win64; x64) AppleWebKit/537.36 (KHTML, like Gecko) Chrome/76.0.3809.132 Safari/537.36"
176.31.116.194 - - [12/Mar/2020:05:06:05 +0100] "POST /wp-cron.php?doing_wp_cron=1583985963.9141309261322021484375 HTTP/1.1" 200 - "http://megastore.7uptheme.net/wp-cron.php?doing_wp_cron=1583985963.9141309261322021484375" "WordPress/5.1.4; https://megastore.7uptheme.net"
18.220.183.151 - - [12/Mar/2020:05:06:03 +0100] "POST /xmlrpc.php HTTP/1.1" 200 401 "-" "Mozilla/5.0 (Windows NT 10.0; Win64; x64) AppleWebKit/537.36 (KHTML, like Gecko) Chrome/76.0.3809.132 Safari/537.36"
18.220.183.151 - - [12/Mar/2020:05:06:05 +0100] "POST /xmlrpc.php HTTP/1.1" 200 401 "-" "Mozilla/5.0 (Windows NT 10.0; Win64; x64) AppleWebKit/537.36 (KHTML, like Gecko) Chrome/76.0.3809.132 Safari/537.36"
18.220.183.151 - - [12/Mar/2020:05:06:07 +0100] "POST /xmlrpc.php HTTP/1.1" 200 401 "-" "Mozilla/5.0 (Windows NT 10.0; Win64; x64) AppleWebKit/537.36 (KHTML, like Gecko) Chrome/76.0.3809.132 Safari/537.36"
216.244.66.238 - - [12/Mar/2020:08:23:23 +0100] "GET /robots.txt HTTP/1.1" 200 49 "-" "Mozilla/5.0 (compatible; DotBot/1.1; http://www.opensiteexplorer.org/dotbot, help@moz.com)"
216.244.66.238 - - [12/Mar/2020:08:49:09 +0100] "GET /shop/?pa_size=s HTTP/1.1" 200 49 "-" "Mozilla/5.0 (compatible; DotBot/1.1; http://www.opensiteexplorer.org/dotbot, help@moz.com)"
31.13.115.7 - - [12/Mar/2020:09:14:11 +0100] "GET /about HTTP/1.1" 206 49 "-" "facebookexternalhit/1.1 (+http://www.facebook.com/externalhit_uatext.php)"
31.13.115.2 - - [12/Mar/2020:09:14:11 +0100] "GET /contact HTTP/1.1" 206 49 "-" "facebookexternalhit/1.1 (+http://www.facebook.com/externalhit_uatext.php)"
114.119.167.100 - - [12/Mar/2020:10:06:37 +0100] "GET /robots.txt HTTP/1.1" 200 49 "-" "Mozilla/5.0 (Linux; Android 7.0;) AppleWebKit/537.36 (KHTML, like Gecko) Mobile Safari/537.36 (compatible; AspiegelBot)"
138.197.167.250 - - [12/Mar/2020:10:19:13 +0100] "GET / HTTP/1.1" 200 49 "-" "python-requests/2.23.0"
207.46.13.144 - - [12/Mar/2020:10:30:47 +0100] "GET /robots.txt HTTP/1.1" 200 49 "-" "Mozilla/5.0 (compatible; bingbot/2.0; +http://www.bing.com/bingbot.htm)"
157.55.39.138 - - [12/Mar/2020:10:30:50 +0100] "GET /robots.txt HTTP/1.1" 200 49 "-" "msnbot/2.0b (+http://search.msn.com/msnbot.htm)"
54.207.33.42 - - [12/Mar/2020:12:58:29 +0100] "GET / HTTP/1.1" 200 49 "-" "Mozilla/5.0 (Windows NT 6.1; WOW64; Trident/7.0; rv:11.0) like Gecko"
62.210.168.187 - - [12/Mar/2020:15:19:22 +0100] "GET / HTTP/1.1" 200 49 "-" "python-requests/2.23.0"
157.55.39.138 - - [12/Mar/2020:15:31:34 +0100] "GET /robots.txt HTTP/1.1" 200 49 "-" "msnbot/2.0b (+http://search.msn.com/msnbot.htm)"
222.168.6.250 - - [12/Mar/2020:15:41:23 +0100] "GET / HTTP/1.1" 200 49 "-" "Mozilla/5.0 (Windows NT 6.1; rv:60.0) Gecko/20100101 Firefox/60.0"
40.77.167.85 - - [12/Mar/2020:16:01:44 +0100] "GET / HTTP/1.1" 200 49 "-" "Mozilla/5.0 (compatible; bingbot/2.0; +http://www.bing.com/bingbot.htm)"
40.77.167.97 - - [13/Mar/2020:05:18:14 +0100] "GET / HTTP/1.1" 200 49 "-" "Mozilla/5.0 (compatible; bingbot/2.0; +http://www.bing.com/bingbot.htm)"
157.55.39.138 - - [13/Mar/2020:06:30:16 +0100] "GET /robots.txt HTTP/1.1" 200 49 "-" "msnbot/2.0b (+http://search.msn.com/msnbot.htm)"
54.207.33.42 - - [13/Mar/2020:13:30:21 +0100] "GET / HTTP/1.1" 200 49 "-" "Mozilla/5.0 (Windows NT 6.1; WOW64; Trident/7.0; rv:11.0) like Gecko"
54.207.33.42 - - [13/Mar/2020:13:30:21 +0100] "GET / HTTP/1.1" 200 49 "-" "Mozilla/5.0 (Windows NT 6.1; WOW64; Trident/7.0; rv:11.0) like Gecko"
155.64.38.81 - - [13/Mar/2020:13:30:22 +0100] "GET / HTTP/1.1" 200 49 "-" "Mozilla/5.0 (Windows NT 6.1; WOW64; Trident/7.0; rv:11.0) like Gecko"
209.17.96.66 - - [13/Mar/2020:16:29:39 +0100] "GET / HTTP/1.1" 200 49 "-" "Mozilla/5.0 (compatible; Nimbostratus-Bot/v1.3.2; http://cloudsystemnetworks.com)"
157.55.39.235 - - [13/Mar/2020:16:58:49 +0100] "GET / HTTP/1.1" 200 49 "-" "Mozilla/5.0 (compatible; bingbot/2.0; +http://www.bing.com/bingbot.htm)"
51.255.109.160 - - [13/Mar/2020:17:24:56 +0100] "GET / HTTP/1.1" 200 49 "-" "Mozilla/5.0 (X11; Ubuntu; Linux x86_64; rv:58.0) Gecko/20100101 Firefox/58.0"
31.13.115.14 - - [13/Mar/2020:18:16:33 +0100] "GET /about HTTP/1.1" 206 49 "-" "facebookexternalhit/1.1 (+http://www.facebook.com/externalhit_uatext.php)"
31.13.115.3 - - [13/Mar/2020:18:16:34 +0100] "GET /contact HTTP/1.1" 206 49 "-" "facebookexternalhit/1.1 (+http://www.facebook.com/externalhit_uatext.php)"
216.244.66.238 - - [13/Mar/2020:23:09:00 +0100] "GET /robots.txt HTTP/1.1" 200 49 "-" "Mozilla/5.0 (compatible; DotBot/1.1; http://www.opensiteexplorer.org/dotbot, help@moz.com)"
216.244.66.238 - - [13/Mar/2020:23:09:56 +0100] "GET /shop/?number=24 HTTP/1.1" 200 49 "-" "Mozilla/5.0 (compatible; DotBot/1.1; http://www.opensiteexplorer.org/dotbot, help@moz.com)"
216.244.66.238 - - [13/Mar/2020:23:10:11 +0100] "GET /shop/?number=18 HTTP/1.1" 200 49 "-" "Mozilla/5.0 (compatible; DotBot/1.1; http://www.opensiteexplorer.org/dotbot, help@moz.com)"
222.223.41.92 - - [13/Mar/2020:23:40:30 +0100] "GET / HTTP/1.1" 200 49 "-" "Mozilla/5.0 (Windows NT 6.1; rv:60.0) Gecko/20100101 Firefox/60.0"
216.244.66.238 - - [14/Mar/2020:01:52:30 +0100] "GET /shop/?pa_size=m HTTP/1.1" 200 49 "-" "Mozilla/5.0 (compatible; DotBot/1.1; http://www.opensiteexplorer.org/dotbot, help@moz.com)"
66.249.76.81 - - [14/Mar/2020:05:24:10 +0100] "GET /robots.txt HTTP/1.1" 200 49 "-" "Mozilla/5.0 (compatible; Googlebot/2.1; +http://www.google.com/bot.html)"
66.249.76.79 - - [14/Mar/2020:05:24:10 +0100] "GET /egomkwmbo.html HTTP/1.1" 200 49 "-" "Mozilla/5.0 (compatible; Googlebot/2.1; +http://www.google.com/bot.html)"
157.55.39.235 - - [14/Mar/2020:05:46:28 +0100] "GET / HTTP/1.1" 200 49 "-" "Mozilla/5.0 (compatible; bingbot/2.0; +http://www.bing.com/bingbot.htm)"
175.165.228.254 - - [14/Mar/2020:10:14:45 +0100] "GET /robots.txt HTTP/1.1" 200 49 "-" "Mozilla/5.0 (Linux; Android 7.0; FRD-AL00 Build/HUAWEIFRD-AL00; wv) AppleWebKit/537.36 (KHTML, like Gecko) Version/4.0 Chrome/53.0.2785.49 Mobile MQQBrowser/6.2 TBS/043602 Safari/537.36 MicroMessenger/6.5.16.1120 NetType/WIFI Language/zh_CN"
114.119.167.237 - - [14/Mar/2020:10:27:25 +0100] "GET /robots.txt HTTP/1.1" 200 49 "-" "Mozilla/5.0 (Linux; Android 7.0;) AppleWebKit/537.36 (KHTML, like Gecko) Mobile Safari/537.36 (compatible; AspiegelBot)"
207.46.13.144 - - [14/Mar/2020:10:43:19 +0100] "GET /robots.txt HTTP/1.1" 200 49 "-" "Mozilla/5.0 (compatible; bingbot/2.0; +http://www.bing.com/bingbot.htm)"
157.55.39.138 - - [14/Mar/2020:10:43:24 +0100] "GET /robots.txt HTTP/1.1" 200 49 "-" "msnbot/2.0b (+http://search.msn.com/msnbot.htm)"
31.13.115.21 - - [14/Mar/2020:12:35:07 +0100] "GET /contact HTTP/1.1" 206 49 "-" "facebookexternalhit/1.1 (+http://www.facebook.com/externalhit_uatext.php)"
31.13.115.3 - - [14/Mar/2020:12:35:07 +0100] "GET /about HTTP/1.1" 206 49 "-" "facebookexternalhit/1.1 (+http://www.facebook.com/externalhit_uatext.php)"
50.87.248.20 - - [14/Mar/2020:14:08:07 +0100] "HEAD /wp-admin/ HTTP/1.1" 302 - "https://vshoped.com" "Mozilla/5.0 (Windows NT 10.0; Win64; x64) AppleWebKit/537.36 (KHTML, like Gecko) Chrome/70.0.3538.102 Safari/537.36"
176.31.116.194 - - [14/Mar/2020:14:08:11 +0100] "POST /wp-cron.php?doing_wp_cron=1584191289.8828699588775634765625 HTTP/1.1" 200 - "http://megastore.7uptheme.net/wp-cron.php?doing_wp_cron=1584191289.8828699588775634765625" "WordPress/5.1.4; https://megastore.7uptheme.net"
157.55.39.235 - - [14/Mar/2020:17:14:20 +0100] "GET / HTTP/1.1" 200 49 "-" "Mozilla/5.0 (compatible; bingbot/2.0; +http://www.bing.com/bingbot.htm)"
122.232.217.84 - - [14/Mar/2020:19:43:33 +0100] "GET /robots.txt HTTP/1.1" 200 49 "-" "Mozilla/5.0(Linux;U;Android 5.1.1;zh-CN;OPPO A33 Build/LMY47V) AppleWebKit/537.36(KHTML,like Gecko) Version/4.0 Chrome/40.0.2214.89 UCBrowser/11.7.0.953 Mobile Safari/537.36"
51.255.109.165 - - [15/Mar/2020:06:00:28 +0100] "GET / HTTP/1.1" 200 49 "-" "Mozilla/5.0 (X11; Ubuntu; Linux x86_64; rv:58.0) Gecko/20100101 Firefox/58.0"
157.55.39.235 - - [15/Mar/2020:06:25:36 +0100] "GET / HTTP/1.1" 200 49 "-" "Mozilla/5.0 (compatible; bingbot/2.0; +http://www.bing.com/bingbot.htm)"
43.252.244.187 - - [15/Mar/2020:07:30:04 +0100] "GET / HTTP/1.1" 200 49 "-" "Mozilla/5.0 (Windows NT 6.1; rv:60.0) Gecko/20100101 Firefox/60.0"
141.8.142.149 - - [15/Mar/2020:08:18:54 +0100] "GET /robots.txt HTTP/1.1" 200 49 "-" "Mozilla/5.0 (compatible; YandexBot/3.0; +http://yandex.com/bots)"
141.8.142.149 - - [15/Mar/2020:08:18:58 +0100] "GET / HTTP/1.1" 200 49 "-" "Mozilla/5.0 (compatible; YandexBot/3.0; +http://yandex.com/bots)"
167.86.89.169 - - [15/Mar/2020:10:09:50 +0100] "GET /wp-login.php HTTP/1.1" 302 - "-" "Mozilla/5.0 (X11; Ubuntu; Linux x86_64; rv:62.0) Gecko/20100101 Firefox/62.0"
167.86.89.169 - - [15/Mar/2020:10:09:58 +0100] "GET ///?author=1 HTTP/1.1" 200 49 "-" "Mozilla/5.0 (X11; Ubuntu; Linux x86_64; rv:62.0) Gecko/20100101 Firefox/62.0"
167.86.89.169 - - [15/Mar/2020:10:09:58 +0100] "GET ///wp-json/wp/v2/users/ HTTP/1.1" 200 49 "-" "Mozilla/5.0 (X11; Ubuntu; Linux x86_64; rv:62.0) Gecko/20100101 Firefox/62.0"
176.31.116.194 - - [15/Mar/2020:10:09:56 +0100] "POST /wp-cron.php?doing_wp_cron=1584263390.8651659488677978515625 HTTP/1.1" 200 - "http://megastore.7uptheme.net/wp-cron.php?doing_wp_cron=1584263390.8651659488677978515625" "WordPress/5.1.4; https://megastore.7uptheme.net"
157.55.39.138 - - [15/Mar/2020:10:54:01 +0100] "GET /robots.txt HTTP/1.1" 200 49 "-" "msnbot/2.0b (+http://search.msn.com/msnbot.htm)"
157.55.39.187 - - [15/Mar/2020:18:36:25 +0100] "GET / HTTP/1.1" 200 49 "-" "Mozilla/5.0 (compatible; bingbot/2.0; +http://www.bing.com/bingbot.htm)"
216.244.66.238 - - [16/Mar/2020:00:18:13 +0100] "GET /robots.txt HTTP/1.1" 200 49 "-" "Mozilla/5.0 (compatible; DotBot/1.1; http://www.opensiteexplorer.org/dotbot, help@moz.com)"
216.244.66.238 - - [16/Mar/2020:02:22:01 +0100] "GET /shop/?pa_size=l HTTP/1.1" 200 49 "-" "Mozilla/5.0 (compatible; DotBot/1.1; http://www.opensiteexplorer.org/dotbot, help@moz.com)"
216.244.66.238 - - [16/Mar/2020:05:46:21 +0100] "GET /shop/?number=12 HTTP/1.1" 200 49 "-" "Mozilla/5.0 (compatible; DotBot/1.1; http://www.opensiteexplorer.org/dotbot, help@moz.com)"
216.244.66.238 - - [16/Mar/2020:05:53:49 +0100] "GET /shop/?number=24&add-to-cart=188 HTTP/1.1" 200 49 "-" "Mozilla/5.0 (compatible; DotBot/1.1; http://www.opensiteexplorer.org/dotbot, help@moz.com)"
42.236.10.84 - - [16/Mar/2020:06:06:42 +0100] "GET / HTTP/1.1" 200 49 "http://baidu.com/" "Mozilla/5.0 (Linux; U; Android 8.1.0; zh-CN; EML-AL00 Build/HUAWEIEML-AL00) AppleWebKit/537.36 (KHTML, like Gecko) Version/4.0 Chrome/57.0.2987.108 baidu.sogo.uc.UCBrowser/11.9.4.974 UWS/2.13.1.48 Mobile Safari/537.36 AliApp(DingTalk/4.5.11) com.alibaba.android.rimet/10487439 Channel/227200 language/zh-CN"
42.236.10.117 - - [16/Mar/2020:06:06:53 +0100] "GET / HTTP/1.1" 200 49 "-" "Mozilla/5.0 (Linux; U; Android 8.1.0; zh-CN; EML-AL00 Build/HUAWEIEML-AL00) AppleWebKit/537.36 (KHTML, like Gecko) Version/4.0 Chrome/57.0.2987.108 baidu.sogo.uc.UCBrowser/11.9.4.974 UWS/2.13.1.48 Mobile Safari/537.36 AliApp(DingTalk/4.5.11) com.alibaba.android.rimet/10487439 Channel/227200 language/zh-CN"
42.236.10.114 - - [16/Mar/2020:06:07:16 +0100] "GET / HTTP/1.1" 200 49 "http://baidu.com/" "Mozilla/5.0 (Linux; U; Android 8.1.0; zh-CN; EML-AL00 Build/HUAWEIEML-AL00) AppleWebKit/537.36 (KHTML, like Gecko) Version/4.0 Chrome/57.0.2987.108 baidu.sogo.uc.UCBrowser/11.9.4.974 UWS/2.13.1.48 Mobile Safari/537.36 AliApp(DingTalk/4.5.11) com.alibaba.android.rimet/10487439 Channel/227200 language/zh-CN"
157.55.39.187 - - [16/Mar/2020:07:16:49 +0100] "GET / HTTP/1.1" 200 49 "-" "Mozilla/5.0 (compatible; bingbot/2.0; +http://www.bing.com/bingbot.htm)"
216.244.66.238 - - [16/Mar/2020:07:47:04 +0100] "GET /shop/?number=24&add-to-cart=100 HTTP/1.1" 200 49 "-" "Mozilla/5.0 (compatible; DotBot/1.1; http://www.opensiteexplorer.org/dotbot, help@moz.com)"
216.244.66.238 - - [16/Mar/2020:07:49:16 +0100] "GET /shop/?number=18&add-to-cart=198 HTTP/1.1" 200 49 "-" "Mozilla/5.0 (compatible; DotBot/1.1; http://www.opensiteexplorer.org/dotbot, help@moz.com)"
216.244.66.238 - - [16/Mar/2020:09:11:48 +0100] "GET /shop/?number=24&add-to-cart=103 HTTP/1.1" 200 49 "-" "Mozilla/5.0 (compatible; DotBot/1.1; http://www.opensiteexplorer.org/dotbot, help@moz.com)"
171.13.14.83 - - [16/Mar/2020:09:32:30 +0100] "GET / HTTP/1.1" 200 49 "-" "Mozilla/5.0 (Windows NT 10.0; Win64; x64) AppleWebKit/537.36 (KHTML, like Gecko) Chrome/78.0.3904.87 Safari/537.36"
3.0.163.208 - - [16/Mar/2020:09:53:40 +0100] "GET / HTTP/1.1" 200 49 "-" "Mozilla/5.0 (Windows NT 10.0; Win64; x64) AppleWebKit/537.36 (KHTML, like Gecko) Chrome/80.0.3987.132 Safari/537.36"
3.0.163.208 - - [16/Mar/2020:09:53:40 +0100] "GET / HTTP/1.1" 200 49 "-" "Mozilla/5.0 (Windows NT 10.0; Win64; x64) AppleWebKit/537.36 (KHTML, like Gecko) Chrome/80.0.3987.132 Safari/537.36"
216.244.66.238 - - [16/Mar/2020:10:32:35 +0100] "GET /shop/?number=24&add-to-cart=104 HTTP/1.1" 200 49 "-" "Mozilla/5.0 (compatible; DotBot/1.1; http://www.opensiteexplorer.org/dotbot, help@moz.com)"
216.244.66.238 - - [16/Mar/2020:11:11:42 +0100] "GET /shop/?number=24&add-to-cart=193 HTTP/1.1" 200 49 "-" "Mozilla/5.0 (compatible; DotBot/1.1; http://www.opensiteexplorer.org/dotbot, help@moz.com)"
114.119.160.45 - - [16/Mar/2020:11:22:37 +0100] "GET /robots.txt HTTP/1.1" 200 49 "-" "Mozilla/5.0 (Linux; Android 7.0;) AppleWebKit/537.36 (KHTML, like Gecko) Mobile Safari/537.36 (compatible; AspiegelBot)"
216.244.66.238 - - [16/Mar/2020:11:55:13 +0100] "GET /shop/?number=18&add-to-cart=183 HTTP/1.1" 200 49 "-" "Mozilla/5.0 (compatible; DotBot/1.1; http://www.opensiteexplorer.org/dotbot, help@moz.com)"
157.55.39.18 - - [16/Mar/2020:13:39:08 +0100] "GET /robots.txt HTTP/1.1" 200 49 "-" "Mozilla/5.0 (compatible; bingbot/2.0; +http://www.bing.com/bingbot.htm)"
157.55.39.138 - - [16/Mar/2020:13:39:14 +0100] "GET /robots.txt HTTP/1.1" 200 49 "-" "msnbot/2.0b (+http://search.msn.com/msnbot.htm)"
216.244.66.238 - - [16/Mar/2020:14:28:49 +0100] "GET /shop/?number=24&add_to_wishlist=195 HTTP/1.1" 200 49 "-" "Mozilla/5.0 (compatible; DotBot/1.1; http://www.opensiteexplorer.org/dotbot, help@moz.com)"
218.28.76.99 - - [16/Mar/2020:14:55:44 +0100] "GET / HTTP/1.1" 200 49 "-" "Mozilla/5.0 (Windows NT 6.1; rv:60.0) Gecko/20100101 Firefox/60.0"
14.161.22.104 - - [16/Mar/2020:14:56:25 +0100] "GET / HTTP/1.1" 200 49 "-" "Mozilla/5.0 (Windows NT 6.1; rv:60.0) Gecko/20100101 Firefox/60.0"
222.101.93.2 - - [16/Mar/2020:14:56:37 +0100] "GET / HTTP/1.1" 200 49 "-" "Mozilla/5.0 (Windows NT 6.1; rv:60.0) Gecko/20100101 Firefox/60.0"
216.244.66.238 - - [16/Mar/2020:15:08:16 +0100] "GET /shop/?number=24&add-to-cart=196 HTTP/1.1" 200 49 "-" "Mozilla/5.0 (compatible; DotBot/1.1; http://www.opensiteexplorer.org/dotbot, help@moz.com)"
216.244.66.238 - - [16/Mar/2020:15:49:01 +0100] "GET /shop/?number=24&add_to_wishlist=104 HTTP/1.1" 200 49 "-" "Mozilla/5.0 (compatible; DotBot/1.1; http://www.opensiteexplorer.org/dotbot, help@moz.com)"
216.244.66.238 - - [16/Mar/2020:15:49:28 +0100] "GET /shop/?number=18&add_to_wishlist=100 HTTP/1.1" 200 49 "-" "Mozilla/5.0 (compatible; DotBot/1.1; http://www.opensiteexplorer.org/dotbot, help@moz.com)"
54.207.33.42 - - [16/Mar/2020:16:58:13 +0100] "GET / HTTP/1.1" 200 49 "-" "Mozilla/5.0 (Windows NT 6.1; WOW64; Trident/7.0; rv:11.0) like Gecko"
54.207.33.42 - - [16/Mar/2020:16:58:13 +0100] "GET / HTTP/1.1" 200 49 "-" "Mozilla/5.0 (Windows NT 6.1; WOW64; Trident/7.0; rv:11.0) like Gecko"
216.244.66.238 - - [16/Mar/2020:17:50:18 +0100] "GET /shop/?number=24&add_to_wishlist=186 HTTP/1.1" 200 49 "-" "Mozilla/5.0 (compatible; DotBot/1.1; http://www.opensiteexplorer.org/dotbot, help@moz.com)"
216.244.66.238 - - [16/Mar/2020:17:50:47 +0100] "GET /shop/?number=18&add-to-cart=193 HTTP/1.1" 200 49 "-" "Mozilla/5.0 (compatible; DotBot/1.1; http://www.opensiteexplorer.org/dotbot, help@moz.com)"
125.74.63.37 - - [16/Mar/2020:18:30:32 +0100] "GET / HTTP/1.1" 200 49 "-" "Mozilla/5.0 (iPhone; CPU iPhone OS 11_0 like Mac OS X) AppleWebKit/604.1.38 (KHTML, like Gecko) Version/11.0 Mobile/15A372 Safari/604.1"
216.244.66.238 - - [16/Mar/2020:18:30:52 +0100] "GET /shop/?number=24&add-to-cart=107 HTTP/1.1" 200 49 "-" "Mozilla/5.0 (compatible; DotBot/1.1; http://www.opensiteexplorer.org/dotbot, help@moz.com)"
216.244.66.238 - - [16/Mar/2020:19:12:58 +0100] "GET /shop/?number=24&add_to_wishlist=103 HTTP/1.1" 200 49 "-" "Mozilla/5.0 (compatible; DotBot/1.1; http://www.opensiteexplorer.org/dotbot, help@moz.com)"
216.244.66.238 - - [16/Mar/2020:19:17:50 +0100] "GET /shop/?pa_size=m&number=48 HTTP/1.1" 200 49 "-" "Mozilla/5.0 (compatible; DotBot/1.1; http://www.opensiteexplorer.org/dotbot, help@moz.com)"
216.244.66.238 - - [16/Mar/2020:20:06:58 +0100] "GET /shop/?pa_size=m&add_to_wishlist=339 HTTP/1.1" 200 49 "-" "Mozilla/5.0 (compatible; DotBot/1.1; http://www.opensiteexplorer.org/dotbot, help@moz.com)"
207.46.13.173 - - [16/Mar/2020:21:00:56 +0100] "GET / HTTP/1.1" 200 49 "-" "Mozilla/5.0 (compatible; bingbot/2.0; +http://www.bing.com/bingbot.htm)"
216.244.66.238 - - [16/Mar/2020:21:10:09 +0100] "GET /shop/?number=18&add_to_wishlist=192 HTTP/1.1" 200 49 "-" "Mozilla/5.0 (compatible; DotBot/1.1; http://www.opensiteexplorer.org/dotbot, help@moz.com)"
216.244.66.238 - - [16/Mar/2020:22:32:47 +0100] "GET /shop/?number=18&add_to_wishlist=107 HTTP/1.1" 200 49 "-" "Mozilla/5.0 (compatible; DotBot/1.1; http://www.opensiteexplorer.org/dotbot, help@moz.com)"
216.244.66.238 - - [16/Mar/2020:23:14:38 +0100] "GET /shop/?number=18&add-to-cart=333 HTTP/1.1" 200 49 "-" "Mozilla/5.0 (compatible; DotBot/1.1; http://www.opensiteexplorer.org/dotbot, help@moz.com)"
216.244.66.238 - - [17/Mar/2020:00:05:32 +0100] "GET /shop/?pa_size=m&add_to_wishlist=335 HTTP/1.1" 200 49 "-" "Mozilla/5.0 (compatible; DotBot/1.1; http://www.opensiteexplorer.org/dotbot, help@moz.com)"
216.244.66.238 - - [17/Mar/2020:00:25:15 +0100] "GET /robots.txt HTTP/1.1" 200 49 "-" "Mozilla/5.0 (compatible; DotBot/1.1; http://www.opensiteexplorer.org/dotbot, help@moz.com)"
216.244.66.238 - - [17/Mar/2020:00:36:37 +0100] "GET /shop/?number=24&add_to_wishlist=184 HTTP/1.1" 200 49 "-" "Mozilla/5.0 (compatible; DotBot/1.1; http://www.opensiteexplorer.org/dotbot, help@moz.com)"
216.244.66.238 - - [17/Mar/2020:00:37:06 +0100] "GET /shop/?number=18&add_to_wishlist=183 HTTP/1.1" 200 49 "-" "Mozilla/5.0 (compatible; DotBot/1.1; http://www.opensiteexplorer.org/dotbot, help@moz.com)"
216.244.66.238 - - [17/Mar/2020:00:39:21 +0100] "GET /shop/?pa_size=m&number=9 HTTP/1.1" 200 49 "-" "Mozilla/5.0 (compatible; DotBot/1.1; http://www.opensiteexplorer.org/dotbot, help@moz.com)"
216.244.66.238 - - [17/Mar/2020:02:43:56 +0100] "GET /shop/?number=24&add-to-cart=185 HTTP/1.1" 200 49 "-" "Mozilla/5.0 (compatible; DotBot/1.1; http://www.opensiteexplorer.org/dotbot, help@moz.com)"
216.244.66.238 - - [17/Mar/2020:05:20:00 +0100] "GET /shop/?number=24&add_to_wishlist=191 HTTP/1.1" 200 49 "-" "Mozilla/5.0 (compatible; DotBot/1.1; http://www.opensiteexplorer.org/dotbot, help@moz.com)"
216.244.66.238 - - [17/Mar/2020:05:21:12 +0100] "GET /shop/?number=18&add-to-cart=107 HTTP/1.1" 200 49 "-" "Mozilla/5.0 (compatible; DotBot/1.1; http://www.opensiteexplorer.org/dotbot, help@moz.com)"
216.244.66.238 - - [17/Mar/2020:06:02:44 +0100] "GET /shop/?number=24&add-to-cart=186 HTTP/1.1" 200 49 "-" "Mozilla/5.0 (compatible; DotBot/1.1; http://www.opensiteexplorer.org/dotbot, help@moz.com)"
216.244.66.238 - - [17/Mar/2020:06:03:13 +0100] "GET /shop/?number=24&add_to_wishlist=182 HTTP/1.1" 200 49 "-" "Mozilla/5.0 (compatible; DotBot/1.1; http://www.opensiteexplorer.org/dotbot, help@moz.com)"
216.244.66.238 - - [17/Mar/2020:06:13:12 +0100] "GET /shop/?pa_size=m&number=18 HTTP/1.1" 200 49 "-" "Mozilla/5.0 (compatible; DotBot/1.1; http://www.opensiteexplorer.org/dotbot, help@moz.com)"
216.244.66.238 - - [17/Mar/2020:06:42:55 +0100] "GET /shop/page/3/?number=18 HTTP/1.1" 200 49 "-" "Mozilla/5.0 (compatible; DotBot/1.1; http://www.opensiteexplorer.org/dotbot, help@moz.com)"
216.244.66.238 - - [17/Mar/2020:07:26:21 +0100] "GET /shop/?number=18&add-to-cart=190 HTTP/1.1" 200 49 "-" "Mozilla/5.0 (compatible; DotBot/1.1; http://www.opensiteexplorer.org/dotbot, help@moz.com)"
216.244.66.238 - - [17/Mar/2020:07:26:50 +0100] "GET /shop/?number=18&add-to-cart=191 HTTP/1.1" 200 49 "-" "Mozilla/5.0 (compatible; DotBot/1.1; http://www.opensiteexplorer.org/dotbot, help@moz.com)"
216.244.66.238 - - [17/Mar/2020:08:07:55 +0100] "GET /shop/?number=18&add-to-cart=334 HTTP/1.1" 200 49 "-" "Mozilla/5.0 (compatible; DotBot/1.1; http://www.opensiteexplorer.org/dotbot, help@moz.com)"
216.244.66.238 - - [17/Mar/2020:08:24:41 +0100] "GET /shop/?number=18&type=list HTTP/1.1" 200 49 "-" "Mozilla/5.0 (compatible; DotBot/1.1; http://www.opensiteexplorer.org/dotbot, help@moz.com)"
157.55.39.138 - - [17/Mar/2020:08:43:00 +0100] "GET /robots.txt HTTP/1.1" 200 49 "-" "msnbot/2.0b (+http://search.msn.com/msnbot.htm)"
216.244.66.238 - - [17/Mar/2020:08:46:55 +0100] "GET /shop/?number=18&add_to_wishlist=193 HTTP/1.1" 200 49 "-" "Mozilla/5.0 (compatible; DotBot/1.1; http://www.opensiteexplorer.org/dotbot, help@moz.com)"
216.244.66.238 - - [17/Mar/2020:09:25:59 +0100] "GET /shop/page/2/?number=24 HTTP/1.1" 200 49 "-" "Mozilla/5.0 (compatible; DotBot/1.1; http://www.opensiteexplorer.org/dotbot, help@moz.com)"
216.244.66.238 - - [17/Mar/2020:09:29:04 +0100] "GET /shop/?number=24&add_to_wishlist=339 HTTP/1.1" 200 49 "-" "Mozilla/5.0 (compatible; DotBot/1.1; http://www.opensiteexplorer.org/dotbot, help@moz.com)"
207.46.13.173 - - [17/Mar/2020:09:35:49 +0100] "GET / HTTP/1.1" 200 49 "-" "Mozilla/5.0 (compatible; bingbot/2.0; +http://www.bing.com/bingbot.htm)"
216.244.66.238 - - [17/Mar/2020:10:23:47 +0100] "GET /shop/?number=18&add_to_wishlist=104 HTTP/1.1" 200 49 "-" "Mozilla/5.0 (compatible; DotBot/1.1; http://www.opensiteexplorer.org/dotbot, help@moz.com)"
216.244.66.238 - - [17/Mar/2020:11:23:45 +0100] "GET /shop/?number=18&add_to_wishlist=334 HTTP/1.1" 200 49 "-" "Mozilla/5.0 (compatible; DotBot/1.1; http://www.opensiteexplorer.org/dotbot, help@moz.com)"
180.163.220.66 - - [17/Mar/2020:11:28:48 +0100] "GET / HTTP/1.1" 200 49 "http://baidu.com/" "Mozilla/5.0 (Linux; U; Android 8.1.0; zh-CN; EML-AL00 Build/HUAWEIEML-AL00) AppleWebKit/537.36 (KHTML, like Gecko) Version/4.0 Chrome/57.0.2987.108 baidu.sogo.uc.UCBrowser/11.9.4.974 UWS/2.13.1.48 Mobile Safari/537.36 AliApp(DingTalk/4.5.11) com.alibaba.android.rimet/10487439 Channel/227200 language/zh-CN"
42.236.10.78 - - [17/Mar/2020:11:29:09 +0100] "GET / HTTP/1.1" 200 49 "http://baidu.com/" "Mozilla/5.0 (Linux; U; Android 8.1.0; zh-CN; EML-AL00 Build/HUAWEIEML-AL00) AppleWebKit/537.36 (KHTML, like Gecko) Version/4.0 Chrome/57.0.2987.108 baidu.sogo.uc.UCBrowser/11.9.4.974 UWS/2.13.1.48 Mobile Safari/537.36 AliApp(DingTalk/4.5.11) com.alibaba.android.rimet/10487439 Channel/227200 language/zh-CN"
125.123.139.71 - - [17/Mar/2020:11:51:42 +0100] "GET /robots.txt HTTP/1.1" 200 49 "-" "Mozilla/5.0(Linux;Android 5.1.1;OPPO A33 Build/LMY47V;wv) AppleWebKit/537.36(KHTML,link Gecko) Version/4.0 Chrome/42.0.2311.138 Mobile Safari/537.36 Mb2345Browser/9.0"
216.244.66.238 - - [17/Mar/2020:12:47:03 +0100] "GET /shop/?number=24&add-to-cart=329 HTTP/1.1" 200 49 "-" "Mozilla/5.0 (compatible; DotBot/1.1; http://www.opensiteexplorer.org/dotbot, help@moz.com)"
216.244.66.238 - - [17/Mar/2020:12:48:06 +0100] "GET /shop/?number=18&add-to-cart=329 HTTP/1.1" 200 49 "-" "Mozilla/5.0 (compatible; DotBot/1.1; http://www.opensiteexplorer.org/dotbot, help@moz.com)"
216.244.66.238 - - [17/Mar/2020:16:00:15 +0100] "GET /shop/?number=24&add-to-cart=195 HTTP/1.1" 200 49 "-" "Mozilla/5.0 (compatible; DotBot/1.1; http://www.opensiteexplorer.org/dotbot, help@moz.com)"
50.87.248.20 - - [17/Mar/2020:18:27:12 +0100] "HEAD /wp-admin/ HTTP/1.1" 302 - "https://vshoped.com" "Mozilla/5.0 (Windows NT 10.0; Win64; x64) AppleWebKit/537.36 (KHTML, like Gecko) Chrome/70.0.3538.102 Safari/537.36"
176.31.116.194 - - [17/Mar/2020:18:27:19 +0100] "POST /wp-cron.php?doing_wp_cron=1584466039.6576020717620849609375 HTTP/1.1" 200 - "http://megastore.7uptheme.net/wp-cron.php?doing_wp_cron=1584466039.6576020717620849609375" "WordPress/5.1.4; https://megastore.7uptheme.net"
216.244.66.238 - - [17/Mar/2020:18:37:56 +0100] "GET /shop/page/2/?number=18 HTTP/1.1" 200 49 "-" "Mozilla/5.0 (compatible; DotBot/1.1; http://www.opensiteexplorer.org/dotbot, help@moz.com)"
216.244.66.238 - - [17/Mar/2020:20:00:35 +0100] "GET /shop/?number=24&add-to-cart=96 HTTP/1.1" 200 49 "-" "Mozilla/5.0 (compatible; DotBot/1.1; http://www.opensiteexplorer.org/dotbot, help@moz.com)"
216.244.66.238 - - [17/Mar/2020:21:22:04 +0100] "GET /shop/?number=24&add_to_wishlist=106 HTTP/1.1" 200 49 "-" "Mozilla/5.0 (compatible; DotBot/1.1; http://www.opensiteexplorer.org/dotbot, help@moz.com)"
216.244.66.238 - - [17/Mar/2020:22:02:10 +0100] "GET /shop/?number=24&add_to_wishlist=190 HTTP/1.1" 200 49 "-" "Mozilla/5.0 (compatible; DotBot/1.1; http://www.opensiteexplorer.org/dotbot, help@moz.com)"
157.55.39.138 - - [17/Mar/2020:22:33:43 +0100] "GET /robots.txt HTTP/1.1" 200 49 "-" "msnbot/2.0b (+http://search.msn.com/msnbot.htm)"
216.244.66.238 - - [17/Mar/2020:22:44:51 +0100] "GET /shop/?number=24&add_to_wishlist=334 HTTP/1.1" 200 49 "-" "Mozilla/5.0 (compatible; DotBot/1.1; http://www.opensiteexplorer.org/dotbot, help@moz.com)"
216.244.66.238 - - [17/Mar/2020:22:45:33 +0100] "GET /shop/?number=18&add_to_wishlist=190 HTTP/1.1" 200 49 "-" "Mozilla/5.0 (compatible; DotBot/1.1; http://www.opensiteexplorer.org/dotbot, help@moz.com)"
216.244.66.238 - - [17/Mar/2020:23:25:12 +0100] "GET /shop/?number=24&add_to_wishlist=100 HTTP/1.1" 200 49 "-" "Mozilla/5.0 (compatible; DotBot/1.1; http://www.opensiteexplorer.org/dotbot, help@moz.com)"
207.46.13.70 - - [17/Mar/2020:23:28:48 +0100] "GET / HTTP/1.1" 200 49 "-" "Mozilla/5.0 (compatible; bingbot/2.0; +http://www.bing.com/bingbot.htm)"
216.244.66.238 - - [18/Mar/2020:00:17:01 +0100] "GET /shop/?number=18&add-to-cart=192 HTTP/1.1" 200 49 "-" "Mozilla/5.0 (compatible; DotBot/1.1; http://www.opensiteexplorer.org/dotbot, help@moz.com)"
157.55.39.29 - - [18/Mar/2020:00:43:21 +0100] "GET /robots.txt HTTP/1.1" 200 49 "-" "Mozilla/5.0 (compatible; bingbot/2.0; +http://www.bing.com/bingbot.htm)"
216.244.66.238 - - [18/Mar/2020:01:11:27 +0100] "GET /robots.txt HTTP/1.1" 200 49 "-" "Mozilla/5.0 (compatible; DotBot/1.1; http://www.opensiteexplorer.org/dotbot, help@moz.com)"
216.244.66.238 - - [18/Mar/2020:01:16:42 +0100] "GET /shop/?number=18&add-to-cart=186 HTTP/1.1" 200 49 "-" "Mozilla/5.0 (compatible; DotBot/1.1; http://www.opensiteexplorer.org/dotbot, help@moz.com)"
216.244.66.238 - - [18/Mar/2020:01:17:11 +0100] "GET /shop/?number=18&add_to_wishlist=103 HTTP/1.1" 200 49 "-" "Mozilla/5.0 (compatible; DotBot/1.1; http://www.opensiteexplorer.org/dotbot, help@moz.com)"
216.244.66.238 - - [18/Mar/2020:01:59:00 +0100] "GET /shop/?number=24&add-to-cart=182 HTTP/1.1" 200 49 "-" "Mozilla/5.0 (compatible; DotBot/1.1; http://www.opensiteexplorer.org/dotbot, help@moz.com)"
216.244.66.238 - - [18/Mar/2020:03:20:17 +0100] "GET /shop/?number=24&add-to-cart=332 HTTP/1.1" 200 49 "-" "Mozilla/5.0 (compatible; DotBot/1.1; http://www.opensiteexplorer.org/dotbot, help@moz.com)"
216.244.66.238 - - [18/Mar/2020:03:20:46 +0100] "GET /shop/?number=18&add_to_wishlist=96 HTTP/1.1" 200 49 "-" "Mozilla/5.0 (compatible; DotBot/1.1; http://www.opensiteexplorer.org/dotbot, help@moz.com)"
216.244.66.238 - - [18/Mar/2020:04:47:42 +0100] "GET /shop/?number=24&add_to_wishlist=192 HTTP/1.1" 200 49 "-" "Mozilla/5.0 (compatible; DotBot/1.1; http://www.opensiteexplorer.org/dotbot, help@moz.com)"
216.244.66.238 - - [18/Mar/2020:04:50:15 +0100] "GET /shop/?number=18&add-to-cart=332 HTTP/1.1" 200 49 "-" "Mozilla/5.0 (compatible; DotBot/1.1; http://www.opensiteexplorer.org/dotbot, help@moz.com)"
216.244.66.238 - - [18/Mar/2020:06:55:10 +0100] "GET /shop/page/2/?number=6 HTTP/1.1" 200 49 "-" "Mozilla/5.0 (compatible; DotBot/1.1; http://www.opensiteexplorer.org/dotbot, help@moz.com)"
216.244.66.238 - - [18/Mar/2020:07:29:08 +0100] "GET /shop/?number=18&add-to-cart=188 HTTP/1.1" 200 49 "-" "Mozilla/5.0 (compatible; DotBot/1.1; http://www.opensiteexplorer.org/dotbot, help@moz.com)"
216.244.66.238 - - [18/Mar/2020:08:09:43 +0100] "GET /shop/?number=24&add-to-cart=184 HTTP/1.1" 200 49 "-" "Mozilla/5.0 (compatible; DotBot/1.1; http://www.opensiteexplorer.org/dotbot, help@moz.com)"
216.244.66.238 - - [18/Mar/2020:08:10:12 +0100] "GET /shop/?number=24&add_to_wishlist=196 HTTP/1.1" 200 49 "-" "Mozilla/5.0 (compatible; DotBot/1.1; http://www.opensiteexplorer.org/dotbot, help@moz.com)"
216.244.66.238 - - [18/Mar/2020:08:22:46 +0100] "GET /shop/?pa_size=m&number=6 HTTP/1.1" 200 49 "-" "Mozilla/5.0 (compatible; DotBot/1.1; http://www.opensiteexplorer.org/dotbot, help@moz.com)"
216.244.66.238 - - [18/Mar/2020:08:24:06 +0100] "GET /shop/?pa_size=m&number=24 HTTP/1.1" 200 49 "-" "Mozilla/5.0 (compatible; DotBot/1.1; http://www.opensiteexplorer.org/dotbot, help@moz.com)"
216.244.66.238 - - [18/Mar/2020:08:50:33 +0100] "GET /shop/?type=grid HTTP/1.1" 200 49 "-" "Mozilla/5.0 (compatible; DotBot/1.1; http://www.opensiteexplorer.org/dotbot, help@moz.com)"
216.244.66.238 - - [18/Mar/2020:09:00:35 +0100] "GET /shop/?number=24&add-to-cart=190 HTTP/1.1" 200 49 "-" "Mozilla/5.0 (compatible; DotBot/1.1; http://www.opensiteexplorer.org/dotbot, help@moz.com)"
216.244.66.238 - - [18/Mar/2020:09:01:00 +0100] "GET /shop/?number=24&add_to_wishlist=335 HTTP/1.1" 200 49 "-" "Mozilla/5.0 (compatible; DotBot/1.1; http://www.opensiteexplorer.org/dotbot, help@moz.com)"
216.244.66.238 - - [18/Mar/2020:09:11:57 +0100] "GET /shop/?pa_size=m&number=12 HTTP/1.1" 200 49 "-" "Mozilla/5.0 (compatible; DotBot/1.1; http://www.opensiteexplorer.org/dotbot, help@moz.com)"
216.244.66.238 - - [18/Mar/2020:10:02:39 +0100] "GET /shop/?number=24&add_to_wishlist=96 HTTP/1.1" 200 49 "-" "Mozilla/5.0 (compatible; DotBot/1.1; http://www.opensiteexplorer.org/dotbot, help@moz.com)"
216.244.66.238 - - [18/Mar/2020:10:03:09 +0100] "GET /shop/?number=18&add_to_wishlist=329 HTTP/1.1" 200 49 "-" "Mozilla/5.0 (compatible; DotBot/1.1; http://www.opensiteexplorer.org/dotbot, help@moz.com)"
216.244.66.238 - - [18/Mar/2020:10:44:16 +0100] "GET /shop/?number=18&add-to-cart=185 HTTP/1.1" 200 49 "-" "Mozilla/5.0 (compatible; DotBot/1.1; http://www.opensiteexplorer.org/dotbot, help@moz.com)"
216.244.66.238 - - [18/Mar/2020:10:44:45 +0100] "GET /shop/?number=18&add_to_wishlist=186 HTTP/1.1" 200 49 "-" "Mozilla/5.0 (compatible; DotBot/1.1; http://www.opensiteexplorer.org/dotbot, help@moz.com)"
207.46.13.70 - - [18/Mar/2020:12:01:13 +0100] "GET / HTTP/1.1" 200 49 "-" "Mozilla/5.0 (compatible; bingbot/2.0; +http://www.bing.com/bingbot.htm)"
216.244.66.238 - - [18/Mar/2020:12:08:16 +0100] "GET /shop/?number=24&add-to-cart=183 HTTP/1.1" 200 49 "-" "Mozilla/5.0 (compatible; DotBot/1.1; http://www.opensiteexplorer.org/dotbot, help@moz.com)"
216.244.66.238 - - [18/Mar/2020:12:08:21 +0100] "GET /shop/?number=24&add_to_wishlist=185 HTTP/1.1" 200 49 "-" "Mozilla/5.0 (compatible; DotBot/1.1; http://www.opensiteexplorer.org/dotbot, help@moz.com)"
216.244.66.238 - - [18/Mar/2020:13:13:53 +0100] "GET /shop/?number=24&add_to_wishlist=333 HTTP/1.1" 200 49 "-" "Mozilla/5.0 (compatible; DotBot/1.1; http://www.opensiteexplorer.org/dotbot, help@moz.com)"
216.244.66.238 - - [18/Mar/2020:14:02:45 +0100] "GET /shop/?number=18&add-to-cart=103 HTTP/1.1" 200 49 "-" "Mozilla/5.0 (compatible; DotBot/1.1; http://www.opensiteexplorer.org/dotbot, help@moz.com)"
216.244.66.238 - - [18/Mar/2020:14:43:05 +0100] "GET /shop/?number=24&add_to_wishlist=193 HTTP/1.1" 200 49 "-" "Mozilla/5.0 (compatible; DotBot/1.1; http://www.opensiteexplorer.org/dotbot, help@moz.com)"
216.244.66.238 - - [18/Mar/2020:14:43:30 +0100] "GET /shop/?number=18&add_to_wishlist=185 HTTP/1.1" 200 49 "-" "Mozilla/5.0 (compatible; DotBot/1.1; http://www.opensiteexplorer.org/dotbot, help@moz.com)"
216.244.66.238 - - [18/Mar/2020:14:43:34 +0100] "GET /shop/?number=18&add_to_wishlist=188 HTTP/1.1" 200 49 "-" "Mozilla/5.0 (compatible; DotBot/1.1; http://www.opensiteexplorer.org/dotbot, help@moz.com)"
157.55.39.29 - - [18/Mar/2020:15:24:19 +0100] "GET /robots.txt HTTP/1.1" 200 49 "-" "Mozilla/5.0 (compatible; bingbot/2.0; +http://www.bing.com/bingbot.htm)"
216.244.66.238 - - [18/Mar/2020:15:25:37 +0100] "GET /shop/?number=24&add-to-cart=191 HTTP/1.1" 200 49 "-" "Mozilla/5.0 (compatible; DotBot/1.1; http://www.opensiteexplorer.org/dotbot, help@moz.com)"
216.244.66.238 - - [18/Mar/2020:15:26:07 +0100] "GET /shop/?number=24&add-to-cart=333 HTTP/1.1" 200 49 "-" "Mozilla/5.0 (compatible; DotBot/1.1; http://www.opensiteexplorer.org/dotbot, help@moz.com)"
216.244.66.238 - - [18/Mar/2020:15:26:37 +0100] "GET /shop/?number=24&add-to-cart=334 HTTP/1.1" 200 49 "-" "Mozilla/5.0 (compatible; DotBot/1.1; http://www.opensiteexplorer.org/dotbot, help@moz.com)"
216.244.66.238 - - [18/Mar/2020:15:27:55 +0100] "GET /shop/?number=18&add_to_wishlist=335 HTTP/1.1" 200 49 "-" "Mozilla/5.0 (compatible; DotBot/1.1; http://www.opensiteexplorer.org/dotbot, help@moz.com)"
216.244.66.238 - - [18/Mar/2020:16:05:45 +0100] "GET /shop/?number=24&add_to_wishlist=188 HTTP/1.1" 200 49 "-" "Mozilla/5.0 (compatible; DotBot/1.1; http://www.opensiteexplorer.org/dotbot, help@moz.com)"
216.244.66.238 - - [18/Mar/2020:16:46:32 +0100] "GET /shop/?number=24&add-to-cart=106 HTTP/1.1" 200 49 "-" "Mozilla/5.0 (compatible; DotBot/1.1; http://www.opensiteexplorer.org/dotbot, help@moz.com)"
216.244.66.238 - - [18/Mar/2020:17:26:47 +0100] "GET /shop/?number=18&add-to-cart=104 HTTP/1.1" 200 49 "-" "Mozilla/5.0 (compatible; DotBot/1.1; http://www.opensiteexplorer.org/dotbot, help@moz.com)"
216.244.66.238 - - [18/Mar/2020:19:17:57 +0100] "GET /shop/?number=24&add_to_wishlist=329 HTTP/1.1" 200 49 "-" "Mozilla/5.0 (compatible; DotBot/1.1; http://www.opensiteexplorer.org/dotbot, help@moz.com)"
216.244.66.238 - - [18/Mar/2020:19:18:12 +0100] "GET /shop/?number=18&add_to_wishlist=198 HTTP/1.1" 200 49 "-" "Mozilla/5.0 (compatible; DotBot/1.1; http://www.opensiteexplorer.org/dotbot, help@moz.com)"
216.244.66.238 - - [18/Mar/2020:19:18:16 +0100] "GET /shop/?number=18&add_to_wishlist=332 HTTP/1.1" 200 49 "-" "Mozilla/5.0 (compatible; DotBot/1.1; http://www.opensiteexplorer.org/dotbot, help@moz.com)"
216.244.66.238 - - [18/Mar/2020:21:22:31 +0100] "GET /shop/?pa_color=red HTTP/1.1" 200 49 "-" "Mozilla/5.0 (compatible; DotBot/1.1; http://www.opensiteexplorer.org/dotbot, help@moz.com)"
216.244.66.238 - - [18/Mar/2020:21:29:21 +0100] "GET /shop/?number=18&add_to_wishlist=339 HTTP/1.1" 200 49 "-" "Mozilla/5.0 (compatible; DotBot/1.1; http://www.opensiteexplorer.org/dotbot, help@moz.com)"
216.244.66.238 - - [18/Mar/2020:22:08:29 +0100] "GET /shop/?number=24&add-to-cart=335 HTTP/1.1" 200 49 "-" "Mozilla/5.0 (compatible; DotBot/1.1; http://www.opensiteexplorer.org/dotbot, help@moz.com)"
209.17.97.42 - - [18/Mar/2020:22:09:03 +0100] "GET / HTTP/1.1" 200 49 "-" "Mozilla/5.0 (compatible; Nimbostratus-Bot/v1.3.2; http://cloudsystemnetworks.com)"
